000
CXUS53 KMPX 231000
CF6STP
PRELIMINARY LOCAL CLIMATOLOGICAL DATA (WS FORM: F-6)

                                          STATION:   ST PAUL MN
                                          MONTH:     NOVEMBER
                                          YEAR:      2017
                                          LATITUDE:   44 55 N
                                          LONGITUDE:  93  4 W

  TEMPERATURE IN F:       :PCPN:    SNOW:  WIND      :SUNSHINE: SKY     :PK WND
================================================================================
1   2   3   4   5  6A  6B    7    8   9   10  11  12  13   14  15   16   17  18
                                     12Z  AVG MX 2MIN
DY MAX MIN AVG DEP HDD CDD  WTR  SNW DPTH SPD SPD DIR MIN PSBL S-S WX    SPD DR
================================================================================

 1  36  25  31 -12  34   0    M    M    M 10.2 21 150   M    M   9 1      25 150
 2  40  33  37  -5  28   0    M    M    M  8.2 18 320   M    M   9 1      28 300
 3  34  26  30 -12  35   0    M    M    M  5.4 12 340   M    M   6 1      14 350
 4  42  34  38  -3  27   0    M    M    M  7.0 16 150   M    M  10 1      20 140
 5  43  24  34  -7  31   0    M    M    M 13.1 22 320   M    M  10 1      27 300
 6  33  20  27 -13  38   0    M    M    M  4.2 10 320   M    M   3        13 320
 7  36  27  32  -8  33   0    M    M    M  8.1 13 260   M    M   5        20 230
 8  41  26  34  -5  31   0    M    M    M  5.7 18 340   M    M   3        22 340
 9  30  12  21 -17  44   0    M    M    M 15.5 28 300   M    M   3        34 300
10  26  10  18 -20  47   0    M    M    M 11.8 23 140   M    M   5 1      29 150
11  44  25  35  -2  30   0    M    M    M  6.3 16 160   M    M   5 1      21 190
12  36  22  29  -8  36   0    M    M    M  4.4 13 350   M    M   2 1      16 330
13  45  24  35  -1  30   0    M    M    M  8.5 22 170   M    M   3 18     27 170
14  44  38  41   5  24   0    M    M    M  9.0 16 160   M    M  10 1      19 160
15  46  28  37   2  28   0    M    M    M 15.4 28 300   M    M  10 1      38 300
16  34  28  31  -4  34   0    M    M    M 10.4 20 140   M    M   9        25 150
17  38  34  36   2  29   0    M    M    M  9.4 25 140   M    M   9 1      33 140
18  38  20  29  -4  36   0    M    M    M 14.5 26 310   M    M   5 1      32 310
19  40  17  29  -4  36   0    M    M    M  6.2 17 310   M    M   1        22 310
20  46  27  37   5  28   0    M    M    M  7.5 23 290   M    M   0 1      30 290
21  42  17  30  -2  35   0    M    M    M 19.9 35 290   M    M   3        51 290
22  32  14  23  -8  42   0    M    M    M  6.5 15 160   M    M   5        19 140
================================================================================
SM  846  531       736   0    M     M    207.2          M      125
================================================================================
AV 38.5 24.1                               9.4 FASTST   M    M   6    MAX(MPH)
                                 MISC ---->  # 35 290               # 51  290
================================================================================
NOTES:
# LAST OF SEVERAL OCCURRENCES

COLUMN 17 PEAK WIND IN M.P.H.

PRELIMINARY LOCAL CLIMATOLOGICAL DATA (WS FORM: F-6) , PAGE 2

                                          STATION:  ST PAUL MN
                                          MONTH:    NOVEMBER
                                          YEAR:     2017
                                          LATITUDE:   44 55 N
                                          LONGITUDE:  93  4 W

[TEMPERATURE DATA]      [PRECIPITATION DATA]       SYMBOLS USED IN COLUMN 16

AVERAGE MONTHLY: 31.3   TOTAL FOR MONTH:      M    1 = FOG OR MIST
DPTR FM NORMAL:  -5.8   DPTR FM NORMAL:       M    2 = FOG REDUCING VISIBILITY
HIGHEST:    46 ON 20,15 GRTST 24HR  0.00 ON 31- 1      TO 1/4 MILE OR LESS
LOWEST:     10 ON 10                               3 = THUNDER
                        SNOW, ICE PELLETS, HAIL    4 = ICE PELLETS
                        TOTAL MONTH:    M          5 = HAIL
                        GRTST 24HR    M  ON   M    6 = FREEZING RAIN OR DRIZZLE
                        GRTST DEPTH:  M  ON   M    7 = DUSTSTORM OR SANDSTORM:
                                                       VSBY 1/2 MILE OR LESS
                                                   8 = SMOKE OR HAZE
[NO. OF DAYS WITH]      [WEATHER - DAYS WITH]      9 = BLOWING SNOW
                                                   X = TORNADO
MAX 32 OR BELOW:   3    0.01 INCH OR MORE:   0
MAX 90 OR ABOVE:   0    0.10 INCH OR MORE:   0
MIN 32 OR BELOW:  18    0.50 INCH OR MORE:   0
MIN  0 OR BELOW:   0    1.00 INCH OR MORE:   0

[HDD (BASE 65) ]
TOTAL THIS MO.   736    CLEAR  (SCALE 0-3)   8
DPTR FM NORMAL   121    PTCLDY (SCALE 4-7)   6
TOTAL FM JUL 1  1273    CLOUDY (SCALE 8-10)  8
DPTR FM NORMAL    21

[CDD (BASE 65) ]
TOTAL THIS MO.     0
DPTR FM NORMAL     0    [PRESSURE DATA]
TOTAL FM JAN 1   656    HIGHEST SLP M ON M
DPTR FM NORMAL  -114    LOWEST  SLP 29.46 ON 20

[REMARKS]
