000
CXUS53 KMPX 260700
CF6STP
PRELIMINARY LOCAL CLIMATOLOGICAL DATA (WS FORM: F-6)

                                          STATION:   ST PAUL MN
                                          MONTH:     MAY
                                          YEAR:      2015
                                          LATITUDE:   44 55 N
                                          LONGITUDE:  93  4 W

  TEMPERATURE IN F:       :PCPN:    SNOW:  WIND      :SUNSHINE: SKY     :PK WND
================================================================================
1   2   3   4   5  6A  6B    7    8   9   10  11  12  13   14  15   16   17  18
                                     12Z  AVG MX 2MIN
DY MAX MIN AVG DEP HDD CDD  WTR  SNW DPTH SPD SPD DIR MIN PSBL S-S WX    SPD DR
================================================================================

 1  65  44  55   0  10   0 0.05    M    M  7.5 17 180   M    M   4        22 170
 2  81  47  64   8   1   0 0.00    M    M  7.4 18 200   M    M   1        23 200
 3  83  52  68  12   0   3 0.33    M    M  6.1 44 310   M    M   1 138    52 320
 4  71  47  59   3   6   0 0.00    M    M  7.1 18  10   M    M   0        22  40
 5  71  50  61   4   4   0 0.01    M    M 10.8 23 120   M    M   4        28 130
 6  76  55  66   9   0   1 0.04    M    M 11.3 23 120   M    M   7 1      31 130
 7  75  62  69  12   0   4 0.34    M    M 10.6 23 200   M    M   8 13     33 210
 8  62  47  55  -3  10   0    T    M    M  9.8 20 320   M    M   7 1      23 300
 9  69  42  56  -2   9   0    M    M    M  8.2 18  30   M    M   1        24  20
10  60  47  54  -4  11   0    M    M    M  9.4 21  80   M    M   9 13     27  60
11  56  45  51  -8  14   0 0.02    M    M 10.8 22 290   M    M  10 1      26 290
12  57  39  48 -11  17   0 0.02    M    M 13.7 24 320   M    M   6 1      35 300
13  65  43  54  -5  11   0 0.00    M    M 12.5 20 150   M    M   3        25 130
14  57  50  54  -6  11   0 0.44    M    M 10.0 17 120   M    M   7 1      22 130
15  66  54  60   0   5   0 0.00    M    M  5.2 12 320   M    M   7 1      13 280
16  75  56  66   6   0   1    T    M    M 10.0 26 130   M    M   7        36 130
17  74  48  61   1   4   0 0.50    M    M 15.5 35 240   M    M   9 138    45 240
18  48  40  44 -17  21   0    T    M    M 17.3 28 250   M    M  10 18     36 240
19  57  35  46 -15  19   0 0.00    M    M  6.7 18 320   M    M   4        22 320
20  61  39  50 -11  15   0 0.00    M    M  3.5 14 290   M    M   0 1      19 290
21  73  43  58  -4   7   0 0.00    M    M  6.2 24 320   M    M   0        28 310
22  74  43  59  -3   6   0 0.00    M    M  2.9 10  20   M    M   0        14 360
23  73  48  61  -1   4   0    T    M    M  4.3 15  30   M    M   4        18  20
24  64  58  61  -1   4   0 0.41    M    M  6.6 16 120   M    M  10 1      21 130
25   M   M   M   M   M   M    M    M    M   M   M   M   M    M   M 1       M  M
================================================================================
SM 1613 1134       189   9  2.16    M    213.4          M      119
================================================================================
AV 67.2 47.2                               8.9 FASTST   M    M   5    MAX(MPH)
                                 MISC ---->  # 44 310               # 52  320
================================================================================
NOTES:
# LAST OF SEVERAL OCCURRENCES

COLUMN 17 PEAK WIND IN M.P.H.

PRELIMINARY LOCAL CLIMATOLOGICAL DATA (WS FORM: F-6) , PAGE 2

                                          STATION:  ST PAUL MN
                                          MONTH:    MAY
                                          YEAR:     2015
                                          LATITUDE:   44 55 N
                                          LONGITUDE:  93  4 W

[TEMPERATURE DATA]      [PRECIPITATION DATA]       SYMBOLS USED IN COLUMN 16

AVERAGE MONTHLY: 57.2   TOTAL FOR MONTH:   2.16    1 = FOG OR MIST
DPTR FM NORMAL:  -1.9   DPTR FM NORMAL:   -0.26    2 = FOG REDUCING VISIBILITY
HIGHEST:    83 ON  3    GRTST 24HR  0.64 ON 10-11      TO 1/4 MILE OR LESS
LOWEST:     35 ON 19                               3 = THUNDER
                        SNOW, ICE PELLETS, HAIL    4 = ICE PELLETS
                        TOTAL MONTH:    M          5 = HAIL
                        GRTST 24HR    M  ON   M    6 = FREEZING RAIN OR DRIZZLE
                        GRTST DEPTH:  M  ON   M    7 = DUSTSTORM OR SANDSTORM:
                                                       VSBY 1/2 MILE OR LESS
                                                   8 = SMOKE OR HAZE
[NO. OF DAYS WITH]      [WEATHER - DAYS WITH]      9 = BLOWING SNOW
                                                   X = TORNADO
MAX 32 OR BELOW:   0    0.01 INCH OR MORE:  10
MAX 90 OR ABOVE:   0    0.10 INCH OR MORE:   5
MIN 32 OR BELOW:   0    0.50 INCH OR MORE:   1
MIN  0 OR BELOW:   0    1.00 INCH OR MORE:   0

[HDD (BASE 65) ]
TOTAL THIS MO.   189    CLEAR  (SCALE 0-3)   8
DPTR FM NORMAL    15    PTCLDY (SCALE 4-7)  11
TOTAL FM JUL 1  7563    CLOUDY (SCALE 8-10)  5
DPTR FM NORMAL   321

[CDD (BASE 65) ]
TOTAL THIS MO.     9
DPTR FM NORMAL   -21    [PRESSURE DATA]
TOTAL FM JAN 1     9    HIGHEST SLP M ON M
DPTR FM NORMAL   -24    LOWEST  SLP 29.46 ON 17

[REMARKS]
