258
CXUS56 KMTR 301000
CF6STS
PRELIMINARY LOCAL CLIMATOLOGICAL DATA (WS FORM: F-6)

                                          STATION:   SANTA ROSA AIRPORT
                                          MONTH:     APRIL
                                          YEAR:      2016
                                          LATITUDE:   38 30 N
                                          LONGITUDE: 122 49 W

  TEMPERATURE IN F:       :PCPN:    SNOW:  WIND      :SUNSHINE: SKY     :PK WND
================================================================================
1   2   3   4   5  6A  6B    7    8   9   10  11  12  13   14  15   16   17  18
                                     12Z  AVG MX 2MIN
DY MAX MIN AVG DEP HDD CDD  WTR  SNW DPTH SPD SPD DIR MIN PSBL S-S WX    SPD DR
================================================================================

 1  68  40  54   0  11   0 0.00  0.0    0  5.1 15 140   M    M   0 1      19 130
 2  71  48  60   6   5   0 0.00  0.0    0  3.6 13 150   M    M   7 1      15 150
 3  70  48  59   5   6   0 0.00  0.0    0  4.0 13 140   M    M   7 18     16 130
 4  77  43  60   6   5   0 0.00  0.0    0  5.1 16 320   M    M   1 1      20 310
 5  83  42  63   9   2   0 0.00  0.0    0  5.7 13 160   M    M   1        16 170
 6  88  44  66  12   0   1 0.00  0.0    0  3.0  9 170   M    M   1        12 220
 7  67  52  60   6   5   0 0.00  0.0    0  5.2 16 220   M    M   6        22 230
 8  70  52  61   7   4   0 0.05  0.0    0  5.0 16 160   M    M   8 1      20 170
 9  58  55  57   2   8   0 0.29  0.0    0  2.3  7 200   M    M   9 1       8 210
10  61  53  57   2   8   0 0.04  0.0    0  2.5  9 150   M    M  10 1      12 140
11  65  52  59   4   6   0 0.00  0.0    0  2.7 13 250   M    M   9 1      16 270
12  69  48  59   4   6   0 0.00  0.0    0  4.1 15 340   M    M   6 1      20 350
13  67  45  56   1   9   0 0.20    M    0  6.9 18 250   M    M   3 1      22 250
14  64  42  53  -2  12   0 0.01    M    0  6.7 20 340   M    M   4 18     25 330
15  75  46  61   6   4   0 0.00  0.0    0  8.5 15  30   M    M   0        23 360
16  82  43  63   7   2   0 0.00  0.0    0  5.1 14  20   M    M   1        16 170
17  84  44  64   8   1   0 0.00    M    0  3.3 15 190   M    M   1        19 180
18  85  45  65   9   0   0 0.00  0.0    0  3.8 14 190   M    M   2        19 180
19  82  45  64   8   1   0 0.00  0.0    0  4.2 10 150   M    M   3        15 180
20  74  41  58   2   7   0 0.00  0.0    0  4.8 14 180   M    M   4        20 230
21  68  54  61   5   4   0 0.03  0.0    0  5.8 16 220   M    M   9 1      22 220
22  60  46  53  -3  12   0 0.70  0.0    0  6.7 21 250   M    M   8 1      26 250
23  69  42  56  -1   9   0 0.00  0.0    0  4.2 15 240   M    M   3 12     19 260
24  68  49  59   2   6   0 0.00  0.0    0 13.7 25 330   M    M   3        32 330
25  69  42  56  -1   9   0 0.00  0.0    0 11.4 22 330   M    M   0        29 310
26  71  40  56  -1   9   0 0.00  0.0    0  5.2 14 320   M    M   3        21 330
27  66  43  55  -2  10   0 0.03  0.0    0  9.6 26 320   M    M   4 1      33 300
28  78  47  63   5   2   0 0.00  0.0    0  7.3 20 340   M    M   0        25 330
29  78  46  62   4   3   0 0.00  0.0    0  8.3 26 320   M    M   1        34 310
================================================================================
SM 2087 1337       166   1  1.35     0.0 163.8          M      114
================================================================================
AV 72.0 46.1                               5.6 FASTST   M    M   4    MAX(MPH)
                                 MISC ---->  # 26 320               # 34  310
================================================================================
NOTES:
# LAST OF SEVERAL OCCURRENCES

COLUMN 17 PEAK WIND IN M.P.H.

PRELIMINARY LOCAL CLIMATOLOGICAL DATA (WS FORM: F-6) , PAGE 2

                                          STATION:  SANTA ROSA AIRPORT
                                          MONTH:    APRIL
                                          YEAR:     2016
                                          LATITUDE:   38 30 N
                                          LONGITUDE: 122 49 W

[TEMPERATURE DATA]      [PRECIPITATION DATA]       SYMBOLS USED IN COLUMN 16

AVERAGE MONTHLY: 59.0   TOTAL FOR MONTH:   1.35    1 = FOG OR MIST
DPTR FM NORMAL:   3.5   DPTR FM NORMAL:   -0.69    2 = FOG REDUCING VISIBILITY
HIGHEST:    88 ON  6    GRTST 24HR  0.73 ON 21-22      TO 1/4 MILE OR LESS
LOWEST:     40 ON 26, 1                            3 = THUNDER
                        SNOW, ICE PELLETS, HAIL    4 = ICE PELLETS
                        TOTAL MONTH:   0.0 INCH    5 = HAIL
                        GRTST 24HR     0.0         6 = FREEZING RAIN OR DRIZZLE
                        GRTST DEPTH:   0           7 = DUSTSTORM OR SANDSTORM:
                                                       VSBY 1/2 MILE OR LESS
                                                   8 = SMOKE OR HAZE
[NO. OF DAYS WITH]      [WEATHER - DAYS WITH]      9 = BLOWING SNOW
                                                   X = TORNADO
MAX 32 OR BELOW:   0    0.01 INCH OR MORE:   8
MAX 90 OR ABOVE:   0    0.10 INCH OR MORE:   3
MIN 32 OR BELOW:   0    0.50 INCH OR MORE:   1
MIN  0 OR BELOW:   0    1.00 INCH OR MORE:   0

[HDD (BASE 65) ]
TOTAL THIS MO.   166    CLEAR  (SCALE 0-3)  14
DPTR FM NORMAL  -113    PTCLDY (SCALE 4-7)  11
TOTAL FM JUL 1  2199    CLOUDY (SCALE 8-10)  4
DPTR FM NORMAL  -639

[CDD (BASE 65) ]
TOTAL THIS MO.     1
DPTR FM NORMAL     1    [PRESSURE DATA]
TOTAL FM JAN 1     4    HIGHEST SLP 30.03 ON 19
DPTR FM NORMAL     3    LOWEST  SLP 29.81 ON 22

[REMARKS]
