000
CXUS56 KMTR 191000
CF6STS
PRELIMINARY LOCAL CLIMATOLOGICAL DATA (WS FORM: F-6)

                                          STATION:   SANTA ROSA AIRPORT
                                          MONTH:     JANUARY
                                          YEAR:      2018
                                          LATITUDE:   38 30 N
                                          LONGITUDE: 122 49 W

  TEMPERATURE IN F:       :PCPN:    SNOW:  WIND      :SUNSHINE: SKY     :PK WND
================================================================================
1   2   3   4   5  6A  6B    7    8   9   10  11  12  13   14  15   16   17  18
                                     12Z  AVG MX 2MIN
DY MAX MIN AVG DEP HDD CDD  WTR  SNW DPTH SPD SPD DIR MIN PSBL S-S WX    SPD DR
================================================================================

 1  67  39  53   7  12   0 0.00  0.0    0  3.6  9 330   M    M   3 1      11 350
 2  60  38  49   3  16   0 0.00  0.0    0  1.7  8 190   M    M   3 18      9 200
 3  53  41  47   1  18   0 0.10    M    0  2.8 13  20   M    M   6 18     15  20
 4  60  51  56  10   9   0 0.27  0.0    0  3.5  9 140   M    M  10 1      12 140
 5  61  49  55   9  10   0 0.33    M    0  4.4  9 150   M    M   8 18     12 140
 6  60  39  50   4  15   0 0.00  0.0    0  2.2  7 140   M    M   5 12      9 170
 7  48  36  42  -4  23   0    T  0.0    0  2.9  9 340   M    M   7 12     10 340
 8  54  46  50   4  15   0 3.27    M    0  2.3  8 310   M    M  10 1       9 310
 9  63  48  56  10   9   0 0.28  0.0    0  8.2 21 310   M    M   6 1      26 300
10  57  41  49   3  16   0 0.01    M    0  2.2  9 340   M    M   5 18     12 330
11  56  42  49   3  16   0 0.00  0.0    0  2.2  7 330   M    M   9 12      8 180
12  67  42  55   9  10   0 0.00  0.0    0  4.4 13 340   M    M   6 12     16 360
13  59  37  48   2  17   0 0.00  0.0    0  1.2  7 170   M    M   8 128     9 180
14  56  42  49   3  16   0 0.00  0.0    0  0.9 12  90   M    M   7 128    13  90
15  56  39  48   2  17   0 0.01  0.0    0  1.3  7 290   M    M  10 128     8 290
16  58  53  56  10   9   0 0.15  0.0    0  1.4  8 290   M    M  10 1       9 290
17  56  51  54   7  11   0 0.00  0.0    0  2.2  8 190   M    M  10 12     10 190
18  56  47  52   5  13   0 0.32    M    0  3.7 13 240   M    M  10 1      16 250
================================================================================
SM 1047  781       252   0  4.74     0.0  51.1          M      133
================================================================================
AV 58.2 43.4                               2.8 FASTST   M    M   7    MAX(MPH)
                                 MISC ---->  # 21 310               # 26  300
================================================================================
NOTES:
# LAST OF SEVERAL OCCURRENCES

COLUMN 17 PEAK WIND IN M.P.H.

PRELIMINARY LOCAL CLIMATOLOGICAL DATA (WS FORM: F-6) , PAGE 2

                                          STATION:  SANTA ROSA AIRPORT
                                          MONTH:    JANUARY
                                          YEAR:     2018
                                          LATITUDE:   38 30 N
                                          LONGITUDE: 122 49 W

[TEMPERATURE DATA]      [PRECIPITATION DATA]       SYMBOLS USED IN COLUMN 16

AVERAGE MONTHLY: 50.8   TOTAL FOR MONTH:   4.74    1 = FOG OR MIST
DPTR FM NORMAL:   4.7   DPTR FM NORMAL:   -0.05    2 = FOG REDUCING VISIBILITY
HIGHEST:    67 ON 12, 1 GRTST 24HR  3.27 ON  8- 8      TO 1/4 MILE OR LESS
LOWEST:     36 ON  7                               3 = THUNDER
                        SNOW, ICE PELLETS, HAIL    4 = ICE PELLETS
                        TOTAL MONTH:   0.0 INCH    5 = HAIL
                        GRTST 24HR     0.0         6 = FREEZING RAIN OR DRIZZLE
                        GRTST DEPTH:   0           7 = DUSTSTORM OR SANDSTORM:
                                                       VSBY 1/2 MILE OR LESS
                                                   8 = SMOKE OR HAZE
[NO. OF DAYS WITH]      [WEATHER - DAYS WITH]      9 = BLOWING SNOW
                                                   X = TORNADO
MAX 32 OR BELOW:   0    0.01 INCH OR MORE:   9
MAX 90 OR ABOVE:   0    0.10 INCH OR MORE:   7
MIN 32 OR BELOW:   0    0.50 INCH OR MORE:   1
MIN  0 OR BELOW:   0    1.00 INCH OR MORE:   1

[HDD (BASE 65) ]
TOTAL THIS MO.   252    CLEAR  (SCALE 0-3)   1
DPTR FM NORMAL   -87    PTCLDY (SCALE 4-7)   9
TOTAL FM JUL 1  1265    CLOUDY (SCALE 8-10)  8
DPTR FM NORMAL  -259

[CDD (BASE 65) ]
TOTAL THIS MO.     0
DPTR FM NORMAL     0    [PRESSURE DATA]
TOTAL FM JAN 1     0    HIGHEST SLP M ON M
DPTR FM NORMAL     0    LOWEST  SLP 29.54 ON  9

[REMARKS]
