000
CXUS53 KLSX 291600
CF6SUS
PRELIMINARY LOCAL CLIMATOLOGICAL DATA (WS FORM: F-6)

                                          STATION:   SPIRIT OF ST LOUIS MO
                                          MONTH:     MAY
                                          YEAR:      2016
                                          LATITUDE:   38 39 N
                                          LONGITUDE:  90 38 W

  TEMPERATURE IN F:       :PCPN:    SNOW:  WIND      :SUNSHINE: SKY     :PK WND
================================================================================
1   2   3   4   5  6A  6B    7    8   9   10  11  12  13   14  15   16   17  18
                                     12Z  AVG MX 2MIN
DY MAX MIN AVG DEP HDD CDD  WTR  SNW DPTH SPD SPD DIR MIN PSBL S-S WX    SPD DR
================================================================================

 1  74  53  64   3   1   0 0.00  0.0    0  5.7 20 280   M    M   4 1      23 300
 2  57  51  54  -7  11   0 0.01  0.0    0  5.0 14 320   M    M   9        18 320
 3  64  50  57  -5   8   0 0.00  0.0    0  4.6 10 300   M    M   7        13 330
 4  69  46  58  -4   7   0    T  0.0    0 11.8 24 330   M    M   3        31 330
 5  67  43  55  -7  10   0 0.00  0.0    0  5.7 16 330   M    M   1        22 340
 6  79  42  61  -1   4   0 0.00  0.0    0  4.6 13 240   M    M   0        18 250
 7  87  51  69   6   0   4    T  0.0    0  7.6 31 350   M    M   2 38     43 360
 8  79  57  68   5   0   3    T  0.0    0  4.8 17  70   M    M   6 123    21  60
 9  72  61  67   4   0   2 0.21  0.0    0  6.3 25 180   M    M   8 13     35 190
10  80  59  70   6   0   5 0.13  0.0    0  4.3 14 180   M    M   6 123    21 170
11  82  59  71   7   0   6 1.79  0.0    0  3.3 30 280   M    M   6 1238   40 280
12  73  52  63  -1   2   0 0.11  0.0    0  7.2 23 310   M    M   5 1      29 310
13  78  46  62  -2   3   0    T  0.0    0  7.2 26 330   M    M   2 3      37 250
14  60  43  52 -13  13   0    T  0.0    0 10.3 26 320   M    M   4        32 320
15  66  40  53 -12  12   0 0.00  0.0    0  4.8 16 310   M    M   1        22  30
16  57  49  53 -12  12   0 0.47  0.0    0  5.8 10 100   M    M  10 1      15 140
17   M   M   M   M   M   M    M  0.0    0   M   M   M   M    M   8 1       M  M
18   M   M   M   M   M   M 0.00  0.0    0   M   M   M   M    M   2         M  M
19   M   M   M   M   M   M    M  0.0    0   M   M   M   M    M   M         M  M
20  73  60  67   0   0   2    M  0.0    0   M   M   M   M    M   M         M  M
21  77  49  63  -4   2   0 0.00  0.0    0  4.5 15 350   M    M   3        20 320
22  83  48  66  -1   0   1 0.00  0.0    0  2.1  8  30   M    M   0        13  20
23  84  51  68   1   0   3 0.00  0.0    0  3.7 15 180   M    M   2        22 170
24  84  61  73   5   0   8 0.00  0.0    0  4.0 15 290   M    M   3        20 220
25  83  60  72   4   0   7 0.02  0.0    0  5.1 16 190   M    M   4 1      17 200
26  82  66  74   6   0   9 0.41  0.0    0  6.9 26 320   M    M   5 138    38 320
27  79  67  73   4   0   8 0.32  0.0    0  5.5 14 160   M    M   6 13     24 110
28  85  66  76   7   0  11    T  0.0    0  8.1 16 190   M    M   5        23 170
================================================================================
SM 1874 1330        85  69  3.47     0.0 138.9          M      112
================================================================================
AV 75.0 53.2                               5.8 FASTST   M    M   4    MAX(MPH)
                                 MISC ---->  # 31 350               # 43  360
================================================================================
NOTES:
# LAST OF SEVERAL OCCURRENCES

COLUMN 17 PEAK WIND IN M.P.H.

PRELIMINARY LOCAL CLIMATOLOGICAL DATA (WS FORM: F-6) , PAGE 2

                                          STATION:  SPIRIT OF ST LOUIS MO
                                          MONTH:    MAY
                                          YEAR:     2016
                                          LATITUDE:   38 39 N
                                          LONGITUDE:  90 38 W

[TEMPERATURE DATA]      [PRECIPITATION DATA]       SYMBOLS USED IN COLUMN 16

AVERAGE MONTHLY: 64.1   TOTAL FOR MONTH:   3.47    1 = FOG OR MIST
DPTR FM NORMAL:  -0.8   DPTR FM NORMAL:   -0.68    2 = FOG REDUCING VISIBILITY
HIGHEST:    87 ON  7    GRTST 24HR  1.89 ON 11-12      TO 1/4 MILE OR LESS
LOWEST:     40 ON 15                               3 = THUNDER
                        SNOW, ICE PELLETS, HAIL    4 = ICE PELLETS
                        TOTAL MONTH:   0.0 INCH    5 = HAIL
                        GRTST 24HR     0.0         6 = FREEZING RAIN OR DRIZZLE
                        GRTST DEPTH:   0           7 = DUSTSTORM OR SANDSTORM:
                                                       VSBY 1/2 MILE OR LESS
                                                   8 = SMOKE OR HAZE
[NO. OF DAYS WITH]      [WEATHER - DAYS WITH]      9 = BLOWING SNOW
                                                   X = TORNADO
MAX 32 OR BELOW:   0    0.01 INCH OR MORE:   9
MAX 90 OR ABOVE:   0    0.10 INCH OR MORE:   7
MIN 32 OR BELOW:   0    0.50 INCH OR MORE:   1
MIN  0 OR BELOW:   0    1.00 INCH OR MORE:   1

[HDD (BASE 65) ]
TOTAL THIS MO.    85    CLEAR  (SCALE 0-3)   8
DPTR FM NORMAL    -2    PTCLDY (SCALE 4-7)  16
TOTAL FM JUL 1  3902    CLOUDY (SCALE 8-10)  2
DPTR FM NORMAL  -861

[CDD (BASE 65) ]
TOTAL THIS MO.    69
DPTR FM NORMAL   -18    [PRESSURE DATA]
TOTAL FM JAN 1    97    HIGHEST SLP M ON M
DPTR FM NORMAL   -24    LOWEST  SLP 29.69 ON M

[REMARKS]
