000
CXUS55 KFSD 310905
CF6SUX
PRELIMINARY LOCAL CLIMATOLOGICAL DATA (WS FORM: F-6)

                                          STATION:   SIOUX CITY IA
                                          MONTH:     AUGUST
                                          YEAR:      2016
                                          LATITUDE:   42 24 N
                                          LONGITUDE:  96 23 W

  TEMPERATURE IN F:       :PCPN:    SNOW:  WIND      :SUNSHINE: SKY     :PK WND
================================================================================
1   2   3   4   5  6A  6B    7    8   9   10  11  12  13   14  15   16   17  18
                                     12Z  AVG MX 2MIN
DY MAX MIN AVG DEP HDD CDD  WTR  SNW DPTH SPD SPD DIR MIN PSBL S-S WX    SPD DR
================================================================================

 1  87  71  79   5   0  14 0.11  0.0    0 13.1 28 190   M    M   3 13     38 200
 2  91  70  81   7   0  16 0.42  0.0    0  4.9 18 150   M    M   1 13     22 150
 3  88  70  79   5   0  14 0.00  0.0    0  8.4 18 170   M    M   3 12     23 160
 4  90  65  78   4   0  13 0.00  0.0    0  7.9 25 330   M    M   4 1      30 330
 5  84  58  71  -3   0   6 0.00  0.0    0  6.4 14 360   M    M   1        18 340
 6  84  63  74   1   0   9 0.00  0.0    0  4.5 13  80   M    M   1        17  50
 7  82  63  73   0   0   8    T  0.0    0  5.2 13 140   M    M   4        17 100
 8  82  58  70  -3   0   5 0.00  0.0    0  8.0 17 140   M    M   4        22 170
 9  92  67  80   7   0  15 0.00  0.0    0  8.0 15 170   M    M   4 18     21 160
10  96  74  85  12   0  20 0.00  0.0    0 12.4 24 160   M    M   2 1      30 180
11  91  69  80   7   0  15 1.58  0.0    0 11.1 32  30   M    M   6 13     42  30
12  85  63  74   1   0   9    T  0.0    0 11.4 39 330   M    M   4        47 340
13  86  61  74   1   0   9 0.00  0.0    0  6.2 17 320   M    M   0 1      21 310
14  86  59  73   0   0   8 0.00  0.0    0  4.6 12 120   M    M   0        15  80
15  85  61  73   1   0   8 0.00  0.0    0  8.8 15 150   M    M   1        19 150
16  86  67  77   5   0  12 0.35  0.0    0  8.0 25 270   M    M   2 13     33 290
17  89  66  78   6   0  13 0.00  0.0    0  3.9 10 100   M    M   2 12     15 100
18  92  70  81   9   0  16 0.00  0.0    0  9.7 22 320   M    M   0        29 310
19  82  67  75   3   0  10 0.00  0.0    0  9.8 22 360   M    M   4        25  10
20  75  55  65  -7   0   0    T  0.0    0 14.8 30 320   M    M   6        36 330
21  80  51  66  -6   0   1 0.00  0.0    0  6.4 14 150   M    M   0        19 230
22  85  59  72   0   0   7 0.00  0.0    0 14.9 26 180   M    M   0        36 180
23  82  65  74   3   0   9 2.45  0.0    0 10.5 28 300   M    M   4 123    37 310
24  75  58  67  -4   0   2 0.00  0.0    0  6.8 16 330   M    M   1        19 320
25  76  56  66  -5   0   1 0.00  0.0    0  5.7 13 340   M    M   0        16 330
26  76  54  65  -6   0   0    T  0.0    0  4.5 15 120   M    M   4 1      19 130
27  81  64  73   3   0   8    T  0.0    0  5.1 12 190   M    M   5 1      14 200
28  88  63  76   6   0  11 0.00  0.0    0  9.2 30 140   M    M   0 1      36 150
29  85  67  76   6   0  11 0.12  0.0    0  6.1 24 210   M    M   1 13     29 210
30  85  67  76   6   0  11 0.02  0.0    0  5.0 10  70   M    M   2 1      13  50
================================================================================
SM 2546 1901         0 281  5.05     0.0 241.3          M       69
================================================================================
AV 84.9 63.4                               8.0 FASTST   M    M   2    MAX(MPH)
                                 MISC ---->  # 39 330               # 47  340
================================================================================
NOTES:
# LAST OF SEVERAL OCCURRENCES

COLUMN 17 PEAK WIND IN M.P.H.

PRELIMINARY LOCAL CLIMATOLOGICAL DATA (WS FORM: F-6) , PAGE 2

                                          STATION:  SIOUX CITY IA
                                          MONTH:    AUGUST
                                          YEAR:     2016
                                          LATITUDE:   42 24 N
                                          LONGITUDE:  96 23 W

[TEMPERATURE DATA]      [PRECIPITATION DATA]       SYMBOLS USED IN COLUMN 16

AVERAGE MONTHLY: 74.1   TOTAL FOR MONTH:   5.05    1 = FOG OR MIST
DPTR FM NORMAL:   1.9   DPTR FM NORMAL:    1.93    2 = FOG REDUCING VISIBILITY
HIGHEST:    96 ON 10    GRTST 24HR  2.45 ON 23-23      TO 1/4 MILE OR LESS
LOWEST:     51 ON 21                               3 = THUNDER
                        SNOW, ICE PELLETS, HAIL    4 = ICE PELLETS
                        TOTAL MONTH:   0.0 INCH    5 = HAIL
                        GRTST 24HR     0.0         6 = FREEZING RAIN OR DRIZZLE
                        GRTST DEPTH:   0           7 = DUSTSTORM OR SANDSTORM:
                                                       VSBY 1/2 MILE OR LESS
                                                   8 = SMOKE OR HAZE
[NO. OF DAYS WITH]      [WEATHER - DAYS WITH]      9 = BLOWING SNOW
                                                   X = TORNADO
MAX 32 OR BELOW:   0    0.01 INCH OR MORE:   7
MAX 90 OR ABOVE:   6    0.10 INCH OR MORE:   6
MIN 32 OR BELOW:   0    0.50 INCH OR MORE:   2
MIN  0 OR BELOW:   0    1.00 INCH OR MORE:   2

[HDD (BASE 65) ]
TOTAL THIS MO.     0    CLEAR  (SCALE 0-3)  17
DPTR FM NORMAL    -8    PTCLDY (SCALE 4-7)  13
TOTAL FM JUL 1     0    CLOUDY (SCALE 8-10)  0
DPTR FM NORMAL   -11

[CDD (BASE 65) ]
TOTAL THIS MO.   281
DPTR FM NORMAL    53    [PRESSURE DATA]
TOTAL FM JAN 1  1015    HIGHEST SLP M ON M
DPTR FM NORMAL   242    LOWEST  SLP 29.65 ON 11

[REMARKS]
