000
CXUS54 KOUN 290800
CF6SWO
PRELIMINARY LOCAL CLIMATOLOGICAL DATA (WS FORM: F-6)

                                          STATION:   STILLWATER
                                          MONTH:     AUGUST
                                          YEAR:      2015
                                          LATITUDE:   36 10 N
                                          LONGITUDE:  97  5 W

  TEMPERATURE IN F:       :PCPN:    SNOW:  WIND      :SUNSHINE: SKY     :PK WND
================================================================================
1   2   3   4   5  6A  6B    7    8   9   10  11  12  13   14  15   16   17  18
                                     12Z  AVG MX 2MIN
DY MAX MIN AVG DEP HDD CDD  WTR  SNW DPTH SPD SPD DIR MIN PSBL S-S WX    SPD DR
================================================================================

 1  94  70  82  -1   0  17 0.00  0.0    0  5.3 16 190   M    M   2 12     20 170
 2  92  69  81  -2   0  16 0.00  0.0    0  8.3 22 190   M    M   3        29 200
 3  95  73  84   1   0  19 0.00  0.0    0  7.2 18 170   M    M   2        22 160
 4  88  73  81  -2   0  16 0.03  0.0    0  8.9 18 150   M    M   5 1      22 140
 5  98  72  85   2   0  20    T  0.0    0  7.1 23  20   M    M   1        29  30
 6 100  73  87   4   0  22 0.00  0.0    0  8.9 17 170   M    M   0        21 130
 7 104  72  88   5   0  23 0.00  0.0    0  5.9 14 150   M    M   0        19 140
 8 104  74  89   6   0  24 0.00  0.0    0  9.6 22 170   M    M   0        27 180
 9 105  76  91   8   0  26 0.00  0.0    0  9.9 18 190   M    M   1        23 190
10  94  73  84   1   0  19 0.02  0.0    0  4.8 15  30   M    M   2        19  40
11  93  71  82  -1   0  17 0.00  0.0    0  9.3 16  50   M    M   0        23  30
12  90  64  77  -6   0  12 0.00  0.0    0  6.6 14  80   M    M   0        18 100
13  93  60  77  -6   0  12 0.00  0.0    0  7.3 15 140   M    M   1        20 160
14  92  70  81  -1   0  16    T  0.0    0  6.9 14 200   M    M   2        18 190
15  94  61  78  -4   0  13 0.00  0.0    0  7.0 15 130   M    M   0        21 140
16  96  60  78  -4   0  13 0.00  0.0    0  6.1 16 130   M    M   0        21 150
17  98  65  82   0   0  17 0.00  0.0    0  7.1 17 170   M    M   1        22 170
18  96  72  84   2   0  19 0.09  0.0    0 11.9 25 190   M    M   5 1      30 180
19  77  55  66 -16   0   1 0.53  0.0    0  8.6 28  30   M    M   5 1      34  30
20  84  51  68 -14   0   3 0.00  0.0    0  6.8 16 150   M    M   0        22 160
21  88  66  77  -4   0  12 0.21  0.0    0 10.4 28 320   M    M   8 18     41 320
22  88  63  76  -5   0  11 2.83  0.0    0 13.5 46 360   M    M   4 13     64 360
23  77  67  72  -9   0   7 0.00  0.0    0 10.2 22  40   M    M   7        28  10
24  79  62  71 -10   0   6    T  0.0    0  5.1 10  60   M    M   5        12 150
25  87  56  72  -8   0   7 0.00  0.0    0  6.9 14 110   M    M   1        24 120
26  92  65  79  -1   0  14 0.00  0.0    0  7.5 13 130   M    M   2        18 250
27  85  69  77  -3   0  12 0.00  0.0    0 11.1 25 120   M    M   0        34 120
28  84  70  77  -3   0  12    T  0.0    0  9.0 20 180   M    M   2        24 170
================================================================================
SM 2567 1872         0 406  3.71     0.0 227.2          M       59
================================================================================
AV 91.7 66.9                               8.1 FASTST   M    M   2    MAX(MPH)
                                 MISC ---->  # 46 360               # 64  360
================================================================================
NOTES:
# LAST OF SEVERAL OCCURRENCES

COLUMN 17 PEAK WIND IN M.P.H.

PRELIMINARY LOCAL CLIMATOLOGICAL DATA (WS FORM: F-6) , PAGE 2

                                          STATION:  STILLWATER
                                          MONTH:    AUGUST
                                          YEAR:     2015
                                          LATITUDE:   36 10 N
                                          LONGITUDE:  97  5 W

[TEMPERATURE DATA]      [PRECIPITATION DATA]       SYMBOLS USED IN COLUMN 16

AVERAGE MONTHLY: 79.3   TOTAL FOR MONTH:   3.71    1 = FOG OR MIST
DPTR FM NORMAL:  -2.8   DPTR FM NORMAL:    1.07    2 = FOG REDUCING VISIBILITY
HIGHEST:   105 ON  9    GRTST 24HR  3.04 ON 21-22      TO 1/4 MILE OR LESS
LOWEST:     51 ON 20                               3 = THUNDER
                        SNOW, ICE PELLETS, HAIL    4 = ICE PELLETS
                        TOTAL MONTH:   0.0 INCH    5 = HAIL
                        GRTST 24HR     0.0         6 = FREEZING RAIN OR DRIZZLE
                        GRTST DEPTH:   0           7 = DUSTSTORM OR SANDSTORM:
                                                       VSBY 1/2 MILE OR LESS
                                                   8 = SMOKE OR HAZE
[NO. OF DAYS WITH]      [WEATHER - DAYS WITH]      9 = BLOWING SNOW
                                                   X = TORNADO
MAX 32 OR BELOW:   0    0.01 INCH OR MORE:   6
MAX 90 OR ABOVE:  18    0.10 INCH OR MORE:   3
MIN 32 OR BELOW:   0    0.50 INCH OR MORE:   2
MIN  0 OR BELOW:   0    1.00 INCH OR MORE:   1

[HDD (BASE 65) ]
TOTAL THIS MO.     0    CLEAR  (SCALE 0-3)  21
DPTR FM NORMAL     0    PTCLDY (SCALE 4-7)   7
TOTAL FM JUL 1     0    CLOUDY (SCALE 8-10)  0
DPTR FM NORMAL     0

[CDD (BASE 65) ]
TOTAL THIS MO.   406
DPTR FM NORMAL   -72    [PRESSURE DATA]
TOTAL FM JAN 1  1550    HIGHEST SLP M ON M
DPTR FM NORMAL    -6    LOWEST  SLP 29.62 ON 18

[REMARKS]
