000
CXUS51 KBGM 280800
CF6SYR
PRELIMINARY LOCAL CLIMATOLOGICAL DATA (WS FORM: F-6)

                                          STATION:   SYRACUSE NY
                                          MONTH:     JUNE
                                          YEAR:      2017
                                          LATITUDE:   43  7 N
                                          LONGITUDE:  76  7 W

  TEMPERATURE IN F:       :PCPN:    SNOW:  WIND      :SUNSHINE: SKY     :PK WND
================================================================================
1   2   3   4   5  6A  6B    7    8   9   10  11  12  13   14  15   16   17  18
                                     12Z  AVG MX 2MIN
DY MAX MIN AVG DEP HDD CDD  WTR  SNW DPTH SPD SPD DIR MIN PSBL S-S WX    SPD DR
================================================================================

 1  67  49  58  -4   7   0 0.00  0.0    0 10.1 23 290   M    M   6        30 310
 2  64  46  55  -8  10   0 0.00  0.0    0  9.7 22 280   M    M   6        29 260
 3  66  47  57  -6   8   0    T  0.0    0  9.3 23 280   M    M   4        30 270
 4  59  45  52 -12  13   0 0.73  0.0    0  7.0 16 170   M    M   9 13     20 150
 5  73  55  64   0   1   0 0.32  0.0    0  6.2 16 340   M    M  10 13     19 300
 6  56  50  53 -11  12   0 0.67  0.0    0  9.5 17  60   M    M  10 1      24  60
 7  70  45  58  -6   7   0 0.00  0.0    0  4.8 14 300   M    M   4        17 310
 8  79  47  63  -2   2   0 0.00  0.0    0  2.9 14 320   M    M   3        17 320
 9  77  52  65   0   0   0 0.04  0.0    0  8.3 21 300   M    M   6        27 260
10  83  61  72   7   0   7    T  0.0    0  6.5 14 270   M    M   7        18 230
11  88  65  77  11   0  12 0.00  0.0    0 11.1 22 250   M    M   4        26 250
12  90  70  80  14   0  15 0.00  0.0    0  9.4 20 260   M    M   5        24 240
13  82  60  71   5   0   6 0.13  0.0    0  7.7 15 340   M    M   8 1      20 320
14  77  54  66   0   0   1 0.00  0.0    0  4.4 14 310   M    M   5 1      18 290
15  78  53  66  -1   0   1 0.23  0.0    0  7.8 15 160   M    M   9 13     21 170
16  79  63  71   4   0   6    T  0.0    0  8.6 20 190   M    M   8        27 160
17  86  61  74   7   0   9 0.00  0.0    0  8.5 17 200   M    M   6        24 160
18  90  69  80  12   0  15 0.68  0.0    0 12.1 26 280   M    M   7 138    35 200
19  74  64  69   1   0   4 0.16  0.0    0  5.9 12 300   M    M  10 1      14 240
20  76  58  67  -1   0   2 0.06  0.0    0  9.9 22 260   M    M   7 3      32 230
21  74  56  65  -3   0   0 0.06  0.0    0  8.1 18 290   M    M   6 1      23 300
22  77  53  65  -4   0   0    T  0.0    0  4.3 15 260   M    M   5        19 250
23  79  69  74   5   0   9 0.22  0.0    0 10.0 22 180   M    M  10 1      26 180
24  78  62  70   1   0   5 0.14  0.0    0 11.5 20 290   M    M   6 1      28 290
25  74  56  65  -4   0   0 0.11  0.0    0  7.9 28 330   M    M   5 3      34 330
26  69  58  64  -6   1   0 0.35  0.0    0  4.3 18 260   M    M   5 13      M  M
27  67  53  60 -10   5   0 0.16  0.0    0  5.4 14 250   M    M   6 13      M 250
================================================================================
SM 2032 1521        66  92  4.06     0.0 211.2          M      177
================================================================================
AV 75.3 56.3                               7.8 FASTST   M    M   7    MAX(MPH)
                                 MISC ---->  # 28 330               # 35  200
================================================================================
NOTES:
# LAST OF SEVERAL OCCURRENCES

COLUMN 17 PEAK WIND IN M.P.H.

PRELIMINARY LOCAL CLIMATOLOGICAL DATA (WS FORM: F-6) , PAGE 2

                                          STATION:  SYRACUSE NY
                                          MONTH:    JUNE
                                          YEAR:     2017
                                          LATITUDE:   43  7 N
                                          LONGITUDE:  76  7 W

[TEMPERATURE DATA]      [PRECIPITATION DATA]       SYMBOLS USED IN COLUMN 16

AVERAGE MONTHLY: 65.8   TOTAL FOR MONTH:   4.06    1 = FOG OR MIST
DPTR FM NORMAL:  -0.6   DPTR FM NORMAL:    1.09    2 = FOG REDUCING VISIBILITY
HIGHEST:    90 ON 18,12 GRTST 24HR  0.73 ON  4- 4      TO 1/4 MILE OR LESS
LOWEST:     45 ON  7, 4                            3 = THUNDER
                        SNOW, ICE PELLETS, HAIL    4 = ICE PELLETS
                        TOTAL MONTH:   0.0 INCH    5 = HAIL
                        GRTST 24HR     0.0         6 = FREEZING RAIN OR DRIZZLE
                        GRTST DEPTH:   0           7 = DUSTSTORM OR SANDSTORM:
                                                       VSBY 1/2 MILE OR LESS
                                                   8 = SMOKE OR HAZE
[NO. OF DAYS WITH]      [WEATHER - DAYS WITH]      9 = BLOWING SNOW
                                                   X = TORNADO
MAX 32 OR BELOW:   0    0.01 INCH OR MORE:  15
MAX 90 OR ABOVE:   2    0.10 INCH OR MORE:  12
MIN 32 OR BELOW:   0    0.50 INCH OR MORE:   3
MIN  0 OR BELOW:   0    1.00 INCH OR MORE:   0

[HDD (BASE 65) ]
TOTAL THIS MO.    66    CLEAR  (SCALE 0-3)   0
DPTR FM NORMAL     8    PTCLDY (SCALE 4-7)  19
TOTAL FM JUL 1  6133    CLOUDY (SCALE 8-10)  8
DPTR FM NORMAL  -515

[CDD (BASE 65) ]
TOTAL THIS MO.    92
DPTR FM NORMAL    -3    [PRESSURE DATA]
TOTAL FM JAN 1   124    HIGHEST SLP 30.09 ON 11
DPTR FM NORMAL    -1    LOWEST  SLP 29.57 ON M

[REMARKS]
