000
CXUS54 KEPZ 221200
CF6TCS
PRELIMINARY LOCAL CLIMATOLOGICAL DATA (WS FORM: F-6)

                                          STATION:   TRUTH OR CONSEQUENCES
                                          MONTH:     MAY
                                          YEAR:      2017
                                          LATITUDE:   33 13 N
                                          LONGITUDE: 107 16 W

  TEMPERATURE IN F:       :PCPN:    SNOW:  WIND      :SUNSHINE: SKY     :PK WND
================================================================================
1   2   3   4   5  6A  6B    7    8   9   10  11  12  13   14  15   16   17  18
                                     12Z  AVG MX 2MIN
DY MAX MIN AVG DEP HDD CDD  WTR  SNW DPTH SPD SPD DIR MIN PSBL S-S WX    SPD DR
================================================================================

 1  82  49  66   2   0   1 0.00  0.0    0  9.3 18 230   M    M   0        26 180
 2  88  52  70   5   0   5 0.00  0.0    0  8.9 21 270   M    M   0        27 300
 3  84  56  70   5   0   5 0.00  0.0    0  7.4 18  40   M    M   0        24  50
 4  81  49  65  -1   0   0 0.00  0.0    0  9.0 24  20   M    M   0        30  20
 5  88  52  70   4   0   5 0.00  0.0    0  9.6 21 190   M    M   0        26 160
 6  91  54  73   7   0   8    T  0.0    0  8.2 40 220   M    M   1 38     56 230
 7  84  56  70   3   0   5 0.00  0.0    0 12.0 28 190   M    M   1        38 220
 8  82  53  68   1   0   3 0.00  0.0    0  8.9 26 220   M    M   1        33 220
 9  73  55  64  -3   1   0 0.00  0.0    0 11.1 30 180   M    M   1        41 180
10  67  47  57 -11   8   0 0.03    M    0 10.5 25 300   M    M   3 3      32 280
11  80  50  65  -3   0   0 0.00  0.0    0  9.6 15 320   M    M   1        23 330
12  84   M   M   M   M   M 0.00  0.0    M  8.1  M   M   M    M   0         M  M
13  90  56  73   4   0   8 0.00  0.0    0 10.6 26 170   M    M   0        36 190
14  87  58  73   4   0   8 0.00  0.0    0 11.0 30 210   M    M   0        36 170
15  85  55  70   0   0   5 0.00  0.0    0 13.6 32 220   M    M   0        47 190
16  73  48  61  -9   4   0 0.00  0.0    0 13.9 36 280   M    M   2 3      45 270
17  81  44  63  -7   2   0 0.00  0.0    0 10.2 28 250   M    M   0        36 250
18  79  54  67  -3   0   2 0.00  0.0    0 11.2 28 220   M    M   2        36 250
19  74  48  61 -10   4   0 0.00  0.0    0  8.8 18 320   M    M   2        27  10
20  78  48  63  -8   2   0 0.00  0.0    0  6.1 14 110   M    M   0        22 170
21  88  52  70  -2   0   5    T  0.0    0  8.1 22 300   M    M   0        27 300
================================================================================
SM 1719 1036        21  60  0.03     0.0 206.1          M       14
================================================================================
AV 81.9 51.8                               9.8 FASTST   M    M   1    MAX(MPH)
                                 MISC ---->  # 40 220               # 56  230
================================================================================
NOTES:
# LAST OF SEVERAL OCCURRENCES

COLUMN 17 PEAK WIND IN M.P.H.

PRELIMINARY LOCAL CLIMATOLOGICAL DATA (WS FORM: F-6) , PAGE 2

                                          STATION:  TRUTH OR CONSEQUENCES
                                          MONTH:    MAY
                                          YEAR:     2017
                                          LATITUDE:   33 13 N
                                          LONGITUDE: 107 16 W

[TEMPERATURE DATA]      [PRECIPITATION DATA]       SYMBOLS USED IN COLUMN 16

AVERAGE MONTHLY: 66.8   TOTAL FOR MONTH:   0.03    1 = FOG OR MIST
DPTR FM NORMAL:  -1.2   DPTR FM NORMAL:   -0.36    2 = FOG REDUCING VISIBILITY
HIGHEST:    91 ON  6    GRTST 24HR  0.03 ON 10-10      TO 1/4 MILE OR LESS
LOWEST:     44 ON 17                               3 = THUNDER
                        SNOW, ICE PELLETS, HAIL    4 = ICE PELLETS
                        TOTAL MONTH:   0.0 INCH    5 = HAIL
                        GRTST 24HR     0.0         6 = FREEZING RAIN OR DRIZZLE
                        GRTST DEPTH:   0           7 = DUSTSTORM OR SANDSTORM:
                                                       VSBY 1/2 MILE OR LESS
                                                   8 = SMOKE OR HAZE
[NO. OF DAYS WITH]      [WEATHER - DAYS WITH]      9 = BLOWING SNOW
                                                   X = TORNADO
MAX 32 OR BELOW:   0    0.01 INCH OR MORE:   1
MAX 90 OR ABOVE:   2    0.10 INCH OR MORE:   0
MIN 32 OR BELOW:   0    0.50 INCH OR MORE:   0
MIN  0 OR BELOW:   0    1.00 INCH OR MORE:   0

[HDD (BASE 65) ]
TOTAL THIS MO.    21    CLEAR  (SCALE 0-3)  20
DPTR FM NORMAL    -2    PTCLDY (SCALE 4-7)   1
TOTAL FM JUL 1  2361    CLOUDY (SCALE 8-10)  0
DPTR FM NORMAL  -897

[CDD (BASE 65) ]
TOTAL THIS MO.    60
DPTR FM NORMAL   -27    [PRESSURE DATA]
TOTAL FM JAN 1   140    HIGHEST SLP M ON M
DPTR FM NORMAL    32    LOWEST  SLP 29.44 ON  8

[REMARKS]
