000
CXUS54 KEPZ 271200
CF6TCS
PRELIMINARY LOCAL CLIMATOLOGICAL DATA (WS FORM: F-6)

                                          STATION:   TRUTH OR CONSEQUENCES
                                          MONTH:     MAY
                                          YEAR:      2016
                                          LATITUDE:   33 13 N
                                          LONGITUDE: 107 16 W

  TEMPERATURE IN F:       :PCPN:    SNOW:  WIND      :SUNSHINE: SKY     :PK WND
================================================================================
1   2   3   4   5  6A  6B    7    8   9   10  11  12  13   14  15   16   17  18
                                     12Z  AVG MX 2MIN
DY MAX MIN AVG DEP HDD CDD  WTR  SNW DPTH SPD SPD DIR MIN PSBL S-S WX    SPD DR
================================================================================

 1  64  43  54 -10  11   0    T    M    0 16.9 28  30   M    M   5        37  10
 2  69  41  55 -10  10   0 0.00  0.0    0  9.4 20  30   M    M   1        26  20
 3  76  47  62  -3   3   0 0.00  0.0    0  5.3 14  50   M    M   3        17  50
 4  81  49  65  -1   0   0 0.00  0.0    0  6.2 14 100   M    M   0        20 120
 5  87  51  69   3   0   4    T  0.0    0  8.9 28 200   M    M   1        38 200
 6  86  55  71   5   0   6 0.00  0.0    0 15.1 39 210   M    M   0        50 180
 7  77  52  65  -2   0   0 0.00  0.0    0 13.4 29 210   M    M   0        37 200
 8  75  47  61  -6   4   0 0.00  0.0    0 11.5 24 230   M    M   0        33 250
 9  81  47  64  -3   1   0 0.00  0.0    0  8.2 21 300   M    M   0        28 290
10  86  57  72   4   0   7 0.00  0.0    0  9.9 26 240   M    M   0        33 240
11  86  57  72   4   0   7 0.00  0.0    0  9.9 25  30   M    M   0        35  20
12  85  60  73   5   0   8 0.00  0.0    0 10.4 23  30   M    M   0        31  30
13  86  58  72   3   0   7    T  0.0    0  8.2 32 230   M    M   1        41 250
14  84  57  71   2   0   6 0.02  0.0    0  7.7 29 220   M    M   2        34 220
15  87  59  73   3   0   8    T  0.0    0 11.8 29 230   M    M   1        38 200
16  84  56  70   0   0   5 0.00  0.0    0 11.4 25 260   M    M   0        34 250
17  73  50  62  -8   3   0 0.26  0.0    0 14.1 28  30   M    M   6 1      36  30
18  58  48  53 -17  12   0 0.32    M    0 10.9 23  60   M    M   8 18     28  60
19  75  44  60 -11   5   0 0.00  0.0    0  6.0 15 180   M    M   1        23 210
20  86  52  69  -2   0   4 0.00  0.0    0  8.9 24 180   M    M   0        32 200
21  86  55  71  -1   0   6 0.00  0.0    0 11.6 26 190   M    M   0        35 210
22  87  56  72   0   0   7 0.00  0.0    0 10.6 24 260   M    M   0        36 210
23  89  56  73   1   0   8 0.00  0.0    0  8.1 28 220   M    M   0        37 240
24  86  58  72   0   0   7 0.00  0.0    0 12.4 28 210   M    M   0        38 220
25  86  55  71  -2   0   6 0.00  0.0    0 12.1 32 200   M    M   0        44 240
26  78  56  67  -6   0   2 0.00  0.0    0 11.5 24 240   M    M   0        32 240
================================================================================
SM 2098 1366        49  98  0.60     0.0 270.4          M       29
================================================================================
AV 80.7 52.5                              10.4 FASTST   M    M   1    MAX(MPH)
                                 MISC ---->  # 39 210               # 50  180
================================================================================
NOTES:
# LAST OF SEVERAL OCCURRENCES

COLUMN 17 PEAK WIND IN M.P.H.

PRELIMINARY LOCAL CLIMATOLOGICAL DATA (WS FORM: F-6) , PAGE 2

                                          STATION:  TRUTH OR CONSEQUENCES
                                          MONTH:    MAY
                                          YEAR:     2016
                                          LATITUDE:   33 13 N
                                          LONGITUDE: 107 16 W

[TEMPERATURE DATA]      [PRECIPITATION DATA]       SYMBOLS USED IN COLUMN 16

AVERAGE MONTHLY: 66.6   TOTAL FOR MONTH:   0.60    1 = FOG OR MIST
DPTR FM NORMAL:  -2.3   DPTR FM NORMAL:    0.09    2 = FOG REDUCING VISIBILITY
HIGHEST:    89 ON 23    GRTST 24HR  0.49 ON 17-18      TO 1/4 MILE OR LESS
LOWEST:     41 ON  2                               3 = THUNDER
                        SNOW, ICE PELLETS, HAIL    4 = ICE PELLETS
                        TOTAL MONTH:   0.0 INCH    5 = HAIL
                        GRTST 24HR     0.0         6 = FREEZING RAIN OR DRIZZLE
                        GRTST DEPTH:   0           7 = DUSTSTORM OR SANDSTORM:
                                                       VSBY 1/2 MILE OR LESS
                                                   8 = SMOKE OR HAZE
[NO. OF DAYS WITH]      [WEATHER - DAYS WITH]      9 = BLOWING SNOW
                                                   X = TORNADO
MAX 32 OR BELOW:   0    0.01 INCH OR MORE:   3
MAX 90 OR ABOVE:   0    0.10 INCH OR MORE:   2
MIN 32 OR BELOW:   0    0.50 INCH OR MORE:   0
MIN  0 OR BELOW:   0    1.00 INCH OR MORE:   0

[HDD (BASE 65) ]
TOTAL THIS MO.    49    CLEAR  (SCALE 0-3)  23
DPTR FM NORMAL    26    PTCLDY (SCALE 4-7)   3
TOTAL FM JUL 1  2843    CLOUDY (SCALE 8-10)  0
DPTR FM NORMAL  -415

[CDD (BASE 65) ]
TOTAL THIS MO.    98
DPTR FM NORMAL   -27    [PRESSURE DATA]
TOTAL FM JAN 1   120    HIGHEST SLP M ON M
DPTR FM NORMAL   -26    LOWEST  SLP 29.51 ON  6

[REMARKS]
