000
CXUS54 KFWD 240730
CF6TKI
PRELIMINARY LOCAL CLIMATOLOGICAL DATA (WS FORM: F-6)

                                          STATION:   MCKINNEY
                                          MONTH:     FEBRUARY
                                          YEAR:      2018
                                          LATITUDE:   33 10 N
                                          LONGITUDE:  96 35 W

  TEMPERATURE IN F:       :PCPN:    SNOW:  WIND      :SUNSHINE: SKY     :PK WND
================================================================================
1   2   3   4   5  6A  6B    7    8   9   10  11  12  13   14  15   16   17  18
                                     12Z  AVG MX 2MIN
DY MAX MIN AVG DEP HDD CDD  WTR  SNW DPTH SPD SPD DIR MIN PSBL S-S WX    SPD DR
================================================================================

 1  63  40  52   7  13   0 0.00  0.0    0 13.8 25  20   M    M   1        35  30
 2  52  30  41  -4  24   0 0.00  0.0    0  7.8 18  20   M    M   1        24  20
 3  55  37  46   0  19   0 0.00  0.0    0 11.5 26 170   M    M   6        30 180
 4  63  30  47   1  18   0 0.00  0.0    0 10.4 26  20   M    M   5 1      33  10
 5  44  20  32 -14  33   0 0.00  0.0    0  6.2 16  10   M    M   4        21  10
 6  43  30  37  -9  28   0 0.17  0.0    0  9.8 18 340   M    M   8 1368   22 340
 7  47  28  38  -8  27   0 0.00  0.0    0  9.9 21  20   M    M   2 1      26  20
 8  56  24  40  -7  25   0 0.00  0.0    0  3.5 12 150   M    M   0        15 140
 9  63  35  49   2  16   0 0.00  0.0    0 11.4 21 160   M    M   6 1      25 170
10  59  28  44  -3  21   0 0.01  0.0    0 13.8 23 340   M    M  10 16     27 340
11  41  25  33 -14  32   0    T    M    0 11.8 21 350   M    M   6 46     27 330
12  47  24  36 -12  29   0 0.00  0.0    0  6.9 13  60   M    M   3        17  70
13  43  37  40  -8  25   0    T  0.0    0  5.7 13 130   M    M  10 1      16 130
14  68  42  55   7  10   0    T  0.0    0  9.9 23 180   M    M   8 128    28 180
15  77  63  70  22   0   5 0.00  0.0    0 17.5 29 210   M    M   7        37 200
16  69  43  56   8   9   0 0.01  0.0    0 13.2 29 360   M    M   5        35 360
17  61  41  51   2  14   0 0.38  0.0    0  5.1 18 320   M    M   5 13     23 310
18  62  42  52   3  13   0    T  0.0    0  8.3 24 150   M    M   8 1      28 150
19  75  62  69  20   0   4 0.03  0.0    0 18.0 32 190   M    M   9 13     39 200
20  70  37  54   5  11   0 1.68  0.0    0 16.6 28 170   M    M  10 13     34 170
21  37  32  35 -15  30   0 2.65  0.0    0 15.0 24  10   M    M  10 1      29  10
22  40  33  37 -13  28   0 0.61  0.0    0  7.1 15  10   M    M  10 13     19  80
23  51  39  45  -5  20   0 0.48  0.0    0  5.3 12 330   M    M  10 123    13 340
================================================================================
SM 1286  822       445   9  6.02     0.0 238.5          M      144
================================================================================
AV 55.9 35.7                              10.4 FASTST   M    M   6    MAX(MPH)
                                 MISC ---->  # 32 190               # 39  200
================================================================================
NOTES:
# LAST OF SEVERAL OCCURRENCES

COLUMN 17 PEAK WIND IN M.P.H.

PRELIMINARY LOCAL CLIMATOLOGICAL DATA (WS FORM: F-6) , PAGE 2

                                          STATION:  MCKINNEY
                                          MONTH:    FEBRUARY
                                          YEAR:     2018
                                          LATITUDE:   33 10 N
                                          LONGITUDE:  96 35 W

[TEMPERATURE DATA]      [PRECIPITATION DATA]       SYMBOLS USED IN COLUMN 16

AVERAGE MONTHLY: 45.8   TOTAL FOR MONTH:   6.02    1 = FOG OR MIST
DPTR FM NORMAL:  -1.7   DPTR FM NORMAL:    3.59    2 = FOG REDUCING VISIBILITY
HIGHEST:    77 ON 15    GRTST 24HR  3.24 ON 20-21      TO 1/4 MILE OR LESS
LOWEST:     20 ON  5                               3 = THUNDER
                        SNOW, ICE PELLETS, HAIL    4 = ICE PELLETS
                        TOTAL MONTH:   0.0 INCH    5 = HAIL
                        GRTST 24HR     0.0         6 = FREEZING RAIN OR DRIZZLE
                        GRTST DEPTH:   0           7 = DUSTSTORM OR SANDSTORM:
                                                       VSBY 1/2 MILE OR LESS
                                                   8 = SMOKE OR HAZE
[NO. OF DAYS WITH]      [WEATHER - DAYS WITH]      9 = BLOWING SNOW
                                                   X = TORNADO
MAX 32 OR BELOW:   0    0.01 INCH OR MORE:   9
MAX 90 OR ABOVE:   0    0.10 INCH OR MORE:   6
MIN 32 OR BELOW:  10    0.50 INCH OR MORE:   3
MIN  0 OR BELOW:   0    1.00 INCH OR MORE:   2

[HDD (BASE 65) ]
TOTAL THIS MO.   445    CLEAR  (SCALE 0-3)   4
DPTR FM NORMAL    42    PTCLDY (SCALE 4-7)  11
TOTAL FM JUL 1  2086    CLOUDY (SCALE 8-10)  8
DPTR FM NORMAL   -20

[CDD (BASE 65) ]
TOTAL THIS MO.     9
DPTR FM NORMAL     9    [PRESSURE DATA]
TOTAL FM JAN 1     9    HIGHEST SLP M ON M
DPTR FM NORMAL     8    LOWEST  SLP 29.73 ON 19

[REMARKS]
