000
CXUS52 KMFL 301000
CF6TMB
PRELIMINARY LOCAL CLIMATOLOGICAL DATA (WS FORM: F-6)

                                          STATION:   KENDALL-TAMIAMI EXEC ARPT
                                          MONTH:     JANUARY
                                          YEAR:      2015
                                          LATITUDE:   25 38 N
                                          LONGITUDE:  80 26 W

  TEMPERATURE IN F:       :PCPN:    SNOW:  WIND      :SUNSHINE: SKY     :PK WND
================================================================================
1   2   3   4   5  6A  6B    7    8   9   10  11  12  13   14  15   16   17  18
                                     12Z  AVG MX 2MIN
DY MAX MIN AVG DEP HDD CDD  WTR  SNW DPTH SPD SPD DIR MIN PSBL S-S WX    SPD DR
================================================================================

 1  84  66  75  10   0  10 0.00  0.0    0  4.6 17  90   M    M   3 12     20  90
 2  84  69  77  12   0  12 0.07  0.0    0  6.7 16 110   M    M   5 1      21 130
 3  83  74  79  14   0  14 0.00  0.0    0 10.5 21 130   M    M   3        29 120
 4  85  71  78  13   0  13    T  0.0    0  8.1 20 130   M    M   3 1      25 120
 5  85  67  76  11   0  11 0.02  0.0    0  5.9 16  60   M    M   4 1      18  30
 6  84  66  75  10   0  10 0.00  0.0    0  5.8 14 100   M    M   1 1      17 100
 7  82  63  73   8   0   8 0.00  0.0    0  7.3 16 340   M    M   4 1      22  20
 8  75  55  65   0   0   0 0.00  0.0    0 12.9 23 360   M    M   1        27 360
 9  80  58  69   4   0   4 0.00  0.0    0  3.4 14 350   M    M   2 1      17 350
10  80  59  70   5   0   5    T  0.0    0 10.3 20  70   M    M   6 1      22  50
11  83  62  73   8   0   8 0.02  0.0    0 10.8 24  90   M    M   5 1      30  80
12  80  72  76  11   0  11 0.12  0.0    0 10.2 18 120   M    M   7 1      24 110
13  82  66  74   9   0   9 0.22  0.0    0  5.8 22  60   M    M   5 13     25  60
14  79  64  72   7   0   7 0.00  0.0    0  8.6 15 350   M    M   7 128    25  50
15  80  63  72   7   0   7 0.00  0.0    0  7.2 17 350   M    M   7        21 350
16  77  60  69   4   0   4    T  0.0    0 10.1 22 350   M    M   5        26 350
17  78  56  67   2   0   2 0.00  0.0    0  8.2 17  90   M    M   1        22  90
18  80  58  69   4   0   4 0.00  0.0    0  5.6 15 340   M    M   1        20 330
19  76  50  63  -2   2   0 0.00  0.0    0  4.4 15  90   M    M   1 1      19  80
20  75  60  68   3   0   3 0.00  0.0    0  3.7 13 120   M    M   3        15 120
21  85  64  75  10   0  10 0.00  0.0    0  4.7 15 100   M    M   4 1      19 100
22  81  63  72   7   0   7 0.00  0.0    0  9.1 17  90   M    M   2        21  90
23  80  69  75  10   0  10 0.00  0.0    0  9.4 18 130   M    M   2        26 130
24  78  55  67   1   0   2    T  0.0    0 10.4 24 280   M    M   3        28 280
25  69  47  58  -8   7   0 0.00  0.0    0  7.0 17  10   M    M   0 8      25 340
26  77  51  64  -2   1   0 0.08  0.0    0 11.5 32 280   M    M   3 1      42 300
27  72  48  60  -6   5   0 0.00  0.0    0  9.8 21 260   M    M   0        24 310
28  68  51  60  -6   5   0 0.00  0.0    0 10.7 22 340   M    M   1        26 340
29  74  52  63  -3   2   0 0.00  0.0    0  8.8 20 100   M    M   5        25 100
================================================================================
SM 2296 1759        22 171  0.53     0.0 231.5          M       94
================================================================================
AV 79.2 60.7                               8.0 FASTST   M    M   3    MAX(MPH)
                                 MISC ---->  # 32 280               # 42  300
================================================================================
NOTES:
# LAST OF SEVERAL OCCURRENCES

COLUMN 17 PEAK WIND IN M.P.H.

PRELIMINARY LOCAL CLIMATOLOGICAL DATA (WS FORM: F-6) , PAGE 2

                                          STATION:  KENDALL-TAMIAMI EXEC ARPT
                                          MONTH:    JANUARY
                                          YEAR:     2015
                                          LATITUDE:   25 38 N
                                          LONGITUDE:  80 26 W

[TEMPERATURE DATA]      [PRECIPITATION DATA]       SYMBOLS USED IN COLUMN 16

AVERAGE MONTHLY: 69.9   TOTAL FOR MONTH:   0.53    1 = FOG OR MIST
DPTR FM NORMAL:   4.7   DPTR FM NORMAL:   -1.41    2 = FOG REDUCING VISIBILITY
HIGHEST:    85 ON 21, 5 GRTST 24HR  0.34 ON 12-13      TO 1/4 MILE OR LESS
LOWEST:     47 ON 25                               3 = THUNDER
                        SNOW, ICE PELLETS, HAIL    4 = ICE PELLETS
                        TOTAL MONTH:   0.0 INCH    5 = HAIL
                        GRTST 24HR     0.0         6 = FREEZING RAIN OR DRIZZLE
                        GRTST DEPTH:   0           7 = DUSTSTORM OR SANDSTORM:
                                                       VSBY 1/2 MILE OR LESS
                                                   8 = SMOKE OR HAZE
[NO. OF DAYS WITH]      [WEATHER - DAYS WITH]      9 = BLOWING SNOW
                                                   X = TORNADO
MAX 32 OR BELOW:   0    0.01 INCH OR MORE:   6
MAX 90 OR ABOVE:   0    0.10 INCH OR MORE:   2
MIN 32 OR BELOW:   0    0.50 INCH OR MORE:   0
MIN  0 OR BELOW:   0    1.00 INCH OR MORE:   0

[HDD (BASE 65) ]
TOTAL THIS MO.    22    CLEAR  (SCALE 0-3)  16
DPTR FM NORMAL   -61    PTCLDY (SCALE 4-7)  13
TOTAL FM JUL 1    69    CLOUDY (SCALE 8-10)  0
DPTR FM NORMAL   -72

[CDD (BASE 65) ]
TOTAL THIS MO.   171
DPTR FM NORMAL    84    [PRESSURE DATA]
TOTAL FM JAN 1   171    HIGHEST SLP M ON M
DPTR FM NORMAL    84    LOWEST  SLP 29.86 ON 26

[REMARKS]
