000
CXUS55 KCYS 231000
CF6TOR
PRELIMINARY LOCAL CLIMATOLOGICAL DATA (WS FORM: F-6)

                                          STATION:   TORRINGTON WY AIRPORT
                                          MONTH:     OCTOBER
                                          YEAR:      2014
                                          LATITUDE:   42  3 N
                                          LONGITUDE: 104  9 W

  TEMPERATURE IN F:       :PCPN:    SNOW:  WIND      :SUNSHINE: SKY     :PK WND
================================================================================
1   2   3   4   5  6A  6B    7    8   9   10  11  12  13   14  15   16   17  18
                                     12Z  AVG MX 2MIN
DY MAX MIN AVG DEP HDD CDD  WTR  SNW DPTH SPD SPD DIR MIN PSBL S-S WX    SPD DR
================================================================================

 1  63  40  52  -2  13   0 0.01    M    M  7.3 22 330   M    M   3        29 330
 2  66  35  51  -3  14   0    T    M    M 11.4 41 360   M    M   3        51  10
 3  56  29  43 -10  22   0 0.00    M    M 10.9 28 320   M    M   2        35 340
 4  73  30  52  -1  13   0 0.00    M    M  8.3 26 320   M    M   2        34 320
 5  68  40  54   2  11   0    T    M    M  9.5 32 340   M    M   4        40 320
 6  77  39  58   6   7   0 0.00    M    M  7.3 23 320   M    M   3        33 320
 7  76  42  59   7   6   0 0.00    M    M  6.5 20  40   M    M   1        23  50
 8  79  38  59   8   6   0 0.00    M    M  5.8 14  20   M    M   0 8      17  20
 9  67  41  54   3  11   0 0.00    M    M  7.4 15 120   M    M   2        21 150
10  66  42  54   4  11   0 0.00    M    M  9.1 17 180   M    M   5 1      22 170
11  76  36  56   6   9   0 0.00    M    M  8.0 24 280   M    M   1 1      30 270
12  60  40  50   0  15   0 0.01    M    M 15.6 33 340   M    M   5        46 340
13  61  32  47  -2  18   0 0.00    M    M  9.9 21 290   M    M   0        28 290
14  77  25  51   2  14   0 0.00    M    M  4.1 13 310   M    M   0        18 300
15  80  34  57   8   8   0 0.00    M    M  4.1 12 340   M    M   0        15 310
16  67  38  53   5  12   0 0.00    M    M  8.4 24 320   M    M   0        29 330
17  62  32  47  -1  18   0 0.00    M    M  5.1 13  70   M    M   0        14  70
18  76  32  54   6  11   0 0.00    M    M  8.0 15 180   M    M   0        17 180
19  74  36  55   8  10   0 0.00    M    M  5.3 10 300   M    M   0 8      26 220
20  82  33  58  11   7   0 0.00    M    M  6.9 22 170   M    M   0 8      28 170
21  79  39  59  12   6   0 0.01    M    M  5.8 23 130   M    M   4        27 140
22  67  39  53   7  12   0 0.01    M    M  8.9 22 280   M    M   1        27 270
================================================================================
SM 1552  792       254   0  0.04    M    173.6          M       36
================================================================================
AV 70.5 36.0                               7.9 FASTST   M    M   2    MAX(MPH)
                                 MISC ---->  # 41 360               # 51   10
================================================================================
NOTES:
# LAST OF SEVERAL OCCURRENCES

COLUMN 17 PEAK WIND IN M.P.H.

PRELIMINARY LOCAL CLIMATOLOGICAL DATA (WS FORM: F-6) , PAGE 2

                                          STATION:  TORRINGTON WY AIRPORT
                                          MONTH:    OCTOBER
                                          YEAR:     2014
                                          LATITUDE:   42  3 N
                                          LONGITUDE: 104  9 W

[TEMPERATURE DATA]      [PRECIPITATION DATA]       SYMBOLS USED IN COLUMN 16

AVERAGE MONTHLY: 53.3   TOTAL FOR MONTH:   0.04    1 = FOG OR MIST
DPTR FM NORMAL:   3.3   DPTR FM NORMAL:   -0.81    2 = FOG REDUCING VISIBILITY
HIGHEST:    82 ON 20    GRTST 24HR  0.14 ON 30- 1      TO 1/4 MILE OR LESS
LOWEST:     25 ON 14                               3 = THUNDER
                        SNOW, ICE PELLETS, HAIL    4 = ICE PELLETS
                        TOTAL MONTH:    M          5 = HAIL
                        GRTST 24HR    M  ON   M    6 = FREEZING RAIN OR DRIZZLE
                        GRTST DEPTH:  M  ON   M    7 = DUSTSTORM OR SANDSTORM:
                                                       VSBY 1/2 MILE OR LESS
                                                   8 = SMOKE OR HAZE
[NO. OF DAYS WITH]      [WEATHER - DAYS WITH]      9 = BLOWING SNOW
                                                   X = TORNADO
MAX 32 OR BELOW:   0    0.01 INCH OR MORE:   4
MAX 90 OR ABOVE:   0    0.10 INCH OR MORE:   0
MIN 32 OR BELOW:   6    0.50 INCH OR MORE:   0
MIN  0 OR BELOW:   0    1.00 INCH OR MORE:   0

[HDD (BASE 65) ]
TOTAL THIS MO.   254    CLEAR  (SCALE 0-3)  18
DPTR FM NORMAL   -77    PTCLDY (SCALE 4-7)   4
TOTAL FM JUL 1   407    CLOUDY (SCALE 8-10)  0
DPTR FM NORMAL  -118

[CDD (BASE 65) ]
TOTAL THIS MO.     0
DPTR FM NORMAL     0    [PRESSURE DATA]
TOTAL FM JAN 1   587    HIGHEST SLP  0.00 ON  2
DPTR FM NORMAL   -91    LOWEST  SLP 29.53 ON 12

[REMARKS]
