000
CXUS55 KCYS 221000
CF6TOR
PRELIMINARY LOCAL CLIMATOLOGICAL DATA (WS FORM: F-6)

                                          STATION:   TORRINGTON WY AIRPORT
                                          MONTH:     NOVEMBER
                                          YEAR:      2017
                                          LATITUDE:   42  3 N
                                          LONGITUDE: 104  9 W

  TEMPERATURE IN F:       :PCPN:    SNOW:  WIND      :SUNSHINE: SKY     :PK WND
================================================================================
1   2   3   4   5  6A  6B    7    8   9   10  11  12  13   14  15   16   17  18
                                     12Z  AVG MX 2MIN
DY MAX MIN AVG DEP HDD CDD  WTR  SNW DPTH SPD SPD DIR MIN PSBL S-S WX    SPD DR
================================================================================

 1  69  36  53  11  12   0 0.00    M    M 14.4 35 290   M    M   6        48 290
 2  40  32  36  -6  29   0 0.06    M    M 11.7 25 160   M    M  10 1      32 150
 3  59  31  45   3  20   0 0.00    M    M 13.2 22 140   M    M   3        27 140
 4  61  26  44   3  21   0 0.10    M    M  8.2 25  20   0    0   0        32  30
 5  39  26  33  -8  32   0 0.12    M    M  8.4 17 140   M    M  10 1      20 140
 6  48  24  36  -4  29   0 0.11    M    M  8.8 22  40   M    M  10 1      27  30
 7  29  17  23 -17  42   0    T    M    M  3.1 12  10   M    M   7 1      13  20
 8  54  12  33  -6  32   0 0.00    M    M  5.5 16  10   M    M   3 12     20 270
 9  44  21  33  -6  32   0 0.00    M    M 12.5 25 150   M    M   0        31 150
10  55  26  41   3  24   0 0.00    M    M  7.5 15 110   M    M   0        19 110
11  60  27  44   6  21   0 0.00    M    M  5.0 26 280   M    M   1 1      35 280
12  59  18  39   1  26   0 0.00    M    M  8.6 25 180   M    M   0        32 170
13  72  27  50  13  15   0 0.00    M    M  6.0 22 250   M    M   1        28 260
14  68  29  49  13  16   0 0.00    M    M 11.2 36 270   M    M   1        47 280
15  56  22  39   3  26   0 0.00    M    M  9.1 23 180   M    M   0        27 180
16  74  28  51  15  14   0 0.00    M    M  9.2 28 210   M    M   0        36 210
17  48  36  42   7  23   0 0.04    M    M 10.2 25 360   M    M   7        32  10
18  44  20  32  -3  33   0 0.00    M    M 10.6 21 300   M    M   1        27 320
19  58  17  38   4  27   0 0.00    M    M 11.7 29 270   M    M   0        36 260
20  61  45  53  19  12   0 0.00    M    M 21.8 44 280   M    M   1        59 280
21  50  30  40   7  25   0 0.00    M    M  8.1 23  10   M    M   3        29  10
================================================================================
SM 1148  550       511   0  0.43    M    204.8            0     64
================================================================================
AV 54.7 26.2                               9.8 FASTST    0   0   3    MAX(MPH)
                                 MISC ---->  # 44 280               # 59  280
================================================================================
NOTES:
# LAST OF SEVERAL OCCURRENCES

COLUMN 17 PEAK WIND IN M.P.H.

PRELIMINARY LOCAL CLIMATOLOGICAL DATA (WS FORM: F-6) , PAGE 2

                                          STATION:  TORRINGTON WY AIRPORT
                                          MONTH:    NOVEMBER
                                          YEAR:     2017
                                          LATITUDE:   42  3 N
                                          LONGITUDE: 104  9 W

[TEMPERATURE DATA]      [PRECIPITATION DATA]       SYMBOLS USED IN COLUMN 16

AVERAGE MONTHLY: 40.4   TOTAL FOR MONTH:   0.43    1 = FOG OR MIST
DPTR FM NORMAL:   2.5   DPTR FM NORMAL:    0.09    2 = FOG REDUCING VISIBILITY
HIGHEST:    74 ON 16    GRTST 24HR  0.12 ON  5- 5      TO 1/4 MILE OR LESS
LOWEST:     12 ON  8                               3 = THUNDER
                        SNOW, ICE PELLETS, HAIL    4 = ICE PELLETS
                        TOTAL MONTH:    M          5 = HAIL
                        GRTST 24HR    M  ON   M    6 = FREEZING RAIN OR DRIZZLE
                        GRTST DEPTH:  M  ON   M    7 = DUSTSTORM OR SANDSTORM:
                                                       VSBY 1/2 MILE OR LESS
                                                   8 = SMOKE OR HAZE
[NO. OF DAYS WITH]      [WEATHER - DAYS WITH]      9 = BLOWING SNOW
                                                   X = TORNADO
MAX 32 OR BELOW:   1    0.01 INCH OR MORE:   5
MAX 90 OR ABOVE:   0    0.10 INCH OR MORE:   3
MIN 32 OR BELOW:  18    0.50 INCH OR MORE:   0
MIN  0 OR BELOW:   0    1.00 INCH OR MORE:   0

[HDD (BASE 65) ]
TOTAL THIS MO.   511    CLEAR  (SCALE 0-3)  13
DPTR FM NORMAL   -58    PTCLDY (SCALE 4-7)   5
TOTAL FM JUL 1  1227    CLOUDY (SCALE 8-10)  3
DPTR FM NORMAL   -52

[CDD (BASE 65) ]
TOTAL THIS MO.     0
DPTR FM NORMAL     0    [PRESSURE DATA]
TOTAL FM JAN 1   777    HIGHEST SLP  0.00 ON  4
DPTR FM NORMAL    99    LOWEST  SLP 29.30 ON  1

[REMARKS]
