000
CXUS54 KMRX 311000
CF6TRI
PRELIMINARY LOCAL CLIMATOLOGICAL DATA (WS FORM: F-6)

                                          STATION:   TRI-CITIES      ASOS
                                          MONTH:     AUGUST
                                          YEAR:      2015
                                          LATITUDE:   36 28 N
                                          LONGITUDE:  82 24 W

  TEMPERATURE IN F:       :PCPN:    SNOW:  WIND      :SUNSHINE: SKY     :PK WND
================================================================================
1   2   3   4   5  6A  6B    7    8   9   10  11  12  13   14  15   16   17  18
                                     12Z  AVG MX 2MIN
DY MAX MIN AVG DEP HDD CDD  WTR  SNW DPTH SPD SPD DIR MIN PSBL S-S WX    SPD DR
================================================================================

 1  88  58  73  -1   0   8 0.00  0.0    0  2.6 14 280   M    M   2 1      18 270
 2  89  58  74   0   0   9 0.00  0.0    0  1.8  8  10   M    M   3 1      14 140
 3  90  60  75   1   0  10 0.00  0.0    0  2.8 13 250   M    M   3        17 220
 4  93  63  78   4   0  13 0.30  0.0    0  2.6 25 310   M    M   7 123    33 310
 5  92  64  78   4   0  13 0.09  0.0    0  1.3 30 220   M    M   7 123    37 220
 6  83  65  74   0   0   9 0.51  0.0    0  2.3 13 250   M    M   8 1      16 260
 7  82  68  75   1   0  10 0.74  0.0    0  2.3 13 290   M    M   8 1      15 290
 8  87  65  76   2   0  11 0.00  0.0    0  1.2  7 350   M    M   7 12     15  60
 9  89  65  77   3   0  12 0.00  0.0    0  2.1 12 300   M    M   5 18     14 280
10  89  68  79   5   0  14 0.13  0.0    0  5.2 22 300   M    M   7 1      27 300
11  87  68  78   4   0  13 0.50  0.0    0  5.2 20 360   M    M   8 13     29 360
12  85  63  74   0   0   9 0.00  0.0    0  2.5 13 320   M    M   3 1      20 310
13  85  58  72  -2   0   7 0.00  0.0    0  1.8  9 320   M    M   3 12     13 330
14  87  59  73  -1   0   8 0.00  0.0    0  3.3 17 260   M    M   4        20 260
15  86  61  74   0   0   9 0.01  0.0    0  2.5 16 250   M    M   6 138    19 250
16  89  62  76   2   0  11 0.00  0.0    0  1.7  7 290   M    M   6 1      11  10
17  89  66  78   4   0  13 0.01  0.0    0  2.0 16 170   M    M   9 1      20 190
18  83  69  76   2   0  11 2.04  0.0    0  2.4 15 160   M    M   9 13     18 150
19  83  70  77   3   0  12 0.85  0.0    0  4.5 25 270   M    M   8 13     34 270
20  80  69  75   1   0  10 0.08  0.0    0  4.9 17 240   M    M   8 13     22 240
21  83  62  73  -1   0   8 0.00  0.0    0  1.9  9 360   M    M   6        12 350
22  86  60  73  -1   0   8 0.00  0.0    0  1.9 10 260   M    M   6 1      13 260
23  85  67  76   2   0  11 0.74  0.0    0  3.7 16 250   M    M   7 13     20 350
24  86  62  74   1   0   9    T  0.0    0  4.5 15 280   M    M   6 1      21 270
25  80  56  68  -5   0   3 0.00  0.0    0  2.5 13 280   M    M   3 12     16 260
26  79  55  67  -6   0   2 0.00  0.0    0  2.8 14 340   M    M   4        16 340
27  84  57  71  -2   0   6 0.00  0.0    0  2.1  9 350   M    M   5        14 330
28  85  57  71  -2   0   6 0.00  0.0    0  1.2 10 340   M    M   4 1      14 340
29  83  59  71  -1   0   6 0.00  0.0    0  0.3  6 120   M    M   8 1      22 360
30  84  64  74   2   0   9    T  0.0    0  1.3  9 120   M    M   9 1      11 130
================================================================================
SM 2571 1878         0 280  6.00     0.0  77.2          M      179
================================================================================
AV 85.7 62.6                               2.6 FASTST   M    M   6    MAX(MPH)
                                 MISC ---->  # 30 220               # 37  220
================================================================================
NOTES:
# LAST OF SEVERAL OCCURRENCES

COLUMN 17 PEAK WIND IN M.P.H.

PRELIMINARY LOCAL CLIMATOLOGICAL DATA (WS FORM: F-6) , PAGE 2

                                          STATION:  TRI-CITIES      ASOS
                                          MONTH:    AUGUST
                                          YEAR:     2015
                                          LATITUDE:   36 28 N
                                          LONGITUDE:  82 24 W

[TEMPERATURE DATA]      [PRECIPITATION DATA]       SYMBOLS USED IN COLUMN 16

AVERAGE MONTHLY: 74.1   TOTAL FOR MONTH:   6.00    1 = FOG OR MIST
DPTR FM NORMAL:   0.4   DPTR FM NORMAL:    2.63    2 = FOG REDUCING VISIBILITY
HIGHEST:    93 ON  4    GRTST 24HR  2.42 ON 18-19      TO 1/4 MILE OR LESS
LOWEST:     55 ON 26                               3 = THUNDER
                        SNOW, ICE PELLETS, HAIL    4 = ICE PELLETS
                        TOTAL MONTH:   0.0 INCH    5 = HAIL
                        GRTST 24HR     0.0         6 = FREEZING RAIN OR DRIZZLE
                        GRTST DEPTH:   0           7 = DUSTSTORM OR SANDSTORM:
                                                       VSBY 1/2 MILE OR LESS
                                                   8 = SMOKE OR HAZE
[NO. OF DAYS WITH]      [WEATHER - DAYS WITH]      9 = BLOWING SNOW
                                                   X = TORNADO
MAX 32 OR BELOW:   0    0.01 INCH OR MORE:  12
MAX 90 OR ABOVE:   3    0.10 INCH OR MORE:   8
MIN 32 OR BELOW:   0    0.50 INCH OR MORE:   6
MIN  0 OR BELOW:   0    1.00 INCH OR MORE:   1

[HDD (BASE 65) ]
TOTAL THIS MO.     0    CLEAR  (SCALE 0-3)   3
DPTR FM NORMAL     0    PTCLDY (SCALE 4-7)  22
TOTAL FM JUL 1     0    CLOUDY (SCALE 8-10)  5
DPTR FM NORMAL     0

[CDD (BASE 65) ]
TOTAL THIS MO.   280
DPTR FM NORMAL    16    [PRESSURE DATA]
TOTAL FM JAN 1  1123    HIGHEST SLP M ON M
DPTR FM NORMAL   281    LOWEST  SLP 29.80 ON M

[REMARKS]
