000
CXUS54 KFWD 270730
CF6TRL
PRELIMINARY LOCAL CLIMATOLOGICAL DATA (WS FORM: F-6)

                                          STATION:   TERRELL
                                          MONTH:     NOVEMBER
                                          YEAR:      2014
                                          LATITUDE:   32 42 N
                                          LONGITUDE:  96 16 W

  TEMPERATURE IN F:       :PCPN:    SNOW:  WIND      :SUNSHINE: SKY     :PK WND
================================================================================
1   2   3   4   5  6A  6B    7    8   9   10  11  12  13   14  15   16   17  18
                                     12Z  AVG MX 2MIN
DY MAX MIN AVG DEP HDD CDD  WTR  SNW DPTH SPD SPD DIR MIN PSBL S-S WX    SPD DR
================================================================================

 1  62  36  49 -13  16   0 0.00  0.0    0  6.5 16 100   M    M   0        21  80
 2  67  40  54  -8  11   0 0.00  0.0    0  9.5 18 150   M    M   0        23 160
 3  77  53  65   4   0   0 0.00  0.0    0 11.6 22 170   M    M   8        27 170
 4  70  55  63   2   2   0 1.24  0.0    0 10.6 22  20   M    M  10 1      27  10
 5  59  54  57  -3   8   0 0.38  0.0    0  7.1 13  10   M    M   9 1      16  10
 6  73  44  59  -1   6   0 0.00  0.0    0  5.2 17  40   M    M   2 12     23  40
 7  66  39  53  -7  12   0 0.00  0.0    0  4.7 14 120   M    M   0        17 120
 8  70  45  58  -1   7   0 0.00  0.0    0  6.9 22  10   M    M   1        27  20
 9  71  36  54  -5  11   0 0.00  0.0    0  6.1 16 170   M    M   0        21 160
10  78  51  65   7   0   0 0.00  0.0    0 15.5 32 180   M    M   0        44 190
11  67  40  54  -4  11   0    T  0.0    0 13.8 25 320   M    M   3        33 330
12  44  34  39 -19  26   0 0.00  0.0    0 13.8 22  10   M    M   3        27 360
13  41  30  36 -21  29   0    T    M    0 11.8 21 350   M    M   6        29 340
14  42  26  34 -23  31   0 0.00  0.0    0  4.8  8 130   M    M   8        11 140
15  47  40  44 -12  21   0    T  0.0    0  9.4 18 150   M    M  10 18     23 150
16  42  31  37 -19  28   0 0.01    M    0 12.3 21 330   M    M  10 1      27 330
17  45  25  35 -21  30   0 0.00  0.0    M  9.4 20 330   M    M   1        29 320
18  55  23  39 -16  26   0 0.00  0.0    0  6.5 16 210   M    M   0        20 210
19  65  34  50  -5  15   0 0.00  0.0    0  8.2 22 240   M    M   0 8      28 180
20  73  43  58   4   7   0 0.00  0.0    0  7.6 20 200   M    M   3        23 210
21  67  59  63   9   2   0 0.01  0.0    0 10.9 18 150   M    M  10 1      24 160
22  69  61  65  11   0   0 0.44  0.0    0  9.7 20 160   M    M   9 1      23 150
23  78  51  65  12   0   0 0.00  0.0    0 12.0 26 300   M    M   4 1      37 280
24  63  35  49  -4  16   0 0.00  0.0    0  5.4 18 320   M    M   0 8      25 310
25  67  32  50  -2  15   0 0.00  0.0    0  3.8 21 260   M    M   0        26 250
26  68  39  54   2  11   0 0.00  0.0    0  7.1 14  10   M    M   0 8      18  10
================================================================================
SM 1626 1056       341   0  2.08     0.0 230.2          M       97
================================================================================
AV 62.5 40.6                               8.9 FASTST   M    M   4    MAX(MPH)
                                 MISC ---->  # 32 180               # 44  190
================================================================================
NOTES:
# LAST OF SEVERAL OCCURRENCES

COLUMN 17 PEAK WIND IN M.P.H.

PRELIMINARY LOCAL CLIMATOLOGICAL DATA (WS FORM: F-6) , PAGE 2

                                          STATION:  TERRELL
                                          MONTH:    NOVEMBER
                                          YEAR:     2014
                                          LATITUDE:   32 42 N
                                          LONGITUDE:  96 16 W

[TEMPERATURE DATA]      [PRECIPITATION DATA]       SYMBOLS USED IN COLUMN 16

AVERAGE MONTHLY: 51.6   TOTAL FOR MONTH:   2.08    1 = FOG OR MIST
DPTR FM NORMAL:  -5.4   DPTR FM NORMAL:   -0.89    2 = FOG REDUCING VISIBILITY
HIGHEST:    78 ON 23,10 GRTST 24HR  1.37 ON  4- 5      TO 1/4 MILE OR LESS
LOWEST:     23 ON 18                               3 = THUNDER
                        SNOW, ICE PELLETS, HAIL    4 = ICE PELLETS
                        TOTAL MONTH:   0.0 INCH    5 = HAIL
                        GRTST 24HR     0.0         6 = FREEZING RAIN OR DRIZZLE
                        GRTST DEPTH:   0           7 = DUSTSTORM OR SANDSTORM:
                                                       VSBY 1/2 MILE OR LESS
                                                   8 = SMOKE OR HAZE
[NO. OF DAYS WITH]      [WEATHER - DAYS WITH]      9 = BLOWING SNOW
                                                   X = TORNADO
MAX 32 OR BELOW:   0    0.01 INCH OR MORE:   5
MAX 90 OR ABOVE:   0    0.10 INCH OR MORE:   3
MIN 32 OR BELOW:   6    0.50 INCH OR MORE:   1
MIN  0 OR BELOW:   0    1.00 INCH OR MORE:   1

[HDD (BASE 65) ]
TOTAL THIS MO.   341    CLEAR  (SCALE 0-3)  15
DPTR FM NORMAL   110    PTCLDY (SCALE 4-7)   4
TOTAL FM JUL 1   360    CLOUDY (SCALE 8-10)  7
DPTR FM NORMAL    51

[CDD (BASE 65) ]
TOTAL THIS MO.     0
DPTR FM NORMAL   -20    [PRESSURE DATA]
TOTAL FM JAN 1  2824    HIGHEST SLP M ON M
DPTR FM NORMAL   279    LOWEST  SLP 29.35 ON 23

[REMARKS]
