000
CXUS54 KTSA 160840
CF6TUL
PRELIMINARY LOCAL CLIMATOLOGICAL DATA (WS FORM: F-6)

                                          STATION:   TULSA OKLAHOMA
                                          MONTH:     AUGUST
                                          YEAR:      2017
                                          LATITUDE:   36 12 N
                                          LONGITUDE:  95 54 W

  TEMPERATURE IN F:       :PCPN:    SNOW:  WIND      :SUNSHINE: SKY     :PK WND
================================================================================
1   2   3   4   5  6A  6B    7    8   9   10  11  12  13   14  15   16   17  18
                                     12Z  AVG MX 2MIN
DY MAX MIN AVG DEP HDD CDD  WTR  SNW DPTH SPD SPD DIR MIN PSBL S-S WX    SPD DR
================================================================================

 1  77  69  73 -11   0   8 0.04  0.0    0  3.8 15  30   M    M   9 1      20  30
 2  89  64  77  -7   0  12 0.00  0.0    0  4.5 10 100   M    M   3 12     15 100
 3  95  68  82  -2   0  17 0.63  0.0    0  5.9 28  40   M    M   4 13     34  30
 4  84  67  76  -8   0  11 0.02  0.0    0  6.6 15  40   M    M   5        20  40
 5  95  68  82  -2   0  17 0.06  0.0    0 14.5 28 200   M    M   7 123    37 190
 6  82  70  76  -8   0  11 2.19  0.0    0  7.2 38 290   M    M   7 123    48 290
 7  85  67  76  -7   0  11 0.00  0.0    0  7.3 15 340   M    M   7 1      19  10
 8  86  67  77  -6   0  12 0.00  0.0    0  6.4 12  40   M    M   3        16  50
 9  88  67  78  -5   0  13    T  0.0    0  6.2 14 120   M    M   6        17 170
10  91  70  81  -2   0  16    T  0.0    0  6.8 17  40   M    M   7 1      24  50
11  89  71  80  -3   0  15 1.61  0.0    0  7.0 28 200   M    M   6 13     42 230
12  79  70  75  -8   0  10 0.07  0.0    0  5.0  9 360   M    M   7 1      12  20
13  84  71  78  -5   0  13    T  0.0    0  6.5 14 150   M    M   9 1      18 130
14  86  71  79  -4   0  14    T  0.0    0  6.2 13 160   M    M   7 12     17 150
15  90  72  81  -2   0  16 0.87  0.0    0  6.3 28 270   M    M  10 13     33 270
================================================================================
SM 1300 1032         0 196  5.49     0.0 100.2          M       97
================================================================================
AV 86.7 68.8                               6.7 FASTST   M    M   6    MAX(MPH)
                                 MISC ---->  # 38 290               # 48  290
================================================================================
NOTES:
# LAST OF SEVERAL OCCURRENCES

COLUMN 17 PEAK WIND IN M.P.H.

PRELIMINARY LOCAL CLIMATOLOGICAL DATA (WS FORM: F-6) , PAGE 2

                                          STATION:  TULSA OKLAHOMA
                                          MONTH:    AUGUST
                                          YEAR:     2017
                                          LATITUDE:   36 12 N
                                          LONGITUDE:  95 54 W

[TEMPERATURE DATA]      [PRECIPITATION DATA]       SYMBOLS USED IN COLUMN 16

AVERAGE MONTHLY: 77.7   TOTAL FOR MONTH:   5.49    1 = FOG OR MIST
DPTR FM NORMAL:  -5.7   DPTR FM NORMAL:    4.16    2 = FOG REDUCING VISIBILITY
HIGHEST:    95 ON  5, 3 GRTST 24HR  2.19 ON  6- 6      TO 1/4 MILE OR LESS
LOWEST:     64 ON  2                               3 = THUNDER
                        SNOW, ICE PELLETS, HAIL    4 = ICE PELLETS
                        TOTAL MONTH:   0.0 INCH    5 = HAIL
                        GRTST 24HR     0.0         6 = FREEZING RAIN OR DRIZZLE
                        GRTST DEPTH:   0           7 = DUSTSTORM OR SANDSTORM:
                                                       VSBY 1/2 MILE OR LESS
                                                   8 = SMOKE OR HAZE
[NO. OF DAYS WITH]      [WEATHER - DAYS WITH]      9 = BLOWING SNOW
                                                   X = TORNADO
MAX 32 OR BELOW:   0    0.01 INCH OR MORE:   8
MAX 90 OR ABOVE:   4    0.10 INCH OR MORE:   4
MIN 32 OR BELOW:   0    0.50 INCH OR MORE:   4
MIN  0 OR BELOW:   0    1.00 INCH OR MORE:   2

[HDD (BASE 65) ]
TOTAL THIS MO.     0    CLEAR  (SCALE 0-3)   1
DPTR FM NORMAL     0    PTCLDY (SCALE 4-7)  11
TOTAL FM JUL 1     0    CLOUDY (SCALE 8-10)  3
DPTR FM NORMAL     0

[CDD (BASE 65) ]
TOTAL THIS MO.   196
DPTR FM NORMAL   -78    [PRESSURE DATA]
TOTAL FM JAN 1  1469    HIGHEST SLP M ON M
DPTR FM NORMAL    27    LOWEST  SLP 29.70 ON  6

[REMARKS]
