369
CXUS54 KTSA 240940
CF6TUL
PRELIMINARY LOCAL CLIMATOLOGICAL DATA (WS FORM: F-6)

                                          STATION:   TULSA OKLAHOMA
                                          MONTH:     NOVEMBER
                                          YEAR:      2017
                                          LATITUDE:   36 12 N
                                          LONGITUDE:  95 54 W

  TEMPERATURE IN F:       :PCPN:    SNOW:  WIND      :SUNSHINE: SKY     :PK WND
================================================================================
1   2   3   4   5  6A  6B    7    8   9   10  11  12  13   14  15   16   17  18
                                     12Z  AVG MX 2MIN
DY MAX MIN AVG DEP HDD CDD  WTR  SNW DPTH SPD SPD DIR MIN PSBL S-S WX    SPD DR
================================================================================

 1  71  37  54  -3  11   0 0.00  0.0    0 11.5 23 190   M    M   7        30 170
 2  83  57  70  14   0   5 0.00  0.0    0 10.3 22  10   M    M   3        27  10
 3  57  52  55  -1  10   0    T  0.0    0  6.9 16  10   M    M  10 18     20  10
 4  71  52  62   6   3   0    T  0.0    0  3.3 12 170   M    M   8 18     13 180
 5  80  53  67  12   0   2 0.00  0.0    0 12.8 22 320   M    M   6 1      27 310
 6  53  42  48  -7  17   0    T  0.0    0  9.6 15 350   M    M  10 18     20 340
 7  47  42  45  -9  20   0 0.01  0.0    0 12.1 18 360   M    M  10 1      24  20
 8  57  36  47  -7  18   0 0.00  0.0    0  5.8 15 350   M    M   6        19 350
 9  61  31  46  -7  19   0 0.00  0.0    0  1.4 10 350   M    M   5 8      11 350
10  63  32  48  -5  17   0 0.00  0.0    0  7.8 16 170   M    M   7        21 150
11  56  47  52   0  13   0 0.00  0.0    0 10.4 22 160   M    M  10        29 160
12  58  50  54   2  11   0 0.00  0.0    0  7.9 16 350   M    M  10        20 350
13  62  41  52   0  13   0    T  0.0    0  6.6 15 140   M    M   9 1      18 140
14  63  54  59   8   6   0 0.01  0.0    0 11.4 17 150   M    M   8 1      22 150
15  68  38  53   2  12   0    T  0.0    0  7.9 23 350   M    M   6        27 360
16  67  35  51   1  14   0    T  0.0    0  8.9 17 140   M    M   6        22 160
17  83  59  71  21   0   6 0.00  0.0    0 17.5 29 190   M    M  10 1      39 180
18  75  37  56   7   9   0    T  0.0    0 16.5 36 340   M    M   6        42 350
19  60  31  46  -3  19   0 0.00  0.0    0  5.1 15 170   M    M   1        19 170
20  65  42  54   6  11   0 0.00  0.0    0 14.1 28 190   M    M   3        36 200
21  62  34  48   0  17   0 0.00  0.0    0 12.1 25  10   M    M   6        33  20
22  48  25  37 -10  28   0 0.00  0.0    0  5.8 16 360   M    M   4        20 360
23  67  33  50   3  15   0 0.00  0.0    0  6.6 13 190   M    M   2        17 190
================================================================================
SM 1477  960       283  13  0.02     0.0 212.3          M      153
================================================================================
AV 64.2 41.7                               9.2 FASTST   M    M   7    MAX(MPH)
                                 MISC ---->  # 36 340               # 42  350
================================================================================
NOTES:
# LAST OF SEVERAL OCCURRENCES

COLUMN 17 PEAK WIND IN M.P.H.

PRELIMINARY LOCAL CLIMATOLOGICAL DATA (WS FORM: F-6) , PAGE 2

                                          STATION:  TULSA OKLAHOMA
                                          MONTH:    NOVEMBER
                                          YEAR:     2017
                                          LATITUDE:   36 12 N
                                          LONGITUDE:  95 54 W

[TEMPERATURE DATA]      [PRECIPITATION DATA]       SYMBOLS USED IN COLUMN 16

AVERAGE MONTHLY: 53.0   TOTAL FOR MONTH:   0.02    1 = FOG OR MIST
DPTR FM NORMAL:   1.0   DPTR FM NORMAL:   -2.22    2 = FOG REDUCING VISIBILITY
HIGHEST:    83 ON 17, 2 GRTST 24HR  0.01 ON 14-14      TO 1/4 MILE OR LESS
LOWEST:     25 ON 22                               3 = THUNDER
                        SNOW, ICE PELLETS, HAIL    4 = ICE PELLETS
                        TOTAL MONTH:   0.0 INCH    5 = HAIL
                        GRTST 24HR     0.0         6 = FREEZING RAIN OR DRIZZLE
                        GRTST DEPTH:   0           7 = DUSTSTORM OR SANDSTORM:
                                                       VSBY 1/2 MILE OR LESS
                                                   8 = SMOKE OR HAZE
[NO. OF DAYS WITH]      [WEATHER - DAYS WITH]      9 = BLOWING SNOW
                                                   X = TORNADO
MAX 32 OR BELOW:   0    0.01 INCH OR MORE:   2
MAX 90 OR ABOVE:   0    0.10 INCH OR MORE:   0
MIN 32 OR BELOW:   4    0.50 INCH OR MORE:   0
MIN  0 OR BELOW:   0    1.00 INCH OR MORE:   0

[HDD (BASE 65) ]
TOTAL THIS MO.   283    CLEAR  (SCALE 0-3)   2
DPTR FM NORMAL   -26    PTCLDY (SCALE 4-7)  13
TOTAL FM JUL 1   442    CLOUDY (SCALE 8-10)  8
DPTR FM NORMAL   -53

[CDD (BASE 65) ]
TOTAL THIS MO.    13
DPTR FM NORMAL     5    [PRESSURE DATA]
TOTAL FM JAN 1  2136    HIGHEST SLP M ON M
DPTR FM NORMAL   100    LOWEST  SLP 29.41 ON 18

[REMARKS]
