000
CXUS54 KMEG 300644
CF6TUP
PRELIMINARY LOCAL CLIMATOLOGICAL DATA (WS FORM: F-6)

                                          STATION:   TUPELO
                                          MONTH:     OCTOBER
                                          YEAR:      2014
                                          LATITUDE:   34 16 N
                                          LONGITUDE:  88 46 W

  TEMPERATURE IN F:       :PCPN:    SNOW:  WIND      :SUNSHINE: SKY     :PK WND
================================================================================
1   2   3   4   5  6A  6B    7    8   9   10  11  12  13   14  15   16   17  18
                                     12Z  AVG MX 2MIN
DY MAX MIN AVG DEP HDD CDD  WTR  SNW DPTH SPD SPD DIR MIN PSBL S-S WX    SPD DR
================================================================================

 1  89  60  75   7   0  10 0.00  0.0    0  3.8 13 170   M    M   0        18 200
 2  82  66  74   6   0   9 0.55  0.0    0  8.8 23 200   M    M   5 138    35 300
 3  80  55  68   0   0   3    T  0.0    0  8.4 20 360   M    M   5 13     25  20
 4  67  45  56 -11   9   0 0.00  0.0    0  5.1 20 340   M    M   0        29 320
 5  78  42  60  -7   5   0 0.00  0.0    0  6.9 18 220   M    M   2        26 250
 6  79  55  67   1   0   2 0.00  0.0    0  7.8 17 250   M    M   4 138    25 240
 7  87  64  76  10   0  11 0.18  0.0    0  7.7 18 230   M    M   5 3      27 220
 8  87  64  76  10   0  11 0.00  0.0    0  3.7 20 330   M    M   1 13     30 330
 9  87  62  75  10   0  10 0.00  0.0    0  2.5 12 230   M    M   2 1      19 220
10  87  67  77  12   0  12 1.89  0.0    0  7.6 23 290   M    M   6 138    32 260
11  77  65  71   6   0   6 0.14  0.0    0  5.4 17  20   M    M   9 18     19  30
12  77  65  71   7   0   6    T  0.0    0  3.6 23  40   M    M   8 1238   31 180
13  82  63  73   9   0   8 2.65  0.0    0 11.4 28 200   M    M   9 138    40 210
14  65  58  62  -2   3   0 2.19  0.0    0  7.3 17 270   M    M  10 138    24 250
15  70  54  62  -1   3   0 0.00  0.0    0  6.2 18 280   M    M   8        25 270
16  75  50  63   0   2   0 0.00  0.0    0  2.8 10 270   M    M   0        15 270
17  82  50  66   3   0   1 0.00  0.0    0  5.7 17 270   M    M   0        23 280
18  71  50  61  -1   4   0 0.00  0.0    0  7.3 15  30   M    M   0        24  20
19  68  45  57  -5   8   0 0.00  0.0    0  3.9 10  90   M    M   0        13  70
20  73  43  58  -4   7   0 0.00  0.0    0  1.5  9 330   M    M   0 1      14 340
21  77  49  63   2   2   0 0.00  0.0    0  4.2 15  20   M    M   0 1      20  10
22  69  44  57  -4   8   0 0.00  0.0    0  7.3 16  50   M    M   0        20  60
23  66  39  53  -8  12   0 0.00  0.0    0  3.6  9  30   M    M   0        10  30
24  73  46  60   0   5   0 0.00  0.0    0  3.2 12  20   M    M   0 8      14  30
25  81  49  65   5   0   0 0.00  0.0    0  2.2 12 280   M    M   0 1      15 280
26  85  55  70  10   0   5 0.00  0.0    0  2.2 10 270   M    M   1 128    15 280
27  84  57  71  11   0   6 0.00  0.0    0  6.3 16 240   M    M   1 12     21 220
28  79  59  69  10   0   4 0.17  0.0    0  4.6 15 360   M    M   4 13     24 340
29  69  47  58  -1   7   0 0.57  0.0    0  8.2 21  20   M    M   2 13     26  20
================================================================================
SM 2246 1568        75 104  8.34     0.0 159.2          M       82
================================================================================
AV 77.4 54.1                               5.5 FASTST   M    M   3    MAX(MPH)
                                 MISC ---->  # 28 200               # 40  210
================================================================================
NOTES:
# LAST OF SEVERAL OCCURRENCES

COLUMN 17 PEAK WIND IN M.P.H.

PRELIMINARY LOCAL CLIMATOLOGICAL DATA (WS FORM: F-6) , PAGE 2

                                          STATION:  TUPELO
                                          MONTH:    OCTOBER
                                          YEAR:     2014
                                          LATITUDE:   34 16 N
                                          LONGITUDE:  88 46 W

[TEMPERATURE DATA]      [PRECIPITATION DATA]       SYMBOLS USED IN COLUMN 16

AVERAGE MONTHLY: 65.8   TOTAL FOR MONTH:   8.34    1 = FOG OR MIST
DPTR FM NORMAL:   2.3   DPTR FM NORMAL:    4.47    2 = FOG REDUCING VISIBILITY
HIGHEST:    89 ON  1    GRTST 24HR  2.65 ON 13-13      TO 1/4 MILE OR LESS
LOWEST:     39 ON 23                               3 = THUNDER
                        SNOW, ICE PELLETS, HAIL    4 = ICE PELLETS
                        TOTAL MONTH:   0.0 INCH    5 = HAIL
                        GRTST 24HR     0.0         6 = FREEZING RAIN OR DRIZZLE
                        GRTST DEPTH:   0           7 = DUSTSTORM OR SANDSTORM:
                                                       VSBY 1/2 MILE OR LESS
                                                   8 = SMOKE OR HAZE
[NO. OF DAYS WITH]      [WEATHER - DAYS WITH]      9 = BLOWING SNOW
                                                   X = TORNADO
MAX 32 OR BELOW:   0    0.01 INCH OR MORE:   8
MAX 90 OR ABOVE:   0    0.10 INCH OR MORE:   8
MIN 32 OR BELOW:   0    0.50 INCH OR MORE:   5
MIN  0 OR BELOW:   0    1.00 INCH OR MORE:   3

[HDD (BASE 65) ]
TOTAL THIS MO.    75    CLEAR  (SCALE 0-3)  18
DPTR FM NORMAL   -46    PTCLDY (SCALE 4-7)   8
TOTAL FM JUL 1    76    CLOUDY (SCALE 8-10)  3
DPTR FM NORMAL   -57

[CDD (BASE 65) ]
TOTAL THIS MO.   104
DPTR FM NORMAL    30    [PRESSURE DATA]
TOTAL FM JAN 1  1974    HIGHEST SLP M ON M
DPTR FM NORMAL   -58    LOWEST  SLP 29.62 ON M

[REMARKS]
