000
CXUS53 KAPX 270631
CF6TVC
PRELIMINARY LOCAL CLIMATOLOGICAL DATA (WS FORM: F-6)

                                          STATION:   TRAVERSE CITY MI
                                          MONTH:     MARCH
                                          YEAR:      2015
                                          LATITUDE:   44 44 N
                                          LONGITUDE:  85 34 W

  TEMPERATURE IN F:       :PCPN:    SNOW:  WIND      :SUNSHINE: SKY     :PK WND
================================================================================
1   2   3   4   5  6A  6B    7    8   9   10  11  12  13   14  15   16   17  18
                                     12Z  AVG MX 2MIN
DY MAX MIN AVG DEP HDD CDD  WTR  SNW DPTH SPD SPD DIR MIN PSBL S-S WX    SPD DR
================================================================================

 1  26  11  19  -7  46   0    T    M    M  7.1 21 280   M    M   9 18     26 280
 2  26   4  15 -11  50   0    T    M    M  6.2 17 300   M    M   4        21 300
 3  30   6  18  -8  47   0 0.07    M    M  6.3 22 260   M    M   9 168    26 270
 4  27   2  15 -11  50   0    T    M    M 11.0 23 270   M    M   8 18     27 280
 5  13 -10   2 -25  63   0    T    M    M  3.1 14 280   M    M   7        17 280
 6  31   2  17 -10  48   0 0.00    M    M  8.6 22 210   M    M   4        37 220
 7  35  14  25  -2  40   0    T    M    M  5.6 20 290   M    M   6 189    23 300
 8  44   9  27  -1  38   0    T    M    M  5.2 20 260   M    M   6 1      30 260
 9  51  20  36   8  29   0 0.00    M    M  6.8 15 220   M    M   4 1      23 210
10  53  26  40  12  25   0 0.00    M    M  6.2 15 200   M    M   4 18     21 210
11  48  26  37   8  28   0 0.00    M    M  4.2 16 360   M    M   1 18     23 360
12  50  25  38   9  27   0 0.00    M    M  4.4 13 140   M    M   7        22 170
13  61  34  48  19  17   0 0.00    M    M  5.2 10 200   M    M   5        19 200
14  46  35  41  11  24   0    T    M    M 10.5 21 330   M    M   9        28 310
15  52  32  42  12  23   0 0.00    M    M  6.0 14 320   M    M   9        23 320
16  61  37  49  19  16   0 0.05    M    M  5.2 15 360   M    M   7 1      19 350
17  37  25  31   0  34   0 0.00    M    M 12.5 26 330   M    M   3        35 310
18  39  24  32   1  33   0 0.00    M    M  4.9 16 320   M    M   2        21 340
19  43  19  31  -1  34   0 0.00    M    M  2.6 10 140   M    M   7        16 130
20  50  33  42  10  23   0 0.00    M    M  6.1 17 240   M    M   9        31 210
21  42  19  31  -1  34   0 0.02    M    M 10.4 20 340   M    M   5 18     27 340
22  32  13  23 -10  42   0 0.00    M    M  5.3 16 360   M    M   3        22 350
23  37  19  28  -5  37   0 0.00    M    M  5.5 13  40   M    M   6        16  40
24  42  18  30  -4  35   0 0.00    M    M  3.5 13  30   M    M   1        15  30
25  40  32  36   2  29   0 0.26    M    M  9.0 20 240   M    M   8 146    30 240
26  39  20  30  -4  35   0    T    M    M 11.1 18 340   M    M  10        24 330
================================================================================
SM 1055  495       907   0  0.40    M    172.5          M      153
================================================================================
AV 40.6 19.0                               6.6 FASTST   M    M   6    MAX(MPH)
                                 MISC ---->  # 26 330               # 37  220
================================================================================
NOTES:
# LAST OF SEVERAL OCCURRENCES

COLUMN 17 PEAK WIND IN M.P.H.

PRELIMINARY LOCAL CLIMATOLOGICAL DATA (WS FORM: F-6) , PAGE 2

                                          STATION:  TRAVERSE CITY MI
                                          MONTH:    MARCH
                                          YEAR:     2015
                                          LATITUDE:   44 44 N
                                          LONGITUDE:  85 34 W

[TEMPERATURE DATA]      [PRECIPITATION DATA]       SYMBOLS USED IN COLUMN 16

AVERAGE MONTHLY: 29.8   TOTAL FOR MONTH:   0.40    1 = FOG OR MIST
DPTR FM NORMAL:   0.1   DPTR FM NORMAL:   -1.12    2 = FOG REDUCING VISIBILITY
HIGHEST:    61 ON 16,13 GRTST 24HR  0.26 ON 25-25      TO 1/4 MILE OR LESS
LOWEST:    -10 ON  5                               3 = THUNDER
                        SNOW, ICE PELLETS, HAIL    4 = ICE PELLETS
                        TOTAL MONTH:    M          5 = HAIL
                        GRTST 24HR    M  ON   M    6 = FREEZING RAIN OR DRIZZLE
                        GRTST DEPTH:  M  ON   M    7 = DUSTSTORM OR SANDSTORM:
                                                       VSBY 1/2 MILE OR LESS
                                                   8 = SMOKE OR HAZE
[NO. OF DAYS WITH]      [WEATHER - DAYS WITH]      9 = BLOWING SNOW
                                                   X = TORNADO
MAX 32 OR BELOW:   7    0.01 INCH OR MORE:   4
MAX 90 OR ABOVE:   0    0.10 INCH OR MORE:   1
MIN 32 OR BELOW:  22    0.50 INCH OR MORE:   0
MIN  0 OR BELOW:   1    1.00 INCH OR MORE:   0

[HDD (BASE 65) ]
TOTAL THIS MO.   907    CLEAR  (SCALE 0-3)   5
DPTR FM NORMAL    -9    PTCLDY (SCALE 4-7)  14
TOTAL FM JUL 1  6639    CLOUDY (SCALE 8-10)  7
DPTR FM NORMAL   383

[CDD (BASE 65) ]
TOTAL THIS MO.     0
DPTR FM NORMAL     0    [PRESSURE DATA]
TOTAL FM JAN 1     0    HIGHEST SLP M ON M
DPTR FM NORMAL     0    LOWEST  SLP 29.53 ON  3

[REMARKS]
