000
CXUS54 KSHV 301300
CF6TYR
PRELIMINARY LOCAL CLIMATOLOGICAL DATA (WS FORM: F-6)

                                          STATION:   TYLER
                                          MONTH:     JUNE
                                          YEAR:      2015
                                          LATITUDE:   32 22 N
                                          LONGITUDE:  95 24 W

  TEMPERATURE IN F:       :PCPN:    SNOW:  WIND      :SUNSHINE: SKY     :PK WND
================================================================================
1   2   3   4   5  6A  6B    7    8   9   10  11  12  13   14  15   16   17  18
                                     12Z  AVG MX 2MIN
DY MAX MIN AVG DEP HDD CDD  WTR  SNW DPTH SPD SPD DIR MIN PSBL S-S WX    SPD DR
================================================================================

 1  83  60  72  -5   0   7 0.00  0.0    0  2.1  8  40   M    M   2        12  30
 2  87  65  76  -1   0  11 0.00  0.0    0  4.3 10 160   M    M   2        14 150
 3  89  67  78   1   0  13 0.00  0.0    0  6.4 14 170   M    M   1        19 150
 4  90  69  80   2   0  15 0.00  0.0    0  4.9  8  60   M    M   2        13 200
 5  91  72  82   4   0  17 0.00  0.0    0  3.6  9  90   M    M   2        13  60
 6  92  68  80   2   0  15 0.00  0.0    0  3.2 10 190   M    M   1        16  80
 7  93  71  82   4   0  17 0.00  0.0    0  5.7 12 240   M    M   0        15 250
 8  94  73  84   6   0  19 0.00  0.0    0  6.0 13 210   M    M   0        15 220
 9  96  73  85   7   0  20 0.99  0.0    0  8.0 41  30   M    M   1 13     56  40
10  94  72  83   4   0  18 0.00  0.0    0  5.5 10 220   M    M   0        14 230
11  92  75  84   5   0  19 0.00  0.0    0  9.7 17 210   M    M   1        21 210
12  92  74  83   4   0  18 0.01  0.0    0  8.5 16 150   M    M   2        22 130
13  89  74  82   3   0  17 0.04  0.0    0 11.6 24 160   M    M   6 3      30 170
14  88  74  81   2   0  16 0.37  0.0    0  8.0 23 180   M    M   6 138    30 160
15  90  74  82   2   0  17 0.02  0.0    0  8.3 29 140   M    M   5        37 130
16  87  75  81   1   0  16 0.38  0.0    0  8.5 13 130   M    M   8 13     33 180
17  82  75  79  -1   0  14 1.05  0.0    0 15.7 26 170   M    M   8 1      36 160
18  86  77  82   2   0  17 0.48  0.0    0 12.9 26 200   M    M   7 13     33 200
19  92  76  84   4   0  19 0.00  0.0    0  9.3 15 240   M    M   4        21 250
20  90  76  83   3   0  18    T  0.0    0 10.2 17 200   M    M   2        22 200
21  89  75  82   2   0  17    T  0.0    0  9.5 18 180   M    M   3        23 180
22  92  78  85   4   0  20 0.00  0.0    0  9.3 15 220   M    M   3        19 190
23  92  74  83   2   0  18 0.00  0.0    0  4.6 12 240   M    M   1        15 240
24  94  76  85   4   0  20 0.00  0.0    0  5.1 10 210   M    M   1        16 220
25  93  74  84   3   0  19 0.00  0.0    0  6.7 12 220   M    M   0        19 220
26  92  76  84   3   0  19 0.00  0.0    0  8.5 16 200   M    M   1        20 190
27  88  73  81   0   0  16 1.90  0.0    0  4.7 21 320   M    M   6 13     26 310
28  90  70  80  -1   0  15 0.00  0.0    0  2.3  9 260   M    M   1        11 250
29  93  73  83   2   0  18 0.00  0.0    0  6.9 21  90   M    M   3 3      24  90
================================================================================
SM 2620 2109         0 485  5.24     0.0 210.0          M       79
================================================================================
AV 90.3 72.7                               7.2 FASTST   M    M   3    MAX(MPH)
                                 MISC ---->  # 41  30               # 56   40
================================================================================
NOTES:
# LAST OF SEVERAL OCCURRENCES

COLUMN 17 PEAK WIND IN M.P.H.

PRELIMINARY LOCAL CLIMATOLOGICAL DATA (WS FORM: F-6) , PAGE 2

                                          STATION:  TYLER
                                          MONTH:    JUNE
                                          YEAR:     2015
                                          LATITUDE:   32 22 N
                                          LONGITUDE:  95 24 W

[TEMPERATURE DATA]      [PRECIPITATION DATA]       SYMBOLS USED IN COLUMN 16

AVERAGE MONTHLY: 81.5   TOTAL FOR MONTH:   5.24    1 = FOG OR MIST
DPTR FM NORMAL:   2.2   DPTR FM NORMAL:    0.55    2 = FOG REDUCING VISIBILITY
HIGHEST:    96 ON  9    GRTST 24HR  1.90 ON 27-27      TO 1/4 MILE OR LESS
LOWEST:     60 ON  1                               3 = THUNDER
                        SNOW, ICE PELLETS, HAIL    4 = ICE PELLETS
                        TOTAL MONTH:   0.0 INCH    5 = HAIL
                        GRTST 24HR     0.0         6 = FREEZING RAIN OR DRIZZLE
                        GRTST DEPTH:   0           7 = DUSTSTORM OR SANDSTORM:
                                                       VSBY 1/2 MILE OR LESS
                                                   8 = SMOKE OR HAZE
[NO. OF DAYS WITH]      [WEATHER - DAYS WITH]      9 = BLOWING SNOW
                                                   X = TORNADO
MAX 32 OR BELOW:   0    0.01 INCH OR MORE:   9
MAX 90 OR ABOVE:  19    0.10 INCH OR MORE:   6
MIN 32 OR BELOW:   0    0.50 INCH OR MORE:   3
MIN  0 OR BELOW:   0    1.00 INCH OR MORE:   2

[HDD (BASE 65) ]
TOTAL THIS MO.     0    CLEAR  (SCALE 0-3)  19
DPTR FM NORMAL     0    PTCLDY (SCALE 4-7)  10
TOTAL FM JUL 1  2194    CLOUDY (SCALE 8-10)  0
DPTR FM NORMAL   -75

[CDD (BASE 65) ]
TOTAL THIS MO.   485
DPTR FM NORMAL    69    [PRESSURE DATA]
TOTAL FM JAN 1   947    HIGHEST SLP M ON M
DPTR FM NORMAL   162    LOWEST  SLP 29.76 ON 10

[REMARKS]
