000
CXUS56 KPQR 281503
CF6UAO
PRELIMINARY LOCAL CLIMATOLOGICAL DATA (WS FORM: F-6)

                                          STATION:   AURORA STATE OR
                                          MONTH:     MAY
                                          YEAR:      2016
                                          LATITUDE:   45 15 N
                                          LONGITUDE: 122 46 W

  TEMPERATURE IN F:       :PCPN:    SNOW:  WIND      :SUNSHINE: SKY     :PK WND
================================================================================
1   2   3   4   5  6A  6B    7    8   9   10  11  12  13   14  15   16   17  18
                                     12Z  AVG MX 2MIN
DY MAX MIN AVG DEP HDD CDD  WTR  SNW DPTH SPD SPD DIR MIN PSBL S-S WX    SPD DR
================================================================================

 1  83  47  65  10   0   0 0.00  0.0    0  8.2 16  30   M    M   0        23  40
 2  82  50  66  11   0   1 0.00  0.0    0  3.5 15 250   M    M   2        19 250
 3  72  52  62   7   3   0 0.10  0.0    0  3.0 12 230   M    M   5 1      17 240
 4  62  50  56   1   9   0 0.01  0.0    0  5.8 14  40   M    M   8        17  50
 5  70  50  60   5   5   0 0.00  0.0    0  4.0 13 360   M    M   6        16 360
 6  82  49  66  10   0   1 0.00  0.0    0  6.7 18 360   M    M   2        23  10
 7  85  52  69  13   0   4 0.00  0.0    0  5.1 18 350   M    M   0        25 350
 8  63  49  56   0   9   0 0.00  0.0    0  5.9 15 350   M    M   8        20 340
 9  68  46  57   1   8   0 0.00  0.0    0  3.6 12 170   M    M   6        13 160
10  78  44  61   5   4   0 0.00  0.0    0  7.4 15  30   M    M   1        21 360
11  82  51  67  10   0   2 0.00  0.0    0  3.0 12  10   M    M   1 8      14  40
12  81  48  65   8   0   0 0.00  0.0    0  1.6 10 200   M    M   1        13 210
13  81  48  65   8   0   0 0.00  0.0    0  3.2 10 190   M    M   4 8      16 220
14  55  52  54  -3  11   0 0.16  0.0    0  5.1 10 210   M    M   9 18     14 210
15  57  52  55  -3  10   0 0.51  0.0    0  5.0 10 360   M    M  10 1      13  10
16  59  51  55  -3  10   0 0.00  0.0    0  3.6  9 350   M    M  10 18     12 340
17  75  53  64   6   1   0 0.00  0.0    0  4.4 10  20   M    M   7        14  10
18  73  51  62   4   3   0 0.00  0.0    0  3.5 13 270   M    M   5        19 290
19  61  46  54  -4  11   0    T  0.0    0  5.2 16 250   M    M   8 8      22 210
20  63  45  54  -4  11   0 0.00  0.0    0  2.8 10 170   M    M   9        13 180
21  60  49  55  -3  10   0 0.06  0.0    0  6.2 14 180   M    M  10 1      18 190
22  62  50  56  -3   9   0 0.17  0.0    0  7.1 20 180   M    M  10 18     23 170
23  65  48  57  -2   8   0    T  0.0    0  5.7 12 240   M    M   8        17 220
24  68  52  60   1   5   0 0.00  0.0    0  3.0 10  40   M    M   9        14 330
25  66  52  59   0   6   0 0.00  0.0    0  4.5 12 350   M    M  10        17 350
26  61  51  56  -3   9   0 0.00  0.0    0  4.3 10 170   M    M  10        16 180
27  63  49  56  -3   9   0 0.05  0.0    0  4.1 12 240   M    M   9 18     16 250
================================================================================
SM 1877 1337       151   8  1.06     0.0 125.5          M      168
================================================================================
AV 69.5 49.5                               4.6 FASTST   M    M   6    MAX(MPH)
                                 MISC ---->  # 20 180               # 25  350
================================================================================
NOTES:
# LAST OF SEVERAL OCCURRENCES

COLUMN 17 PEAK WIND IN M.P.H.

PRELIMINARY LOCAL CLIMATOLOGICAL DATA (WS FORM: F-6) , PAGE 2

                                          STATION:  AURORA STATE OR
                                          MONTH:    MAY
                                          YEAR:     2016
                                          LATITUDE:   45 15 N
                                          LONGITUDE: 122 46 W

[TEMPERATURE DATA]      [PRECIPITATION DATA]       SYMBOLS USED IN COLUMN 16

AVERAGE MONTHLY: 59.5   TOTAL FOR MONTH:   1.06    1 = FOG OR MIST
DPTR FM NORMAL:   2.4   DPTR FM NORMAL:   -1.01    2 = FOG REDUCING VISIBILITY
HIGHEST:    85 ON  7    GRTST 24HR  0.51 ON 14-15      TO 1/4 MILE OR LESS
LOWEST:     44 ON 10                               3 = THUNDER
                        SNOW, ICE PELLETS, HAIL    4 = ICE PELLETS
                        TOTAL MONTH:   0.0 INCH    5 = HAIL
                        GRTST 24HR     0.0         6 = FREEZING RAIN OR DRIZZLE
                        GRTST DEPTH:   0           7 = DUSTSTORM OR SANDSTORM:
                                                       VSBY 1/2 MILE OR LESS
                                                   8 = SMOKE OR HAZE
[NO. OF DAYS WITH]      [WEATHER - DAYS WITH]      9 = BLOWING SNOW
                                                   X = TORNADO
MAX 32 OR BELOW:   0    0.01 INCH OR MORE:   7
MAX 90 OR ABOVE:   0    0.10 INCH OR MORE:   4
MIN 32 OR BELOW:   0    0.50 INCH OR MORE:   1
MIN  0 OR BELOW:   0    1.00 INCH OR MORE:   0

[HDD (BASE 65) ]
TOTAL THIS MO.   151    CLEAR  (SCALE 0-3)   7
DPTR FM NORMAL   -71    PTCLDY (SCALE 4-7)   9
TOTAL FM JUL 1  3723    CLOUDY (SCALE 8-10) 11
DPTR FM NORMAL  -587

[CDD (BASE 65) ]
TOTAL THIS MO.     8
DPTR FM NORMAL    -3    [PRESSURE DATA]
TOTAL FM JAN 1    14    HIGHEST SLP M ON M
DPTR FM NORMAL     2    LOWEST  SLP 29.72 ON 20

[REMARKS]
