390
CXUS56 KPQR 191200
CF6UAO
PRELIMINARY LOCAL CLIMATOLOGICAL DATA (WS FORM: F-6)

                                          STATION:   AURORA STATE OR
                                          MONTH:     FEBRUARY
                                          YEAR:      2017
                                          LATITUDE:   45 15 N
                                          LONGITUDE: 122 46 W

  TEMPERATURE IN F:       :PCPN:    SNOW:  WIND      :SUNSHINE: SKY     :PK WND
================================================================================
1   2   3   4   5  6A  6B    7    8   9   10  11  12  13   14  15   16   17  18
                                     12Z  AVG MX 2MIN
DY MAX MIN AVG DEP HDD CDD  WTR  SNW DPTH SPD SPD DIR MIN PSBL S-S WX    SPD DR
================================================================================

 1  43  35  39  -4  26   0 0.00  0.0    0 16.7 23  50   M    M   4        34  50
 2  44  35  40  -3  25   0    T    M    0 16.3 23  40   M    M   6 4      33  60
 3  49  31  40  -3  25   0 0.80    M    0  6.2 16 190   M    M  10 16     23 190
 4  54  46  50   7  15   0 0.63    M    0 13.9 24 180   M    M  10 1      35 190
 5  48  36  42  -1  23   0 2.12    M    0  5.6 17 350   M    M  10 1      22 220
 6  43  32  38  -5  27   0 0.10    M    0  8.3 21 190   M    M   8 1      28 200
 7  40  31  36  -7  29   0 0.08    M    0  5.1 14 360   M    M   8 1      19  10
 8  43  39  41  -2  24   0 1.13    M    0  5.1 12 350   M    M   8 1      14 350
 9  60  43  52   9  13   0 0.45    M    0 12.8 24 190   M    M   9 1      35 170
10  51  40  46   3  19   0 0.09    M    0 10.0 20 190   M    M   8        30 190
11  51  35  43  -1  22   0 0.00  0.0    0  1.9  8  10   M    M   4        10 220
12  53  31  42  -2  23   0 0.00  0.0    0  3.2 13  20   M    M   3 1      14  20
13  59  30  45   1  20   0 0.00  0.0    0  3.9 10 360   M    M   1        13  10
14  54  31  43  -1  22   0 0.05    M    0  2.0 14  60   M    M   6        17  50
15  56  44  50   6  15   0 1.01    M    0  4.5 14 170   M    M  10 1      18 190
16  54  46  50   6  15   0 0.99    M    0  8.5 20 190   M    M  10 1      28 200
17  56  41  49   5  16   0 0.00  0.0    0  8.5 17  10   M    M   5 1      22 360
18  53  42  48   4  17   0 0.22    M    0  5.5 15 240   M    M   9 1      23 240
================================================================================
SM  911  668       376   0  7.67     0.0 138.0          M      129
================================================================================
AV 50.6 37.1                               7.7 FASTST   M    M   7    MAX(MPH)
                                 MISC ---->  # 24 180               # 35  190
================================================================================
NOTES:
# LAST OF SEVERAL OCCURRENCES

COLUMN 17 PEAK WIND IN M.P.H.

PRELIMINARY LOCAL CLIMATOLOGICAL DATA (WS FORM: F-6) , PAGE 2

                                          STATION:  AURORA STATE OR
                                          MONTH:    FEBRUARY
                                          YEAR:     2017
                                          LATITUDE:   45 15 N
                                          LONGITUDE: 122 46 W

[TEMPERATURE DATA]      [PRECIPITATION DATA]       SYMBOLS USED IN COLUMN 16

AVERAGE MONTHLY: 43.9   TOTAL FOR MONTH:   7.67    1 = FOG OR MIST
DPTR FM NORMAL:   0.4   DPTR FM NORMAL:    4.19    2 = FOG REDUCING VISIBILITY
HIGHEST:    60 ON  9    GRTST 24HR  2.12 ON  4- 5      TO 1/4 MILE OR LESS
LOWEST:     30 ON 13                               3 = THUNDER
                        SNOW, ICE PELLETS, HAIL    4 = ICE PELLETS
                        TOTAL MONTH:   0.0 INCH    5 = HAIL
                        GRTST 24HR     0.0         6 = FREEZING RAIN OR DRIZZLE
                        GRTST DEPTH:   0           7 = DUSTSTORM OR SANDSTORM:
                                                       VSBY 1/2 MILE OR LESS
                                                   8 = SMOKE OR HAZE
[NO. OF DAYS WITH]      [WEATHER - DAYS WITH]      9 = BLOWING SNOW
                                                   X = TORNADO
MAX 32 OR BELOW:   0    0.01 INCH OR MORE:  12
MAX 90 OR ABOVE:   0    0.10 INCH OR MORE:   9
MIN 32 OR BELOW:   6    0.50 INCH OR MORE:   6
MIN  0 OR BELOW:   0    1.00 INCH OR MORE:   3

[HDD (BASE 65) ]
TOTAL THIS MO.   376    CLEAR  (SCALE 0-3)   2
DPTR FM NORMAL   -12    PTCLDY (SCALE 4-7)   9
TOTAL FM JUL 1  2999    CLOUDY (SCALE 8-10)  7
DPTR FM NORMAL    45

[CDD (BASE 65) ]
TOTAL THIS MO.     0
DPTR FM NORMAL     0    [PRESSURE DATA]
TOTAL FM JAN 1     0    HIGHEST SLP M ON M
DPTR FM NORMAL     0    LOWEST  SLP 29.22 ON  5

[REMARKS]
