000
CXUS55 KSEW 190930
CF6UIL
PRELIMINARY LOCAL CLIMATOLOGICAL DATA (WS FORM: F-6)

                                          STATION:   QUILLAYUTE WA AIRPORT
                                          MONTH:     JANUARY
                                          YEAR:      2018
                                          LATITUDE:   47 57 N
                                          LONGITUDE: 124 33 W

  TEMPERATURE IN F:       :PCPN:    SNOW:  WIND      :SUNSHINE: SKY     :PK WND
================================================================================
1   2   3   4   5  6A  6B    7    8   9   10  11  12  13   14  15   16   17  18
                                     12Z  AVG MX 2MIN
DY MAX MIN AVG DEP HDD CDD  WTR  SNW DPTH SPD SPD DIR MIN PSBL S-S WX    SPD DR
================================================================================

 1  49  30  40  -1  25   0 0.00  0.0    0  3.7  7  80   M    M   0         9  60
 2  45  29  37  -4  28   0 0.00  0.0    0  1.3  8   8   M    M   0        10   8
 3  53  27  40  -1  25   0 0.00  0.0    0  3.5 10  60   M    M   0        13  60
 4  50  34  42   1  23   0 0.14  0.0    0  3.1  8  70   M    M   6 1      10  90
 5  53  43  48   7  17   0 1.04  0.0    0  7.1 17 190   M    M  10 1      32 160
 6  46  39  43   2  22   0 0.09  0.0    0  1.8  8 220   M    M   9 1      12 230
 7  47  41  44   3  21   0 0.46  0.0    0  9.4 17 140   M    M  10 1      28 150
 8  49  45  47   6  18   0 0.70  0.0    0  4.2 10 140   M    M  10 1      16 150
 9  46  34  40  -1  25   0 0.41  0.0    0  3.3 17 280   M    M   8 1      25 270
10  45  34  40  -1  25   0 0.24  0.0    0  4.4  8  80   M    M  10 1      12  60
11  50  41  46   5  19   0 1.39  0.0    0  6.3 14 180   M    M   8 1      20 200
12  49  45  47   5  18   0 0.68  0.0    0  6.4 14 180   M    M   9 1      24 180
13  55  46  51   9  14   0 0.43  0.0    0  5.7 14  50   M    M   6 1      22 130
14  58  45  52  10  13   0 0.00  0.0    0  7.5 15  50   M    M   0        22  50
15  63  42  53  11  12   0 0.18  0.0    0  6.0 20 190   M    M   5 1      31 160
16  50  44  47   5  18   0 0.43  0.0    0  9.6 21 170   M    M   9 13     33 200
17  55  44  50   8  15   0 0.70    M    0 15.5 29 150   M    M  10 13     51 150
18  52  41  47   5  18   0 0.13    M    0 13.4 24 180   M    M   9 13     35 180
================================================================================
SM  915  704       356   0  7.02     0.0 112.2          M      119
================================================================================
AV 50.8 39.1                               6.2 FASTST   M    M   7    MAX(MPH)
                                 MISC ---->  # 29 150               # 51  150
================================================================================
NOTES:
# LAST OF SEVERAL OCCURRENCES

COLUMN 17 PEAK WIND IN M.P.H.

PRELIMINARY LOCAL CLIMATOLOGICAL DATA (WS FORM: F-6) , PAGE 2

                                          STATION:  QUILLAYUTE WA AIRPORT
                                          MONTH:    JANUARY
                                          YEAR:     2018
                                          LATITUDE:   47 57 N
                                          LONGITUDE: 124 33 W

[TEMPERATURE DATA]      [PRECIPITATION DATA]       SYMBOLS USED IN COLUMN 16

AVERAGE MONTHLY: 45.0   TOTAL FOR MONTH:   7.02    1 = FOG OR MIST
DPTR FM NORMAL:   3.6   DPTR FM NORMAL:   -1.74    2 = FOG REDUCING VISIBILITY
HIGHEST:    63 ON 15    GRTST 24HR  1.39 ON 11-11      TO 1/4 MILE OR LESS
LOWEST:     27 ON  3                               3 = THUNDER
                        SNOW, ICE PELLETS, HAIL    4 = ICE PELLETS
                        TOTAL MONTH:   0.0 INCH    5 = HAIL
                        GRTST 24HR     0.0         6 = FREEZING RAIN OR DRIZZLE
                        GRTST DEPTH:   0           7 = DUSTSTORM OR SANDSTORM:
                                                       VSBY 1/2 MILE OR LESS
                                                   8 = SMOKE OR HAZE
[NO. OF DAYS WITH]      [WEATHER - DAYS WITH]      9 = BLOWING SNOW
                                                   X = TORNADO
MAX 32 OR BELOW:   0    0.01 INCH OR MORE:  14
MAX 90 OR ABOVE:   0    0.10 INCH OR MORE:  13
MIN 32 OR BELOW:   3    0.50 INCH OR MORE:   5
MIN  0 OR BELOW:   0    1.00 INCH OR MORE:   2

[HDD (BASE 65) ]
TOTAL THIS MO.   356    CLEAR  (SCALE 0-3)   4
DPTR FM NORMAL   -70    PTCLDY (SCALE 4-7)   4
TOTAL FM JUL 1  2652    CLOUDY (SCALE 8-10) 10
DPTR FM NORMAL  -252

[CDD (BASE 65) ]
TOTAL THIS MO.     0
DPTR FM NORMAL     0    [PRESSURE DATA]
TOTAL FM JAN 1     0    HIGHEST SLP M ON M
DPTR FM NORMAL     0    LOWEST  SLP 29.56 ON  8

[REMARKS]
