000
CXUS56 KEKA 251230
CF6UKI
PRELIMINARY LOCAL CLIMATOLOGICAL DATA (WS FORM: F-6)

                                          STATION:   UKIAH CA
                                          MONTH:     OCTOBER
                                          YEAR:      2014
                                          LATITUDE:   39  7 N
                                          LONGITUDE: 123 12 W

  TEMPERATURE IN F:       :PCPN:    SNOW:  WIND      :SUNSHINE: SKY     :PK WND
================================================================================
1   2   3   4   5  6A  6B    7    8   9   10  11  12  13   14  15   16   17  18
                                     12Z  AVG MX 2MIN
DY MAX MIN AVG DEP HDD CDD  WTR  SNW DPTH SPD SPD DIR MIN PSBL S-S WX    SPD DR
================================================================================

 1  90  47  69   4   0   4 0.00  0.0    0  1.4 10 310   M    M   0        13 310
 2  94  46  70   6   0   5 0.00  0.0    0  0.9 12 340   M    M   0        14 340
 3  97  47  72   8   0   7 0.00  0.0    0  1.3 14 310   M    M   0        17 310
 4  99  48  74  10   0   9 0.00  0.0    0  1.6 12 320   M    M   0        14 320
 5 100  49  75  11   0  10 0.00  0.0    0  1.5 12 310   M    M   0        14 300
 6 100  51  76  13   0  11 0.00  0.0    0  1.1 13 340   M    M   0        17 330
 7  98  48  73  10   0   8 0.00  0.0    0  2.8 18 320   M    M   0        27 300
 8  93  49  71   8   0   6 0.00  0.0    0  2.7 16 320   M    M   0        21 330
 9  88  49  69   7   0   4 0.00  0.0    0  3.3 17 300   M    M   0        21 280
10  90  48  69   7   0   4 0.00  0.0    0  2.6 16 350   M    M   0        21 350
11  88  49  69   7   0   4 0.00  0.0    0  3.0 16 320   M    M   0        22 320
12  96  50  73  11   0   8 0.00  0.0    0  1.2  9 310   M    M   0        12 280
13  94  47  71  10   0   6 0.00  0.0    0  2.5 13 210   M    M   0        19 210
14  64  50  57  -4   8   0 0.03  0.0    0  5.8 13 150   M    M   7 18     20 170
15  69  51  60  -1   5   0 0.17  0.0    0  2.4 12 120   M    M   4 1      16 140
16  74  46  60   0   5   0 0.00  0.0    0  2.2  9 130   M    M   0        13 180
17  67  46  57  -3   8   0 0.03  0.0    0  3.7 16 180   M    M   8 1      21 190
18  79  56  68   8   0   3 0.00  0.0    0  2.2  9 240   M    M   4        14 250
19  78  55  67   8   0   2 0.00  0.0    0  3.2 14 130   M    M   6 1      19 130
20  69  49  59   0   6   0 0.26  0.0    0  3.1 14 290   M    M   7 1      19 280
21  70  46  58  -1   7   0 0.00  0.0    0  1.7 12 330   M    M   2 1      15 320
22  72  47  60   2   5   0 0.00  0.0    0  1.2 10 300   M    M   0        13 300
23  65  56  61   3   4   0 0.13  0.0    0  1.9 12 100   M    M   9 1      15 340
24  73  54  64   6   1   0    T  0.0    0  7.6 17 180   M    M   7 128    25 150
================================================================================
SM 2007 1184        49  91  0.62     0.0  60.9          M       54
================================================================================
AV 83.6 49.3                               2.5 FASTST   M    M   2    MAX(MPH)
                                 MISC ---->  # 18 320               # 27  300
================================================================================
NOTES:
# LAST OF SEVERAL OCCURRENCES

COLUMN 17 PEAK WIND IN M.P.H.

PRELIMINARY LOCAL CLIMATOLOGICAL DATA (WS FORM: F-6) , PAGE 2

                                          STATION:  UKIAH CA
                                          MONTH:    OCTOBER
                                          YEAR:     2014
                                          LATITUDE:   39  7 N
                                          LONGITUDE: 123 12 W

[TEMPERATURE DATA]      [PRECIPITATION DATA]       SYMBOLS USED IN COLUMN 16

AVERAGE MONTHLY: 66.5   TOTAL FOR MONTH:   0.62    1 = FOG OR MIST
DPTR FM NORMAL:   5.1   DPTR FM NORMAL:   -0.51    2 = FOG REDUCING VISIBILITY
HIGHEST:   100 ON  6, 5 GRTST 24HR  0.26 ON 20-20      TO 1/4 MILE OR LESS
LOWEST:     46 ON 21,17                            3 = THUNDER
                        SNOW, ICE PELLETS, HAIL    4 = ICE PELLETS
                        TOTAL MONTH:   0.0 INCH    5 = HAIL
                        GRTST 24HR     0.0         6 = FREEZING RAIN OR DRIZZLE
                        GRTST DEPTH:   0           7 = DUSTSTORM OR SANDSTORM:
                                                       VSBY 1/2 MILE OR LESS
                                                   8 = SMOKE OR HAZE
[NO. OF DAYS WITH]      [WEATHER - DAYS WITH]      9 = BLOWING SNOW
                                                   X = TORNADO
MAX 32 OR BELOW:   0    0.01 INCH OR MORE:   5
MAX 90 OR ABOVE:  11    0.10 INCH OR MORE:   3
MIN 32 OR BELOW:   0    0.50 INCH OR MORE:   0
MIN  0 OR BELOW:   0    1.00 INCH OR MORE:   0

[HDD (BASE 65) ]
TOTAL THIS MO.    49    CLEAR  (SCALE 0-3)  16
DPTR FM NORMAL   -58    PTCLDY (SCALE 4-7)   7
TOTAL FM JUL 1    54    CLOUDY (SCALE 8-10)  1
DPTR FM NORMAL   -86

[CDD (BASE 65) ]
TOTAL THIS MO.    91
DPTR FM NORMAL    72    [PRESSURE DATA]
TOTAL FM JAN 1  1290    HIGHEST SLP M ON M
DPTR FM NORMAL   458    LOWEST  SLP 29.57 ON 24

[REMARKS]
