000
CXUS54 KHGX 271415
CF6UTS
PRELIMINARY LOCAL CLIMATOLOGICAL DATA (WS FORM: F-6)

                                          STATION:   HUNTSVILLE_(ASOS)
                                          MONTH:     SEPTEMBER
                                          YEAR:      2016
                                          LATITUDE:   30 45 N
                                          LONGITUDE:  95 35 W

  TEMPERATURE IN F:       :PCPN:    SNOW:  WIND      :SUNSHINE: SKY     :PK WND
================================================================================
1   2   3   4   5  6A  6B    7    8   9   10  11  12  13   14  15   16   17  18
                                     12Z  AVG MX 2MIN
DY MAX MIN AVG DEP HDD CDD  WTR  SNW DPTH SPD SPD DIR MIN PSBL S-S WX    SPD DR
================================================================================

 1  95  74  85   3   0  20 0.00  0.0    0  2.1 10 330   M    M   1 1      14 360
 2  90  73  82   0   0  17 0.00  0.0    0  1.5 10 360   M    M   2 1      15  20
 3  90  72  81  -1   0  16 0.00  0.0    0  2.3  8  60   M    M   1 1      12  50
 4  94  70  82   0   0  17 0.01  0.0    0  2.6 15 170   M    M   2 3      25 170
 5  92  76  84   3   0  19 0.20  0.0    0  4.0 14 210   M    M   1 13     22 220
 6  93  74  84   3   0  19 0.00  0.0    0  4.2 10 180   M    M   1 1      15 150
 7  94  73  84   3   0  19 0.00  0.0    0  4.1 15 180   M    M   1        19 180
 8  93  77  85   5   0  20 0.00  0.0    0  5.7 12 170   M    M   3        19 170
 9  91  76  84   4   0  19    T  0.0    0  3.4 10 150   M    M   1 13     17 140
10  91  71  81   1   0  16 0.09  0.0    0  2.2 18 320   M    M   2 13     24 310
11  90  70  80   0   0  15 0.00  0.0    0  2.2  9 340   M    M   2        12 360
12  92  70  81   2   0  16 0.00  0.0    0  1.3  6 120   M    M   2 1      11 120
13  91  72  82   3   0  17 0.03  0.0    0  1.9  7 170   M    M   3 1      14 170
14  92  72  82   3   0  17 0.00  0.0    0  2.2  7  80   M    M   2 1      13  50
15  93  71  82   4   0  17 0.00  0.0    0  1.8  7  90   M    M   1 1      13  40
16  93  73  83   5   0  18 0.00  0.0    0  2.1  8 330   M    M   3 1      14  50
17  96  73  85   7   0  20 0.00  0.0    0  2.4  8 340   M    M   1        13 340
18  95  76  86   8   0  21 0.00  0.0    0  3.4 12 300   M    M   1        16 240
19  97  78  88  11   0  23 0.00  0.0    0  3.1  9 250   M    M   1        11 260
20  96  73  85   8   0  20 0.01  0.0    0  2.3 12  80   M    M   1 3      17  80
21  94  68  81   4   0  16 0.00  0.0    0  1.7  7  90   M    M   0        12 130
22  93  69  81   5   0  16 0.00  0.0    0  2.8  8 110   M    M   1        14 120
23  91  74  83   7   0  18 0.02  0.0    0  3.4 15 210   M    M   2 13     22 210
24  91  75  83   7   0  18 0.22  0.0    0  3.6 16 170   M    M   3 13     25 130
25  88  72  80   5   0  15 0.77  0.0    0  2.3 14 230   M    M   5 138    22 210
26  81  70  76   1   0  11 0.00  0.0    0  4.3 12 320   M    M   9 1      16 320
================================================================================
SM 2396 1892         0 460  1.35     0.0  72.9          M       52
================================================================================
AV 92.2 72.8                               2.8 FASTST   M    M   2    MAX(MPH)
                                 MISC ---->  # 18 320               # 25  170
================================================================================
NOTES:
# LAST OF SEVERAL OCCURRENCES

COLUMN 17 PEAK WIND IN M.P.H.

PRELIMINARY LOCAL CLIMATOLOGICAL DATA (WS FORM: F-6) , PAGE 2

                                          STATION:  HUNTSVILLE_(ASOS)
                                          MONTH:    SEPTEMBER
                                          YEAR:     2016
                                          LATITUDE:   30 45 N
                                          LONGITUDE:  95 35 W

[TEMPERATURE DATA]      [PRECIPITATION DATA]       SYMBOLS USED IN COLUMN 16

AVERAGE MONTHLY: 82.5   TOTAL FOR MONTH:   1.35    1 = FOG OR MIST
DPTR FM NORMAL:   3.7   DPTR FM NORMAL:   -2.00    2 = FOG REDUCING VISIBILITY
HIGHEST:    97 ON 19    GRTST 24HR  0.77 ON 24-25      TO 1/4 MILE OR LESS
LOWEST:     68 ON 21                               3 = THUNDER
                        SNOW, ICE PELLETS, HAIL    4 = ICE PELLETS
                        TOTAL MONTH:   0.0 INCH    5 = HAIL
                        GRTST 24HR     0.0         6 = FREEZING RAIN OR DRIZZLE
                        GRTST DEPTH:   0           7 = DUSTSTORM OR SANDSTORM:
                                                       VSBY 1/2 MILE OR LESS
                                                   8 = SMOKE OR HAZE
[NO. OF DAYS WITH]      [WEATHER - DAYS WITH]      9 = BLOWING SNOW
                                                   X = TORNADO
MAX 32 OR BELOW:   0    0.01 INCH OR MORE:   8
MAX 90 OR ABOVE:  24    0.10 INCH OR MORE:   3
MIN 32 OR BELOW:   0    0.50 INCH OR MORE:   1
MIN  0 OR BELOW:   0    1.00 INCH OR MORE:   0

[HDD (BASE 65) ]
TOTAL THIS MO.     0    CLEAR  (SCALE 0-3)  24
DPTR FM NORMAL     0    PTCLDY (SCALE 4-7)   1
TOTAL FM JUL 1     0    CLOUDY (SCALE 8-10)  1
DPTR FM NORMAL     0

[CDD (BASE 65) ]
TOTAL THIS MO.   460
DPTR FM NORMAL   101    [PRESSURE DATA]
TOTAL FM JAN 1  2854    HIGHEST SLP M ON M
DPTR FM NORMAL   231    LOWEST  SLP 29.86 ON  1

[REMARKS]
