000
CXUS56 KSTO 261455
CF6VCB
PRELIMINARY LOCAL CLIMATOLOGICAL DATA (WS FORM: F-6)

                                          STATION:   VACAVILLE AIRPORT CA
                                          MONTH:     DECEMBER
                                          YEAR:      2014
                                          LATITUDE:   38 22 N
                                          LONGITUDE: 121 58 W

  TEMPERATURE IN F:       :PCPN:    SNOW:  WIND      :SUNSHINE: SKY     :PK WND
================================================================================
1   2   3   4   5  6A  6B    7    8   9   10  11  12  13   14  15   16   17  18
                                     12Z  AVG MX 2MIN
DY MAX MIN AVG DEP HDD CDD  WTR  SNW DPTH SPD SPD DIR MIN PSBL S-S WX    SPD DR
================================================================================

 1  65  52  59  10   6   0 0.00  0.0    0  5.4 12 340   M    M   7 1      16 350
 2  57  53  55   6  10   0 1.34  0.0    0  3.2 12 100   M    M   9 1      16  70
 3  64  56  60  12   5   0 2.30  0.0    0  7.7 21 150   M    M   9 1      31 160
 4  68  52  60  12   5   0 0.13  0.0    0  3.4 12 220   M    M   6 1      15 220
 5  64  51  58  10   7   0 0.04  0.0    0  3.5 12 160   M    M   9 128    15 200
 6  69  51  60  12   5   0 0.10  0.0    0  3.0  9 230   M    M   5 1      11 160
 7  63  50  57   9   8   0 0.00  0.0    0  2.3  8 350   M    M   4 12     11 360
 8  60  51  56   9   9   0 0.00  0.0    0  1.6  9 350   M    M   9 128    11 360
 9  60  55  58  11   7   0 0.00  0.0    0  1.2  8 350   M    M   9 128    10 350
10  58  52  55   8  10   0    T  0.0    0  5.4 14 140   M    M  10 1      18 150
11  59  50  55   8  10   0 2.95  0.0    0  7.9 26 150   M    M   9 18     38 170
12  52  42  47   0  18   0 0.24    M    0  3.5  8 140   M    M   8 12      9 190
13  57  39  48   1  17   0 0.00  0.0    0  1.4  7 100   M    M   6 12      9 100
14  51  43  47   1  18   0 0.05    M    0  2.9 12  70   M    M   8 128    16  80
15  51  48  50   4  15   0 1.28    M    0  2.8 13 140   M    M  10 1      18 160
16  60  47  54   8  11   0 0.48    M    0  4.4 14 220   M    M   9 12     19 180
17  59  47  53   7  12   0 0.18    M    0  5.4 13 220   M    M   8 1      16 220
18  55  49  52   6  13   0 0.01    M    0  1.0  6  70   M    M   9 1       7 180
19  53  50  52   6  13   0 0.77  0.0    0  3.0 13 150   M    M  10 1      17 150
20  57  52  55   9  10   0    T  0.0    0  3.4  9 150   M    M  10 128    12 180
21  70  54  62  16   3   0 0.00  0.0    0  2.9  9 200   M    M   5 1      11 200
22  67  50  59  13   6   0 0.00  0.0    0  1.6  8 340   M    M   6 1      11 340
23  64  44  54   8  11   0 0.00  0.0    0  2.0  8 350   M    M   1 12     11 340
24  62  44  53   7  12   0    T    M    0  7.3 23 230   M    M   5 128    27 300
25  59  36  48   2  17   0 0.00  0.0    0 10.0 24 350   M    M   0        36 350
================================================================================
SM 1504 1218       258   0  9.87     0.0  96.2          M      181
================================================================================
AV 60.2 48.7                               3.8 FASTST   M    M   7    MAX(MPH)
                                 MISC ---->  # 26 150               # 38  170
================================================================================
NOTES:
# LAST OF SEVERAL OCCURRENCES

COLUMN 17 PEAK WIND IN M.P.H.

PRELIMINARY LOCAL CLIMATOLOGICAL DATA (WS FORM: F-6) , PAGE 2

                                          STATION:  VACAVILLE AIRPORT CA
                                          MONTH:    DECEMBER
                                          YEAR:     2014
                                          LATITUDE:   38 22 N
                                          LONGITUDE: 121 58 W

[TEMPERATURE DATA]      [PRECIPITATION DATA]       SYMBOLS USED IN COLUMN 16

AVERAGE MONTHLY: 54.4   TOTAL FOR MONTH:   9.87    1 = FOG OR MIST
DPTR FM NORMAL:   7.6   DPTR FM NORMAL:    6.20    2 = FOG REDUCING VISIBILITY
HIGHEST:    70 ON 21    GRTST 24HR  3.11 ON 11-12      TO 1/4 MILE OR LESS
LOWEST:     36 ON 25                               3 = THUNDER
                        SNOW, ICE PELLETS, HAIL    4 = ICE PELLETS
                        TOTAL MONTH:   0.0 INCH    5 = HAIL
                        GRTST 24HR     0.0         6 = FREEZING RAIN OR DRIZZLE
                        GRTST DEPTH:   0           7 = DUSTSTORM OR SANDSTORM:
                                                       VSBY 1/2 MILE OR LESS
                                                   8 = SMOKE OR HAZE
[NO. OF DAYS WITH]      [WEATHER - DAYS WITH]      9 = BLOWING SNOW
                                                   X = TORNADO
MAX 32 OR BELOW:   0    0.01 INCH OR MORE:  13
MAX 90 OR ABOVE:   0    0.10 INCH OR MORE:  10
MIN 32 OR BELOW:   0    0.50 INCH OR MORE:   5
MIN  0 OR BELOW:   0    1.00 INCH OR MORE:   4

[HDD (BASE 65) ]
TOTAL THIS MO.   258    CLEAR  (SCALE 0-3)   2
DPTR FM NORMAL  -194    PTCLDY (SCALE 4-7)  10
TOTAL FM JUL 1   562    CLOUDY (SCALE 8-10) 13
DPTR FM NORMAL  -329

[CDD (BASE 65) ]
TOTAL THIS MO.     0
DPTR FM NORMAL     0    [PRESSURE DATA]
TOTAL FM JAN 1  1435    HIGHEST SLP M ON M
DPTR FM NORMAL   138    LOWEST  SLP 30.11 ON 11

[REMARKS]
