000
CXUS56 KSTO 261425
CF6VCB
PRELIMINARY LOCAL CLIMATOLOGICAL DATA (WS FORM: F-6)

                                          STATION:   VACAVILLE AIRPORT CA
                                          MONTH:     JUNE
                                          YEAR:      2017
                                          LATITUDE:   38 22 N
                                          LONGITUDE: 121 58 W

  TEMPERATURE IN F:       :PCPN:    SNOW:  WIND      :SUNSHINE: SKY     :PK WND
================================================================================
1   2   3   4   5  6A  6B    7    8   9   10  11  12  13   14  15   16   17  18
                                     12Z  AVG MX 2MIN
DY MAX MIN AVG DEP HDD CDD  WTR  SNW DPTH SPD SPD DIR MIN PSBL S-S WX    SPD DR
================================================================================

 1  88  54  71   2   0   6 0.00  0.0    0  4.7 17 220   M    M   0        20 220
 2  91  57  74   4   0   9 0.00  0.0    0  4.8 14 250   M    M   0        23 280
 3  89  61  75   5   0  10 0.00  0.0    0  6.8 17 230   M    M   0        22 230
 4  89  57  73   3   0   8 0.00  0.0    0  8.8 22 220   M    M   0        25 220
 5  91  51  71   1   0   6 0.00  0.0    0  4.7 14 210   M    M   0        19 210
 6  90  58  74   4   0   9 0.00  0.0    0  7.2 16 220   M    M   0        20 220
 7  85  60  73   2   0   8 0.00  0.0    0 10.8 20 240   M    M   0 8      23 220
 8  71  57  64  -7   1   0 0.05  0.0    0  5.9 16 180   M    M   9 1      24 200
 9  76  54  65  -6   0   0 0.00  0.0    0  9.8 23 220   M    M   4        29 220
10  77  50  64  -7   1   0 0.00  0.0    0  9.2 21 250   M    M   0        26 250
11  72  48  60 -12   5   0 0.37  0.0    0  4.8 25 270   M    M   3 13     37 270
12  75  46  61 -11   4   0 0.00  0.0    0  4.7 15 230   M    M   1        19 230
13  84  49  67  -5   0   2 0.00  0.0    0  3.8 15 220   M    M   0        20 210
14  90  55  73   1   0   8 0.00  0.0    0  4.5 17 210   M    M   0        23 180
15  95  55  75   3   0  10 0.00  0.0    0  5.5 17 260   M    M   0        22 260
16 102  63  83  10   0  18 0.00  0.0    0  5.8 18 270   M    M   0        22 280
17 103  68  86  13   0  21 0.00  0.0    0  5.3 16 350   M    M   0        23  10
18 107  85  96  23   0  31 0.00  0.0    0  9.7 21 360   M    M   0        30 350
19 107  73  90  17   0  25 0.00  0.0    0  7.1 15 240   M    M   0        20 230
20 103  71  87  13   0  22 0.00  0.0    0  7.1 15 210   M    M   0        19 210
21 104  67  86  12   0  21 0.00  0.0    0  5.4 13 210   M    M   0        19  30
22 109  75  92  18   0  27 0.00  0.0    0  8.6 21  10   M    M   0        28  10
23 101  73  87  13   0  22 0.00  0.0    0  6.6 13 220   M    M   0        17 220
24  98  63  81   7   0  16 0.00  0.0    0  8.7 21 220   M    M   0        28 210
25  93  62  78   4   0  13 0.00  0.0    0  9.7 17 180   M    M   0        24 210
================================================================================
SM 2290 1512        11 292  0.42     0.0 170.0          M       17
================================================================================
AV 91.6 60.5                               6.8 FASTST   M    M   1    MAX(MPH)
                                 MISC ---->  # 25 270               # 37  270
================================================================================
NOTES:
# LAST OF SEVERAL OCCURRENCES

COLUMN 17 PEAK WIND IN M.P.H.

PRELIMINARY LOCAL CLIMATOLOGICAL DATA (WS FORM: F-6) , PAGE 2

                                          STATION:  VACAVILLE AIRPORT CA
                                          MONTH:    JUNE
                                          YEAR:     2017
                                          LATITUDE:   38 22 N
                                          LONGITUDE: 121 58 W

[TEMPERATURE DATA]      [PRECIPITATION DATA]       SYMBOLS USED IN COLUMN 16

AVERAGE MONTHLY: 76.0   TOTAL FOR MONTH:   0.42    1 = FOG OR MIST
DPTR FM NORMAL:   4.1   DPTR FM NORMAL:    0.28    2 = FOG REDUCING VISIBILITY
HIGHEST:   109 ON 22    GRTST 24HR  0.37 ON 11-11      TO 1/4 MILE OR LESS
LOWEST:     46 ON 12                               3 = THUNDER
                        SNOW, ICE PELLETS, HAIL    4 = ICE PELLETS
                        TOTAL MONTH:   0.0 INCH    5 = HAIL
                        GRTST 24HR     0.0         6 = FREEZING RAIN OR DRIZZLE
                        GRTST DEPTH:   0           7 = DUSTSTORM OR SANDSTORM:
                                                       VSBY 1/2 MILE OR LESS
                                                   8 = SMOKE OR HAZE
[NO. OF DAYS WITH]      [WEATHER - DAYS WITH]      9 = BLOWING SNOW
                                                   X = TORNADO
MAX 32 OR BELOW:   0    0.01 INCH OR MORE:   2
MAX 90 OR ABOVE:  15    0.10 INCH OR MORE:   1
MIN 32 OR BELOW:   0    0.50 INCH OR MORE:   0
MIN  0 OR BELOW:   0    1.00 INCH OR MORE:   0

[HDD (BASE 65) ]
TOTAL THIS MO.    11    CLEAR  (SCALE 0-3)  22
DPTR FM NORMAL     7    PTCLDY (SCALE 4-7)   2
TOTAL FM JUL 1  2229    CLOUDY (SCALE 8-10)  1
DPTR FM NORMAL  -355

[CDD (BASE 65) ]
TOTAL THIS MO.   292
DPTR FM NORMAL   111    [PRESSURE DATA]
TOTAL FM JAN 1   445    HIGHEST SLP M ON M
DPTR FM NORMAL   144    LOWEST  SLP 29.60 ON 21

[REMARKS]
