000
CXUS52 KFFC 191110
CF6VPC
PRELIMINARY LOCAL CLIMATOLOGICAL DATA (WS FORM: F-6)

                                          STATION:   CARTERSVILLE
                                          MONTH:     SEPTEMBER
                                          YEAR:      2017
                                          LATITUDE:   34  7 N
                                          LONGITUDE:  84 51 W

  TEMPERATURE IN F:       :PCPN:    SNOW:  WIND      :SUNSHINE: SKY     :PK WND
================================================================================
1   2   3   4   5  6A  6B    7    8   9   10  11  12  13   14  15   16   17  18
                                     12Z  AVG MX 2MIN
DY MAX MIN AVG DEP HDD CDD  WTR  SNW DPTH SPD SPD DIR MIN PSBL S-S WX    SPD DR
================================================================================

 1  80  63  72  -4   0   7 0.04  0.0    0  6.4 18 170   M    M   7 13     26 170
 2  82  59  71  -5   0   6 0.00  0.0    0  1.0  8 220   M    M   1        14 210
 3  84  54  69  -7   0   4 0.00  0.0    0  1.2  9 350   M    M   0 1      14 350
 4  86  54  70  -5   0   5 0.00  0.0    0  1.2  9 190   M    M   1        13 210
 5  88  61  75   0   0  10 0.30  0.0    0  2.6 10 350   M    M   3 13     16 190
 6  76  51  64 -11   1   0 0.10  0.0    0  3.0 14 350   M    M   5 13     21 360
 7  77  47  62 -13   3   0    T    M    0  2.0 10  30   M    M   0        14  10
 8  80  48  64 -10   1   0 0.00  0.0    0  1.2  9  60   M    M   0        12 360
 9  79  52  66  -8   0   1 0.00  0.0    0  3.2 16  20   M    M   1        23 100
10  73  60  67  -7   0   2 0.00  0.0    0  7.3 18  80   M    M   0        30  60
11  64  54  59 -14   6   0 4.11  0.0    0  9.3 20 360   M    M   8 1      26  30
12  65  59  62 -11   3   0 0.24  0.0    0  6.3 13 180   M    M  10 1      21  50
13  71  60  66  -7   0   1 0.00  0.0    0  4.4 15 180   M    M   9        22 160
14  81  62  72   0   0   7 0.00  0.0    0  0.7  8 180   M    M   8        11 180
15  85  59  72   0   0   7 0.00  0.0    0  0.7  8  20   M    M   3 1      10 360
16  87  62  75   4   0  10 0.00  0.0    0  1.4  8  20   M    M   2 1      11  50
17  88  63  76   5   0  11 0.00  0.0    0  1.4 12  10   M    M   3 12     15 360
18  87  60  74   3   0   9 0.00  0.0    0  1.0 10  10   M    M   2 12     13 360
================================================================================
SM 1433 1028        14  80  4.79     0.0  54.3          M       63
================================================================================
AV 79.6 57.1                               3.0 FASTST   M    M   4    MAX(MPH)
                                 MISC ---->  # 20 360               # 30   60
================================================================================
NOTES:
# LAST OF SEVERAL OCCURRENCES

COLUMN 17 PEAK WIND IN M.P.H.

PRELIMINARY LOCAL CLIMATOLOGICAL DATA (WS FORM: F-6) , PAGE 2

                                          STATION:  CARTERSVILLE
                                          MONTH:    SEPTEMBER
                                          YEAR:     2017
                                          LATITUDE:   34  7 N
                                          LONGITUDE:  84 51 W

[TEMPERATURE DATA]      [PRECIPITATION DATA]       SYMBOLS USED IN COLUMN 16

AVERAGE MONTHLY: 68.4   TOTAL FOR MONTH:   4.79    1 = FOG OR MIST
DPTR FM NORMAL:  -5.3   DPTR FM NORMAL:    2.74    2 = FOG REDUCING VISIBILITY
HIGHEST:    88 ON 17, 5 GRTST 24HR  4.11 ON 11-11      TO 1/4 MILE OR LESS
LOWEST:     47 ON  7                               3 = THUNDER
                        SNOW, ICE PELLETS, HAIL    4 = ICE PELLETS
                        TOTAL MONTH:   0.0 INCH    5 = HAIL
                        GRTST 24HR     0.0         6 = FREEZING RAIN OR DRIZZLE
                        GRTST DEPTH:   0           7 = DUSTSTORM OR SANDSTORM:
                                                       VSBY 1/2 MILE OR LESS
                                                   8 = SMOKE OR HAZE
[NO. OF DAYS WITH]      [WEATHER - DAYS WITH]      9 = BLOWING SNOW
                                                   X = TORNADO
MAX 32 OR BELOW:   0    0.01 INCH OR MORE:   5
MAX 90 OR ABOVE:   0    0.10 INCH OR MORE:   4
MIN 32 OR BELOW:   0    0.50 INCH OR MORE:   1
MIN  0 OR BELOW:   0    1.00 INCH OR MORE:   1

[HDD (BASE 65) ]
TOTAL THIS MO.    14    CLEAR  (SCALE 0-3)  12
DPTR FM NORMAL    14    PTCLDY (SCALE 4-7)   3
TOTAL FM JUL 1    14    CLOUDY (SCALE 8-10)  3
DPTR FM NORMAL    14

[CDD (BASE 65) ]
TOTAL THIS MO.    80
DPTR FM NORMAL   -77    [PRESSURE DATA]
TOTAL FM JAN 1  1456    HIGHEST SLP M ON M
DPTR FM NORMAL    34    LOWEST  SLP 29.52 ON 11

[REMARKS]
