000
CXUS51 KBTV 300700
CF6VSF
PRELIMINARY LOCAL CLIMATOLOGICAL DATA (WS FORM: F-6)

                                          STATION:   SPRINGFIELD VT
                                          MONTH:     APRIL
                                          YEAR:      2016
                                          LATITUDE:   43 19 N
                                          LONGITUDE:  72 31 W

  TEMPERATURE IN F:       :PCPN:    SNOW:  WIND      :SUNSHINE: SKY     :PK WND
================================================================================
1   2   3   4   5  6A  6B    7    8   9   10  11  12  13   14  15   16   17  18
                                     12Z  AVG MX 2MIN
DY MAX MIN AVG DEP HDD CDD  WTR  SNW DPTH SPD SPD DIR MIN PSBL S-S WX    SPD DR
================================================================================

 1  67  40  54  16  11   0 0.34    M    0  5.1 16 270   M    M   6 13     31 180
 2  49  31  40   2  25   0    T    M    0  3.3 17 260   M    M   6 12     22 250
 3  35  22  29  -9  36   0    T    M    0 10.4 31 260   M    M   5        42 280
 4  24  15  20 -19  45   0 0.01    M    0  3.0  8 360   M    M   8 1      13  10
 5  34  10  22 -17  43   0    T    M    0  6.5 21 260   M    M   0        28 270
 6  39  12  26 -14  39   0    T    M    0  5.0 17 160   M    M   3 8      24 150
 7  55  29  42   2  23   0 0.53    M    0  5.5 23 170   M    M   8 18     36 170
 8  46  30  38  -3  27   0 0.03    M    0  8.1 22 250   M    M   8 1      31 280
 9  46  24  35  -6  30   0 0.00  0.0    0  5.5 14 350   M    M   3        24  30
10  43  25  34  -8  31   0 0.00  0.0    0  6.7 20 260   M    M   3        25 270
11  47  32  40  -2  25   0 0.04    M    0  3.9 13 170   M    M  10 1      18 170
12  50  30  40  -3  25   0 0.21    M    0  4.9 18 280   M    M   7 1      31 280
13  52  26  39  -4  26   0 0.00  0.0    0  4.9 15  80   M    M   1        18  60
14  56  27  42  -2  23   0 0.00  0.0    0  2.7 13  70   M    M   1 8      23  60
15  62  25  44   0  21   0 0.00  0.0    0  3.5 14  10   M    M   0 8      21  30
16  64  27  46   1  19   0 0.00  0.0    0  2.5  9  70   M    M   0        14  50
17  76  28  52   7  13   0 0.00  0.0    0  2.3 12 310   M    M   0        19 320
18  77  35  56  10   9   0    T    M    0  2.8 16 280   M    M   4        22 290
19  59  43  51   5  14   0 0.01    M    0  7.2 22 300   M    M   5 1      33 330
20  61  32  47   1  18   0 0.00  0.0    0  6.5 16  20   M    M   0        27 360
21  76  27  52   5  13   0 0.00    M    0  2.8 14 220   M    M   1        20 220
22  73  48  61  14   4   0    T    M    0  1.8 13 270   M    M   8        16 280
23  60  38  49   1  16   0    T    M    0  7.2 16 340   M    M   4        27 360
24  55  30  43  -5  22   0 0.00  0.0    0  5.0 17 270   M    M   0        23 280
25  58  27  43  -5  22   0 0.00  0.0    0  3.0 14 290   M    M   6        22 280
26  46  30  38 -11  27   0 0.26    M    0  2.2  9  70   M    M  10 1      13  60
27  57  27  42  -7  23   0 0.00  0.0    0  4.7 17 260   M    M   3 12     25 280
28  57  25  41  -9  24   0 0.00  0.0    0  4.8 18 270   M    M   0        23 280
29  61  32  47  -3  18   0 0.00  0.0    0  2.6 12 140   M    M   4        16 130
================================================================================
SM 1585  827       672   0  1.43     0.0 134.4          M      114
================================================================================
AV 54.7 28.5                               4.6 FASTST   M    M   4    MAX(MPH)
                                 MISC ---->  # 31 260               # 42  280
================================================================================
NOTES:
# LAST OF SEVERAL OCCURRENCES

COLUMN 17 PEAK WIND IN M.P.H.

PRELIMINARY LOCAL CLIMATOLOGICAL DATA (WS FORM: F-6) , PAGE 2

                                          STATION:  SPRINGFIELD VT
                                          MONTH:    APRIL
                                          YEAR:     2016
                                          LATITUDE:   43 19 N
                                          LONGITUDE:  72 31 W

[TEMPERATURE DATA]      [PRECIPITATION DATA]       SYMBOLS USED IN COLUMN 16

AVERAGE MONTHLY: 41.6   TOTAL FOR MONTH:   1.43    1 = FOG OR MIST
DPTR FM NORMAL:  -2.4   DPTR FM NORMAL:   -2.08    2 = FOG REDUCING VISIBILITY
HIGHEST:    77 ON 18    GRTST 24HR  0.56 ON  7- 8      TO 1/4 MILE OR LESS
LOWEST:     10 ON  5                               3 = THUNDER
                        SNOW, ICE PELLETS, HAIL    4 = ICE PELLETS
                        TOTAL MONTH:   0.0 INCH    5 = HAIL
                        GRTST 24HR     0.0         6 = FREEZING RAIN OR DRIZZLE
                        GRTST DEPTH:   0           7 = DUSTSTORM OR SANDSTORM:
                                                       VSBY 1/2 MILE OR LESS
                                                   8 = SMOKE OR HAZE
[NO. OF DAYS WITH]      [WEATHER - DAYS WITH]      9 = BLOWING SNOW
                                                   X = TORNADO
MAX 32 OR BELOW:   1    0.01 INCH OR MORE:   8
MAX 90 OR ABOVE:   0    0.10 INCH OR MORE:   4
MIN 32 OR BELOW:  24    0.50 INCH OR MORE:   1
MIN  0 OR BELOW:   0    1.00 INCH OR MORE:   0

[HDD (BASE 65) ]
TOTAL THIS MO.   672    CLEAR  (SCALE 0-3)  13
DPTR FM NORMAL    62    PTCLDY (SCALE 4-7)  13
TOTAL FM JUL 1  6141    CLOUDY (SCALE 8-10)  3
DPTR FM NORMAL  -949

[CDD (BASE 65) ]
TOTAL THIS MO.     0
DPTR FM NORMAL     0    [PRESSURE DATA]
TOTAL FM JAN 1     0    HIGHEST SLP M ON M
DPTR FM NORMAL     0    LOWEST  SLP 29.26 ON  3

[REMARKS]
