700
CXUS51 KAKQ 231010
CF6WAL
PRELIMINARY LOCAL CLIMATOLOGICAL DATA (WS FORM: F-6)

                                          STATION:   WALLOPS ISLAND VA
                                          MONTH:     JANUARY
                                          YEAR:      2017
                                          LATITUDE:   37 55 N
                                          LONGITUDE:  75 28 W

  TEMPERATURE IN F:       :PCPN:    SNOW:  WIND      :SUNSHINE: SKY     :PK WND
================================================================================
1   2   3   4   5  6A  6B    7    8   9   10  11  12  13   14  15   16   17  18
                                     12Z  AVG MX 2MIN
DY MAX MIN AVG DEP HDD CDD  WTR  SNW DPTH SPD SPD DIR MIN PSBL S-S WX    SPD DR
================================================================================

 1  56  38  47  10  18   0 0.00  0.0    0  6.4 21 240   M    M   4        30 260
 2  51  46  49  12  16   0 0.80  0.0    0 12.7 22  30   M    M  10 1      31  30
 3  54  46  50  13  15   0 0.20  0.0    0  8.1 20  50   M    M  10 1      23  50
 4  57  37  47  10  18   0 0.00  0.0    0  8.2 14 310   M    M   7 1      20 310
 5  40  25  33  -4  32   0    T    T    0  5.2 14 150   M    M   5        18 150
 6  38  30  34  -3  31   0 0.01  0.1    0  8.0 14  10   M    M   8        20  10
 7  30  18  24 -13  41   0 0.77 10.0    4 14.2 22 330   M    M   8 128    33 360
 8  22  14  18 -19  47   0 0.00  0.0   10 11.5 22 310   M    M   0 8      32 310
 9  25   6  16 -20  49   0 0.00  0.0    7  4.8 12 330   M    M   1        14 320
10  42   9  26 -10  39   0 0.00  0.0    5  5.8 23 190   M    M   4 1      28 200
11  53  39  46  10  19   0 0.16  0.0    0 10.7 25 190   M    M   6 1      33 190
12  70  46  58  22   7   0 0.00  0.0    0 15.2 26 220   M    M   4 1      39 220
13  65  42  54  18  11   0    T  0.0    0  8.9 21 240   M    M   4        29 240
14  42  36  39   3  26   0 0.22  0.0    0  9.4 22  40   M    M  10 1      26  30
15  46  36  41   5  24   0    T    M    0  5.4 13 330   M    M   5 1      17 340
16  43  37  40   4  25   0 0.00  0.0    0  3.1 10  50   M    M  10        12  50
17  60  40  50  14  15   0 0.01    M    0  7.9 23 230   M    M   8 1      32 240
18  60  47  54  18  11   0 0.21    M    0  8.3 21 250   M    M   9 13     37 240
19  51  34  43   7  22   0 0.00  0.0    0  2.8  9 150   M    M   6 1      12 280
20  48  32  40   4  25   0 0.10  0.0    0  1.5  8  90   M    M   6 1      10  90
21  48  45  47  11  18   0 0.14  0.0    0  4.0 10  50   M    M  10 12     13 200
22  56  45  51  15  14   0 1.40  0.0    0 14.4 26  40   M    M  10 1      33  40
================================================================================
SM 1057  748       523   0  4.02    10.1 176.5          M      145
================================================================================
AV 48.1 34.0                               8.0 FASTST   M    M   7    MAX(MPH)
                                 MISC ---->  # 26 220               # 39  220
================================================================================
NOTES:
# LAST OF SEVERAL OCCURRENCES

COLUMN 17 PEAK WIND IN M.P.H.

PRELIMINARY LOCAL CLIMATOLOGICAL DATA (WS FORM: F-6) , PAGE 2

                                          STATION:  WALLOPS ISLAND VA
                                          MONTH:    JANUARY
                                          YEAR:     2017
                                          LATITUDE:   37 55 N
                                          LONGITUDE:  75 28 W

[TEMPERATURE DATA]      [PRECIPITATION DATA]       SYMBOLS USED IN COLUMN 16

AVERAGE MONTHLY: 41.0   TOTAL FOR MONTH:   4.02    1 = FOG OR MIST
DPTR FM NORMAL:   4.7   DPTR FM NORMAL:    1.86    2 = FOG REDUCING VISIBILITY
HIGHEST:    70 ON 12    GRTST 24HR  1.54 ON 21-22      TO 1/4 MILE OR LESS
LOWEST:      6 ON  9                               3 = THUNDER
                        SNOW, ICE PELLETS, HAIL    4 = ICE PELLETS
                        TOTAL MONTH:  10.1 INCHES  5 = HAIL
                        GRTST 24HR  10.0 ON  7- 7  6 = FREEZING RAIN OR DRIZZLE
                        GRTST DEPTH:  10 ON  8     7 = DUSTSTORM OR SANDSTORM:
                                                       VSBY 1/2 MILE OR LESS
                                                   8 = SMOKE OR HAZE
[NO. OF DAYS WITH]      [WEATHER - DAYS WITH]      9 = BLOWING SNOW
                                                   X = TORNADO
MAX 32 OR BELOW:   3    0.01 INCH OR MORE:  11
MAX 90 OR ABOVE:   0    0.10 INCH OR MORE:   9
MIN 32 OR BELOW:   7    0.50 INCH OR MORE:   3
MIN  0 OR BELOW:   0    1.00 INCH OR MORE:   1

[HDD (BASE 65) ]
TOTAL THIS MO.   523    CLEAR  (SCALE 0-3)   2
DPTR FM NORMAL  -106    PTCLDY (SCALE 4-7)  13
TOTAL FM JUL 1  1828    CLOUDY (SCALE 8-10)  7
DPTR FM NORMAL  -263

[CDD (BASE 65) ]
TOTAL THIS MO.     0
DPTR FM NORMAL     0    [PRESSURE DATA]
TOTAL FM JAN 1     0    HIGHEST SLP M ON M
DPTR FM NORMAL     0    LOWEST  SLP 29.50 ON 22

[REMARKS]
