000
CXUS56 KLKN 011001
CF6WMC
PRELIMINARY LOCAL CLIMATOLOGICAL DATA (WS FORM: F-6)

                                          STATION:   WINNEMUCCA AIRPORT NV
                                          MONTH:     SEPTEMBER
                                          YEAR:      2014
                                          LATITUDE:   40 54 N
                                          LONGITUDE: 117 48 W

  TEMPERATURE IN F:       :PCPN:    SNOW:  WIND      :SUNSHINE: SKY     :PK WND
================================================================================
1   2   3   4   5  6A  6B    7    8   9   10  11  12  13   14  15   16   17  18
                                     12Z  AVG MX 2MIN
DY MAX MIN AVG DEP HDD CDD  WTR  SNW DPTH SPD SPD DIR MIN PSBL S-S WX    SPD DR
================================================================================

 1  86  39  63  -3   2   0 0.00  0.0    0  4.6 14  20   M    M   0        17  30
 2  93  42  68   3   0   3 0.00  0.0    0  8.2 22 240   M    M   0        27 270
 3  81  48  65   0   0   0 0.00  0.0    0  8.1 18 350   M    M   0 8      22 320
 4  79  50  65   0   0   0 0.00  0.0    0 17.0 26  30   M    M   0        34  30
 5  85  46  66   2   0   1 0.00  0.0    0  9.6 22  40   M    M   0        27  40
 6  91  39  65   1   0   0 0.00  0.0    0  6.7 15  40   M    M   0        20  50
 7  91  39  65   1   0   0 0.00  0.0    0  5.7 18 250   M    M   0        22 250
 8  85  48  67   4   0   2    T  0.0    0  8.0 28 290   M    M   4 38     34 290
 9  82  49  66   3   0   1 0.00  0.0    0  8.5 24 270   M    M   0 8      31 280
10  82  44  63   1   2   0 0.00  0.0    0  4.7 14 290   M    M   0 8      18 270
11  80  34  57  -5   8   0 0.00  0.0    0  9.3 20  30   M    M   0        24  40
12  87  37  62   0   3   0 0.00  0.0    0  5.8 15 170   M    M   0        18  40
13  90  40  65   4   0   0 0.00  0.0    0  6.9 20 240   M    M   0        24 230
14  89  44  67   6   0   2 0.00  0.0    0  5.5 18 200   M    M   0        25 230
15  92  47  70   9   0   5 0.00  0.0    0  4.4 16 230   M    M   2        21 270
16  94  51  73  13   0   8 0.00  0.0    0  6.6 26 230   M    M   1        36 230
17  92  49  71  11   0   6 0.00  0.0    0  5.7 16 260   M    M   2 8      23 270
18  81  56  69  10   0   4 0.01  0.0    0  5.2 16 280   M    M   7 8      20 270
19  87  57  72  13   0   7 0.00  0.0    0 10.8 21  40   M    M   2        30  20
20  86  58  72  13   0   7    T  0.0    0 14.2 38 150   M    M   2 38     45 140
21  70  51  61   3   4   0    T  0.0    0  8.0 28 140   M    M   4        34 140
22  84  52  68  10   0   3 0.00  0.0    0  7.8 15 180   M    M   2 8      20 250
23  85  45  65   8   0   0 0.00  0.0    0  5.4 17 260   M    M   0 8      21 230
24  89  37  63   6   2   0 0.00  0.0    0  5.8 20 200   M    M   0 8      26 200
25  80  34  57   1   8   0 0.00  0.0    0  8.8 31 270   M    M   1 8      41 270
26  72  47  60   4   5   0    T  0.0    0 11.6 24 310   M    M   7        33 320
27  63  45  54  -2  11   0 0.82    T    0 11.6 23 330   M    M   8 135    28 320
28  63  45  54  -1  11   0 0.39  0.0    0  4.4 17 130   M    M   5 13     22 120
29  55  44  50  -5  15   0 0.18  0.0    0  9.9 17 170   M    M   6 1      20 170
30  64  37  51  -3  14   0 0.00  0.0    0  6.9 22 350   M    M   3 1      27 320
================================================================================
SM 2458 1354        85  49  1.40    T    235.7          M       56
================================================================================
AV 81.9 45.1                               7.9 FASTST   M    M   2    MAX(MPH)
                                 MISC ---->  # 38 150               # 45  140
================================================================================
NOTES:
# LAST OF SEVERAL OCCURRENCES

COLUMN 17 PEAK WIND IN M.P.H.

PRELIMINARY LOCAL CLIMATOLOGICAL DATA (WS FORM: F-6) , PAGE 2

                                          STATION:  WINNEMUCCA AIRPORT NV
                                          MONTH:    SEPTEMBER
                                          YEAR:     2014
                                          LATITUDE:   40 54 N
                                          LONGITUDE: 117 48 W

[TEMPERATURE DATA]      [PRECIPITATION DATA]       SYMBOLS USED IN COLUMN 16

AVERAGE MONTHLY: 63.5   TOTAL FOR MONTH:   1.40    1 = FOG OR MIST
DPTR FM NORMAL:   3.2   DPTR FM NORMAL:    0.96    2 = FOG REDUCING VISIBILITY
HIGHEST:    94 ON 16    GRTST 24HR  1.21 ON 27-28      TO 1/4 MILE OR LESS
LOWEST:     34 ON 25,11                            3 = THUNDER
                        SNOW, ICE PELLETS, HAIL    4 = ICE PELLETS
                        TOTAL MONTH:    T          5 = HAIL
                        GRTST 24HR    T  ON 27-27  6 = FREEZING RAIN OR DRIZZLE
                        GRTST DEPTH:   0           7 = DUSTSTORM OR SANDSTORM:
                                                       VSBY 1/2 MILE OR LESS
                                                   8 = SMOKE OR HAZE
[NO. OF DAYS WITH]      [WEATHER - DAYS WITH]      9 = BLOWING SNOW
                                                   X = TORNADO
MAX 32 OR BELOW:   0    0.01 INCH OR MORE:   4
MAX 90 OR ABOVE:   7    0.10 INCH OR MORE:   3
MIN 32 OR BELOW:   0    0.50 INCH OR MORE:   1
MIN  0 OR BELOW:   0    1.00 INCH OR MORE:   0

[HDD (BASE 65) ]
TOTAL THIS MO.    85    CLEAR  (SCALE 0-3)  23
DPTR FM NORMAL   -89    PTCLDY (SCALE 4-7)   6
TOTAL FM JUL 1   104    CLOUDY (SCALE 8-10)  1
DPTR FM NORMAL  -100

[CDD (BASE 65) ]
TOTAL THIS MO.    49
DPTR FM NORMAL    18    [PRESSURE DATA]
TOTAL FM JAN 1   674    HIGHEST SLP M ON M
DPTR FM NORMAL   133    LOWEST  SLP 29.61 ON 27

[REMARKS]
#FINAL-09-14#
#FINAL-09-14#
