000
CXUS56 KLKN 221009
CF6WMC
PRELIMINARY LOCAL CLIMATOLOGICAL DATA (WS FORM: F-6)

                                          STATION:   WINNEMUCCA AIRPORT NV
                                          MONTH:     JANUARY
                                          YEAR:      2018
                                          LATITUDE:   40 54 N
                                          LONGITUDE: 117 48 W

  TEMPERATURE IN F:       :PCPN:    SNOW:  WIND      :SUNSHINE: SKY     :PK WND
================================================================================
1   2   3   4   5  6A  6B    7    8   9   10  11  12  13   14  15   16   17  18
                                     12Z  AVG MX 2MIN
DY MAX MIN AVG DEP HDD CDD  WTR  SNW DPTH SPD SPD DIR MIN PSBL S-S WX    SPD DR
================================================================================

 1  56  22  39  10  26   0 0.00  0.0    0  2.4  9 150   M    M   1        19 210
 2  52  15  34   5  31   0 0.00  0.0    0  5.8 13  50   M    M   0        17  60
 3  54  25  40  11  25   0 0.00  0.0    0  2.8  8 240   M    M   1         9  40
 4  55  23  39  10  26   0    T  0.0    0  3.4  9 110   M    M   4        10 130
 5  58  20  39  10  26   0 0.02  0.0    0  3.5 13 170   M    M   1        16 170
 6  53  26  40  11  25   0 0.26  0.0    0  6.9 20 180   M    M   3 1      24 180
 7  46  23  35   6  30   0 0.00  0.0    0  6.7 13  30   M    M   1 128    15  40
 8  46  36  41  12  24   0 0.05  0.0    0  7.5 13  50   M    M   8        15  40
 9  51  39  45  16  20   0 0.02  0.0    0  6.0 15  60   M    M   9        19 250
10  47  37  42  13  23   0    T  0.0    0  8.9 18 250   M    M   8        24 260
11  56  35  46  16  19   0    T  0.0    0 11.6 23 230   M    M   6        37 210
12  52  26  39   9  26   0 0.00  0.0    0  4.9 20 230   M    M   0        24 220
13  54  20  37   7  28   0 0.00  0.0    0  6.0 15  30   M    M   0        18  30
14  57  24  41  11  24   0 0.00  0.0    0  6.8 15  50   M    M   0        20  40
15  55  27  41  11  24   0 0.00  0.0    0  4.6 14  50   M    M   1        16  60
16  55  27  41  11  24   0 0.02  0.0    0  4.6 15 270   M    M   4        18 270
17  55  27  41  11  24   0 0.00  0.0    0  6.7 13 170   M    M   0        16  60
18  65  33  49  19  16   0 0.00  0.0    0 14.1 31 280   M    M   3        40 280
19  44  21  33   3  32   0 0.10    T    0  7.1 24 270   M    M   6 1      30 270
20  39  14  27  -3  38   0 0.00  0.0    0  5.2 12 330   M    M   2        15 270
21  43  10  27  -4  38   0 0.04  0.0    0  8.1 20 150   M    M   3 1      24 150
================================================================================
SM 1093  530       549   0  0.51    T    133.6          M       61
================================================================================
AV 52.1 25.2                               6.4 FASTST   M    M   3    MAX(MPH)
                                 MISC ---->  # 31 280               # 40  280
================================================================================
NOTES:
# LAST OF SEVERAL OCCURRENCES

COLUMN 17 PEAK WIND IN M.P.H.

PRELIMINARY LOCAL CLIMATOLOGICAL DATA (WS FORM: F-6) , PAGE 2

                                          STATION:  WINNEMUCCA AIRPORT NV
                                          MONTH:    JANUARY
                                          YEAR:     2018
                                          LATITUDE:   40 54 N
                                          LONGITUDE: 117 48 W

[TEMPERATURE DATA]      [PRECIPITATION DATA]       SYMBOLS USED IN COLUMN 16

AVERAGE MONTHLY: 38.6   TOTAL FOR MONTH:   0.51    1 = FOG OR MIST
DPTR FM NORMAL:   9.1   DPTR FM NORMAL:   -0.12    2 = FOG REDUCING VISIBILITY
HIGHEST:    65 ON 18    GRTST 24HR  0.26 ON  6- 6      TO 1/4 MILE OR LESS
LOWEST:     10 ON 21                               3 = THUNDER
                        SNOW, ICE PELLETS, HAIL    4 = ICE PELLETS
                        TOTAL MONTH:    T          5 = HAIL
                        GRTST 24HR    T  ON 19-19  6 = FREEZING RAIN OR DRIZZLE
                        GRTST DEPTH:   0           7 = DUSTSTORM OR SANDSTORM:
                                                       VSBY 1/2 MILE OR LESS
                                                   8 = SMOKE OR HAZE
[NO. OF DAYS WITH]      [WEATHER - DAYS WITH]      9 = BLOWING SNOW
                                                   X = TORNADO
MAX 32 OR BELOW:   0    0.01 INCH OR MORE:   7
MAX 90 OR ABOVE:   0    0.10 INCH OR MORE:   2
MIN 32 OR BELOW:  16    0.50 INCH OR MORE:   0
MIN  0 OR BELOW:   0    1.00 INCH OR MORE:   0

[HDD (BASE 65) ]
TOTAL THIS MO.   549    CLEAR  (SCALE 0-3)  14
DPTR FM NORMAL  -196    PTCLDY (SCALE 4-7)   5
TOTAL FM JUL 1  3067    CLOUDY (SCALE 8-10)  2
DPTR FM NORMAL  -351

[CDD (BASE 65) ]
TOTAL THIS MO.     0
DPTR FM NORMAL     0    [PRESSURE DATA]
TOTAL FM JAN 1     0    HIGHEST SLP M ON M
DPTR FM NORMAL     0    LOWEST  SLP 29.63 ON  9

[REMARKS]
