000
CXUS55 KRIW 280901
CF6WRL
PRELIMINARY LOCAL CLIMATOLOGICAL DATA (WS FORM: F-6)

                                          STATION:   WORLAND WY
                                          MONTH:     JULY
                                          YEAR:      2014
                                          LATITUDE:   43 58 N
                                          LONGITUDE: 107 57 W

  TEMPERATURE IN F:       :PCPN:    SNOW:  WIND      :SUNSHINE: SKY     :PK WND
================================================================================
1   2   3   4   5  6A  6B    7    8   9   10  11  12  13   14  15   16   17  18
                                     12Z  AVG MX 2MIN
DY MAX MIN AVG DEP HDD CDD  WTR  SNW DPTH SPD SPD DIR MIN PSBL S-S WX    SPD DR
================================================================================

 1  79  49  64  -5   1   0 0.00  0.0    0  6.0 16 320   M    M   1        24 320
 2  87  51  69  -1   0   4 0.00  0.0    0  6.0 12 110   M    M   0 8      17 130
 3  97  52  75   5   0  10 0.00  0.0    0  7.2 30 310   M    M   1        39 300
 4  94  54  74   4   0   9 0.00  0.0    0  5.7 22 230   M    M   0        26 230
 5 100  56  78   8   0  13 0.00  0.0    0  6.3 17 330   M    M   0        22 320
 6  95  60  78   7   0  13 0.00  0.0    0  5.2 13 120   M    M   0        14 130
 7  86  59  73   2   0   8 0.00  0.0    0 11.5 29 340   M    M   0        36 340
 8  90  62  76   5   0  11 0.00  0.0    0  4.2 14  30   M    M   3        17  40
 9  96  56  76   5   0  11 0.00  0.0    0  4.6 14  50   M    M   0        18  50
10  87  65  76   4   0  11 0.02  0.0    0  4.3 15 180   M    M   3        17 180
11  89  61  75   3   0  10    T  0.0    0  8.1 22 170   M    M   2 3      29 170
12  87  63  75   3   0  10 0.00  0.0    0  6.1 14 230   M    M   0        20 240
13  92  57  75   3   0  10 0.00  0.0    0  5.1 16 320   M    M   2        20 320
14  86  60  73   1   0   8 0.00  0.0    0  4.2 16 110   M    M   1        19 270
15  84  57  71  -1   0   6 0.03  0.0    0  6.7 31 340   M    M   1 13     37 340
16  78  59  69  -3   0   4 0.03  0.0    0  6.9 15 110   M    M   6        19 110
17  88  56  72  -1   0   7 0.00  0.0    0  5.8 23 340   M    M   0        29 330
18  95  54  75   2   0  10 0.00  0.0    0  3.8 12  30   M    M   0        19 320
19  96  56  76   3   0  11 0.00  0.0    0  5.5 10 240   M    M   0        15  20
20  97  56  77   4   0  12 0.00  0.0    0  5.8 14 160   M    M   0 8      16 160
21  95  61  78   5   0  13    T  0.0    0  7.9 37 250   M    M   1 3      46 260
22  98  56  77   4   0  12 0.00  0.0    0  5.0 14 200   M    M   0        30 340
23 104  56  80   7   0  15 0.00  0.0    0  7.3 23 230   M    M   0 3      29 210
24 102  63  83  10   0  18 0.00  0.0    0 11.4 31 240   M    M   0        39 250
25  94  53  74   1   0   9 0.00  0.0    0  4.8 12 310   M    M   0        14  40
26  87  53  70  -3   0   5 0.00  0.0    0  7.1 13 360   M    M   0        21 150
27  92  50  71  -2   0   6 0.00  0.0    0  5.1 13 120   M    M   0        16 120
================================================================================
SM 2475 1535         1 256  0.08     0.0 167.6          M       21
================================================================================
AV 91.7 56.9                               6.2 FASTST   M    M   1    MAX(MPH)
                                 MISC ---->  # 37 250               # 46  260
================================================================================
NOTES:
# LAST OF SEVERAL OCCURRENCES

COLUMN 17 PEAK WIND IN M.P.H.

PRELIMINARY LOCAL CLIMATOLOGICAL DATA (WS FORM: F-6) , PAGE 2

                                          STATION:  WORLAND WY
                                          MONTH:    JULY
                                          YEAR:     2014
                                          LATITUDE:   43 58 N
                                          LONGITUDE: 107 57 W

[TEMPERATURE DATA]      [PRECIPITATION DATA]       SYMBOLS USED IN COLUMN 16

AVERAGE MONTHLY: 74.3   TOTAL FOR MONTH:   0.08    1 = FOG OR MIST
DPTR FM NORMAL:   2.4   DPTR FM NORMAL:   -0.54    2 = FOG REDUCING VISIBILITY
HIGHEST:   104 ON 23    GRTST 24HR  0.06 ON 15-16      TO 1/4 MILE OR LESS
LOWEST:     49 ON  1                               3 = THUNDER
                        SNOW, ICE PELLETS, HAIL    4 = ICE PELLETS
                        TOTAL MONTH:   0.0 INCH    5 = HAIL
                        GRTST 24HR     0.0         6 = FREEZING RAIN OR DRIZZLE
                        GRTST DEPTH:   0           7 = DUSTSTORM OR SANDSTORM:
                                                       VSBY 1/2 MILE OR LESS
                                                   8 = SMOKE OR HAZE
[NO. OF DAYS WITH]      [WEATHER - DAYS WITH]      9 = BLOWING SNOW
                                                   X = TORNADO
MAX 32 OR BELOW:   0    0.01 INCH OR MORE:   3
MAX 90 OR ABOVE:  16    0.10 INCH OR MORE:   0
MIN 32 OR BELOW:   0    0.50 INCH OR MORE:   0
MIN  0 OR BELOW:   0    1.00 INCH OR MORE:   0

[HDD (BASE 65) ]
TOTAL THIS MO.     1    CLEAR  (SCALE 0-3)  26
DPTR FM NORMAL    -9    PTCLDY (SCALE 4-7)   1
TOTAL FM JUL 1     1    CLOUDY (SCALE 8-10)  0
DPTR FM NORMAL    -9

[CDD (BASE 65) ]
TOTAL THIS MO.   256
DPTR FM NORMAL    60    [PRESSURE DATA]
TOTAL FM JAN 1   315    HIGHEST SLP M ON M
DPTR FM NORMAL    23    LOWEST  SLP 29.90 ON 24

[REMARKS]
