000
CXUS55 KRIW 270901
CF6WRL
PRELIMINARY LOCAL CLIMATOLOGICAL DATA (WS FORM: F-6)

                                          STATION:   WORLAND WY
                                          MONTH:     FEBRUARY
                                          YEAR:      2015
                                          LATITUDE:   43 58 N
                                          LONGITUDE: 107 57 W

  TEMPERATURE IN F:       :PCPN:    SNOW:  WIND      :SUNSHINE: SKY     :PK WND
================================================================================
1   2   3   4   5  6A  6B    7    8   9   10  11  12  13   14  15   16   17  18
                                     12Z  AVG MX 2MIN
DY MAX MIN AVG DEP HDD CDD  WTR  SNW DPTH SPD SPD DIR MIN PSBL S-S WX    SPD DR
================================================================================

 1  24  12  18  -1  47   0    T    M    M  6.4 15 330   M    M   6 8      19 330
 2  31   9  20   1  45   0 0.00  0.0    M  3.5 15 290   M    M   0        22 280
 3  42  17  30  10  35   0 0.08    M    M  6.4 25 340   M    M   4 1      29 340
 4  28  13  21   1  44   0    T    M    M  7.5 20 340   M    M   5 1      23 340
 5  43   7  25   5  40   0 0.00    M    M  3.8 12 300   M    M   0        15 300
 6  50  26  38  18  27   0 0.00    M    M  7.8 23 170   M    M   0        26 160
 7  49  27  38  17  27   0 0.00    M    M  6.9 30 220   M    M   0        36 230
 8  47  23  35  14  30   0 0.00    M    M  5.2 14 130   M    M   0        16 110
 9  48  22  35  14  30   0 0.00  0.0    M  2.8 13 320   M    M   0        15 310
10  48  27  38  16  27   0 0.00  0.0    M  5.8 15 290   M    M   3        19 340
11  48  28  38  16  27   0 0.00  0.0    M  2.7 12 120   M    M   3        13 120
12  54  26  40  18  25   0 0.00  0.0    M  3.1 12 120   M    M   3        13 130
13  57  25  41  18  24   0 0.00  0.0    M  3.7 12 170   M    M   0        12 170
14  55  27  41  18  24   0 0.00  0.0    M  3.7 12 310   M    M   0        15 300
15  41  31  36  12  29   0 0.30    M    M  8.2 18 320   M    M   8 1      24 320
16  37  27  32   8  33   0    T    M    M 12.8 29 320   M    M   7        35 320
17  36  23  30   6  35   0 0.00  0.0    M  7.3 18 330   M    M   8        22 350
18  48  22  35  10  30   0 0.00  0.0    M  4.4 14 160   M    M   5        16 160
19  55  24  40  15  25   0 0.00  0.0    M  2.9  9 170   M    M   1        12  50
20  46  32  39  13  26   0 0.03    M    M  9.6 29 340   M    M   8 1      36 340
21  32  15  24  -2  41   0 0.12    M    M 14.3 28 320   M    M   9 128    35 310
22  19  -1   9 -18  56   0 0.00  0.0    M  5.3 15 330   M    M   2        17 320
23  26  -3  12 -15  53   0 0.00  0.0    M  5.0 12 170   M    M   0        13 170
24  46  13  30   2  35   0 0.00  0.0    M  4.6 13 130   M    M   3        15 130
25  39  19  29   1  36   0    T    M    M 15.0 31 340   M    M   7        38 330
26  20  13  17 -12  48   0 0.01    M    M  5.6 14 350   M    M  10 18     16 350
================================================================================
SM 1069  504       899   0  0.54     0.0 164.3          M       92
================================================================================
AV 41.1 19.4                               6.3 FASTST   M    M   4    MAX(MPH)
                                 MISC ---->  # 31 340               # 38  330
================================================================================
NOTES:
# LAST OF SEVERAL OCCURRENCES

COLUMN 17 PEAK WIND IN M.P.H.

PRELIMINARY LOCAL CLIMATOLOGICAL DATA (WS FORM: F-6) , PAGE 2

                                          STATION:  WORLAND WY
                                          MONTH:    FEBRUARY
                                          YEAR:     2015
                                          LATITUDE:   43 58 N
                                          LONGITUDE: 107 57 W

[TEMPERATURE DATA]      [PRECIPITATION DATA]       SYMBOLS USED IN COLUMN 16

AVERAGE MONTHLY: 30.2   TOTAL FOR MONTH:   0.54    1 = FOG OR MIST
DPTR FM NORMAL:   6.9   DPTR FM NORMAL:    0.37    2 = FOG REDUCING VISIBILITY
HIGHEST:    57 ON 13    GRTST 24HR  0.30 ON 15-15      TO 1/4 MILE OR LESS
LOWEST:     -3 ON 23                               3 = THUNDER
                        SNOW, ICE PELLETS, HAIL    4 = ICE PELLETS
                        TOTAL MONTH:   0.0 INCH    5 = HAIL
                        GRTST 24HR     0.0         6 = FREEZING RAIN OR DRIZZLE
                        GRTST DEPTH:  M  ON   M    7 = DUSTSTORM OR SANDSTORM:
                                                       VSBY 1/2 MILE OR LESS
                                                   8 = SMOKE OR HAZE
[NO. OF DAYS WITH]      [WEATHER - DAYS WITH]      9 = BLOWING SNOW
                                                   X = TORNADO
MAX 32 OR BELOW:   7    0.01 INCH OR MORE:   5
MAX 90 OR ABOVE:   0    0.10 INCH OR MORE:   2
MIN 32 OR BELOW:  26    0.50 INCH OR MORE:   0
MIN  0 OR BELOW:   2    1.00 INCH OR MORE:   0

[HDD (BASE 65) ]
TOTAL THIS MO.   899    CLEAR  (SCALE 0-3)  14
DPTR FM NORMAL  -184    PTCLDY (SCALE 4-7)   8
TOTAL FM JUL 1  5814    CLOUDY (SCALE 8-10)  4
DPTR FM NORMAL  -117

[CDD (BASE 65) ]
TOTAL THIS MO.     0
DPTR FM NORMAL     0    [PRESSURE DATA]
TOTAL FM JAN 1     0    HIGHEST SLP M ON M
DPTR FM NORMAL     0    LOWEST  SLP 29.81 ON  7

[REMARKS]
