000
CXUS55 KRIW 310945
CF6WRL
PRELIMINARY LOCAL CLIMATOLOGICAL DATA (WS FORM: F-6)

                                          STATION:   WORLAND WY
                                          MONTH:     AUGUST
                                          YEAR:      2015
                                          LATITUDE:   43 58 N
                                          LONGITUDE: 107 57 W

  TEMPERATURE IN F:       :PCPN:    SNOW:  WIND      :SUNSHINE: SKY     :PK WND
================================================================================
1   2   3   4   5  6A  6B    7    8   9   10  11  12  13   14  15   16   17  18
                                     12Z  AVG MX 2MIN
DY MAX MIN AVG DEP HDD CDD  WTR  SNW DPTH SPD SPD DIR MIN PSBL S-S WX    SPD DR
================================================================================

 1  96  52  74   1   0   9 0.00  0.0    0  4.5 10 150   M    M   0        13  80
 2  97  50  74   1   0   9 0.00  0.0    0  5.2 14  80   M    M   0        20  80
 3  91  57  74   1   0   9    T  0.0    0  8.7 32 130   M    M   1 3      41 120
 4  82  59  71  -2   0   6 0.02  0.0    0  7.2 25 350   M    M   4 3      31 350
 5  90  54  72   0   0   7 0.04  0.0    0  6.6 28 310   M    M   1 13     35 310
 6  87  53  70  -2   0   5 0.00  0.0    0  5.1 22 330   M    M   1        27 320
 7  82  52  67  -5   0   2 0.00  0.0    0  7.7 29 190   M    M   0        36 190
 8  79  56  68  -4   0   3 0.01  0.0    0  7.2 21 360   M    M   2        27 350
 9  84  50  67  -5   0   2 0.00  0.0    0  3.6 13  20   M    M   3        16  20
10  92  50  71  -1   0   6 0.00  0.0    0  5.5 15 120   M    M   0        17 130
11  99  54  77   5   0  12 0.00  0.0    0  5.1 13 190   M    M   0 8      15 170
12  96  67  82  11   0  17 0.00  0.0    0  9.4 26 320   M    M   0        35 320
13  96  60  78   7   0  13 0.00  0.0    0  4.5 15 130   M    M   0        19 130
14 101  58  80   9   0  15 0.00  0.0    0  6.6 26 290   M    M   0        35 290
15  99  64  82  11   0  17 0.00  0.0    0  7.0 17 130   M    M   1 8      21  10
16  82  55  69  -1   0   4 0.00  0.0    0  6.9 18 320   M    M   0 8      24 320
17  80  48  64  -6   1   0 0.10  0.0    0  8.5 41 340   M    M   2 38     50 340
18  69  46  58 -12   7   0 0.05  0.0    0  6.9 26 330   M    M   2 1      34 350
19  76  41  59 -11   6   0 0.00  0.0    0  3.9 10 180   M    M   0        12 360
20  86  44  65  -5   0   0 0.00  0.0    0  4.5 10 180   M    M   0 8      12 170
21  94  45  70   1   0   5 0.00  0.0    0  3.4 10 170   M    M   0 8      15 360
22  68  43  56 -13   9   0 0.00  0.0    0 12.6 32 320   M    M   3 8      45 320
23  81  35  58 -11   7   0 0.00  0.0    0  4.1 12 260   M    M   0 8      16 260
24  95  40  68   0   0   3 0.00  0.0    0  4.9 15 200   M    M   0 8      23 170
25  99  52  76   8   0  11    T  0.0    0  5.9 26 320   M    M   0        32 330
26  89  58  74   6   0   9 0.02  0.0    0  8.4 25 300   M    M   1        32 310
27  80  58  69   2   0   4 0.21  0.0    0  7.0 28 330   M    M   4 138    38 300
28  88  50  69   2   0   4 0.00  0.0    0  4.5 14 150   M    M   0 18     16 160
29  98  49  74   8   0   9 0.00  0.0    0  5.0 17 200   M    M   0 8      21 190
30  95  60  78  12   0  13 0.02  0.0    0  6.5 21 200   M    M   0 3      32 220
================================================================================
SM 2651 1560        30 194  0.47     0.0 186.9          M       25
================================================================================
AV 88.4 52.0                               6.2 FASTST   M    M   1    MAX(MPH)
                                 MISC ---->  # 41 340               # 50  340
================================================================================
NOTES:
# LAST OF SEVERAL OCCURRENCES

COLUMN 17 PEAK WIND IN M.P.H.

PRELIMINARY LOCAL CLIMATOLOGICAL DATA (WS FORM: F-6) , PAGE 2

                                          STATION:  WORLAND WY
                                          MONTH:    AUGUST
                                          YEAR:     2015
                                          LATITUDE:   43 58 N
                                          LONGITUDE: 107 57 W

[TEMPERATURE DATA]      [PRECIPITATION DATA]       SYMBOLS USED IN COLUMN 16

AVERAGE MONTHLY: 70.2   TOTAL FOR MONTH:   0.47    1 = FOG OR MIST
DPTR FM NORMAL:  -0.0   DPTR FM NORMAL:    0.06    2 = FOG REDUCING VISIBILITY
HIGHEST:   101 ON 14    GRTST 24HR  0.23 ON 26-27      TO 1/4 MILE OR LESS
LOWEST:     35 ON 23                               3 = THUNDER
                        SNOW, ICE PELLETS, HAIL    4 = ICE PELLETS
                        TOTAL MONTH:   0.0 INCH    5 = HAIL
                        GRTST 24HR     0.0         6 = FREEZING RAIN OR DRIZZLE
                        GRTST DEPTH:   0           7 = DUSTSTORM OR SANDSTORM:
                                                       VSBY 1/2 MILE OR LESS
                                                   8 = SMOKE OR HAZE
[NO. OF DAYS WITH]      [WEATHER - DAYS WITH]      9 = BLOWING SNOW
                                                   X = TORNADO
MAX 32 OR BELOW:   0    0.01 INCH OR MORE:   8
MAX 90 OR ABOVE:  15    0.10 INCH OR MORE:   2
MIN 32 OR BELOW:   0    0.50 INCH OR MORE:   0
MIN  0 OR BELOW:   0    1.00 INCH OR MORE:   0

[HDD (BASE 65) ]
TOTAL THIS MO.    30    CLEAR  (SCALE 0-3)  28
DPTR FM NORMAL    12    PTCLDY (SCALE 4-7)   2
TOTAL FM JUL 1    37    CLOUDY (SCALE 8-10)  0
DPTR FM NORMAL     6

[CDD (BASE 65) ]
TOTAL THIS MO.   194
DPTR FM NORMAL    16    [PRESSURE DATA]
TOTAL FM JAN 1   573    HIGHEST SLP M ON M
DPTR FM NORMAL    70    LOWEST  SLP 29.70 ON 21

[REMARKS]
