000
CXUS56 KMTR 181000
CF6WVI
PRELIMINARY LOCAL CLIMATOLOGICAL DATA (WS FORM: F-6)

                                          STATION:   WATSONVILLE AIRPORT
                                          MONTH:     JANUARY
                                          YEAR:      2017
                                          LATITUDE:   36 55 N
                                          LONGITUDE: 121 47 W

  TEMPERATURE IN F:       :PCPN:    SNOW:  WIND      :SUNSHINE: SKY     :PK WND
================================================================================
1   2   3   4   5  6A  6B    7    8   9   10  11  12  13   14  15   16   17  18
                                     12Z  AVG MX 2MIN
DY MAX MIN AVG DEP HDD CDD  WTR  SNW DPTH SPD SPD DIR MIN PSBL S-S WX    SPD DR
================================================================================

 1  55  36  46  -4  19   0 0.01  0.0    0  4.8 16 230   M    M   6        20 260
 2  50  39  45  -5  20   0 0.16    M    0  2.9 10 160   M    M   9 1      13 150
 3  54  46  50   0  15   0 1.56    M    0  4.0 16 130   M    M   7 1      21 120
 4  58  52  55   5  10   0 0.96  0.0    0  7.7 17 170   M    M  10 128    25 130
 5  54  35  45  -5  20   0 0.01  0.0    0  3.6 10  50   M    M   5 1      16 320
 6  54  31  43  -7  22   0    T  0.0    0  3.3 12 110   M    M   2        13 110
 7  57  46  52   2  13   0 1.76  0.0    0  3.2 13  60   M    M  10 1      16  60
 8  61  55  58   8   7   0 1.52  0.0    0  7.6 17 180   M    M  10 1      23 160
 9  58  51  55   5  10   0 0.39  0.0    0  7.8 21 210   M    M   9 1      28 200
10  58  52  55   5  10   0 0.88  0.0    0 11.5 31 180   M    M  10 1      41 190
11  56  45  51   1  14   0 0.01    M    0  6.4 20 220   M    M   5 1      28 210
12  55  41  48  -2  17   0 0.48  0.0    0  4.0 15 240   M    M   6 1      20 220
13  55  35  45  -5  20   0 0.00  0.0    0  3.6  9 240   M    M   0 1       M  M
14  59  35  47  -3  18   0 0.00  0.0    0  2.3  9 240   M    M   0 1      11 240
15  57  35  46  -4  19   0 0.00  0.0    0  1.6  9  70   M    M   0 1      12 120
16  57  34  46  -4  19   0 0.00  0.0    0  3.5 13  90   M    M   0 1      16  90
17  59  34  47  -3  18   0 0.00  0.0    0  2.3 12 250   M    M   0 1      13 240
================================================================================
SM  957  702       271   0  7.74     0.0  80.1          M       89
================================================================================
AV 56.3 41.3                               4.7 FASTST   M    M   5    MAX(MPH)
                                 MISC ---->  # 31 180               # 41  190
================================================================================
NOTES:
# LAST OF SEVERAL OCCURRENCES

COLUMN 17 PEAK WIND IN M.P.H.

PRELIMINARY LOCAL CLIMATOLOGICAL DATA (WS FORM: F-6) , PAGE 2

                                          STATION:  WATSONVILLE AIRPORT
                                          MONTH:    JANUARY
                                          YEAR:     2017
                                          LATITUDE:   36 55 N
                                          LONGITUDE: 121 47 W

[TEMPERATURE DATA]      [PRECIPITATION DATA]       SYMBOLS USED IN COLUMN 16

AVERAGE MONTHLY: 48.8   TOTAL FOR MONTH:   7.74    1 = FOG OR MIST
DPTR FM NORMAL:  -1.2   DPTR FM NORMAL:    4.93    2 = FOG REDUCING VISIBILITY
HIGHEST:    61 ON  8    GRTST 24HR  2.42 ON  3- 4      TO 1/4 MILE OR LESS
LOWEST:     31 ON  6                               3 = THUNDER
                        SNOW, ICE PELLETS, HAIL    4 = ICE PELLETS
                        TOTAL MONTH:   0.0 INCH    5 = HAIL
                        GRTST 24HR     0.0         6 = FREEZING RAIN OR DRIZZLE
                        GRTST DEPTH:   0           7 = DUSTSTORM OR SANDSTORM:
                                                       VSBY 1/2 MILE OR LESS
                                                   8 = SMOKE OR HAZE
[NO. OF DAYS WITH]      [WEATHER - DAYS WITH]      9 = BLOWING SNOW
                                                   X = TORNADO
MAX 32 OR BELOW:   0    0.01 INCH OR MORE:  11
MAX 90 OR ABOVE:   0    0.10 INCH OR MORE:   8
MIN 32 OR BELOW:   1    0.50 INCH OR MORE:   5
MIN  0 OR BELOW:   0    1.00 INCH OR MORE:   3

[HDD (BASE 65) ]
TOTAL THIS MO.   271    CLEAR  (SCALE 0-3)   6
DPTR FM NORMAL    16    PTCLDY (SCALE 4-7)   5
TOTAL FM JUL 1  1408    CLOUDY (SCALE 8-10)  6
DPTR FM NORMAL    -4

[CDD (BASE 65) ]
TOTAL THIS MO.     0
DPTR FM NORMAL     0    [PRESSURE DATA]
TOTAL FM JAN 1     0    HIGHEST SLP M ON M
DPTR FM NORMAL     0    LOWEST  SLP 29.68 ON 10

[REMARKS]
