000
CXUS54 KFWD 010730
CF6XBP
PRELIMINARY LOCAL CLIMATOLOGICAL DATA (WS FORM: F-6)

                                          STATION:   BRIDGEPORT
                                          MONTH:     APRIL
                                          YEAR:      2016
                                          LATITUDE:   33 10 N
                                          LONGITUDE:  96 30 W

  TEMPERATURE IN F:       :PCPN:    SNOW:  WIND      :SUNSHINE: SKY     :PK WND
================================================================================
1   2   3   4   5  6A  6B    7    8   9   10  11  12  13   14  15   16   17  18
                                     12Z  AVG MX 2MIN
DY MAX MIN AVG DEP HDD CDD  WTR  SNW DPTH SPD SPD DIR MIN PSBL S-S WX    SPD DR
================================================================================

 1  61  45  53  -5  12   0 0.00  0.0    0  7.1 13  30   M    M   6        18 340
 2  68  41  55  -4  10   0 0.00  0.0    0  4.5  8 330   M    M   0         M  M
 3  77  37  57  -2   8   0 0.00  0.0    0  4.9 12 190   M    M   0        17 250
 4  86  46  66   7   0   1 0.00  0.0    0  4.9 12 190   M    M   0         M  M
 5  85  46  66   6   0   1 0.00  0.0    0  8.1 20 180   M    M   0        24 190
 6  75  52  64   4   1   0 0.00  0.0    0 11.1 17 330   M    M   0        25 340
 7  82  51  67   7   0   2 0.00  0.0    0  6.5 12 340   M    M   0        16 240
 8  69  47  58  -2   7   0 0.00  0.0    0  3.3  9  90   M    M   0        17  90
 9  65  49  57  -4   8   0 0.08  0.0    0  4.6 21 150   M    M   5        29 150
10  81  51  66   5   0   1 0.00  0.0    0 12.6 18 180   M    M   5        28 180
11  85  56  71  10   0   6 0.14  0.0    0  7.0 24  10   M    M   5 13     38  10
12  67  53  60  -2   5   0 0.01  0.0    0  4.9  9  80   M    M   7         M  M
13   M  53   M   M   M   M 0.26  0.0    0  3.6  9 130   M    M   8         M  M
14  69  53  61  -1   4   0 0.00  0.0    0  2.1  6 160   M    M   M         M  M
15  74  46  60  -2   5   0 0.00  0.0    0  6.7 13 120   M    M   4 12     20 120
16  75  59  67   4   0   2 0.00  0.0    0 11.6 22 150   M    M   8 3      29 110
17  69  59  64   1   1   0 3.29  0.0    0  6.0 16 140   M    M  10 3      28 120
18  64  60  62  -1   3   0 0.03  0.0    0  3.5  8  20   M    M  10 1       M  M
19  74  59  67   3   0   2 0.94  0.0    0  3.5 10 360   M    M   8 13     16 360
20  66  55  61  -3   4   0 0.55  0.0    0  3.1  8 340   M    M   8 3       M  M
21  75  54  65   1   0   0 0.21  0.0    0  5.3 16 340   M    M   2 3      22 340
22  78  52  65   1   0   0 0.00  0.0    0  2.0  7 360   M    M   0         M  M
23  80  49  65   1   0   0 0.00  0.0    0  4.9 10 160   M    M   0         M  M
24  77  63  70   5   0   5 0.00  0.0    0 11.6 17 160   M    M   2        25 180
25  87  66  77  12   0  12 0.00  0.0    0 10.9 15 190   M    M   4        22 180
26  83  60  72   7   0   7 0.61  0.0    0 10.4 15 150   M    M   6 3      32 320
27  77  55  66   0   0   1 0.00  0.0    0  4.0  9 270   M    M   0         M  M
28  82  52  67   1   0   2 0.00  0.0    0  6.3 14 120   M    M   1 3      21 120
29  84  62  73   7   0   8 0.07  0.0    0  4.8 10 320   M    M   6 13     16 200
30  74  55  65  -1   0   0 0.00  0.0    0  5.5 16 340   M    M   5        20 340
================================================================================
SM 2189 1586        68  50  6.19     0.0 185.3          M      110
================================================================================
AV 75.5 52.9                               6.2 FASTST   M    M   4    MAX(MPH)
                                 MISC ---->    24   M               # 38   10
================================================================================
NOTES:
# LAST OF SEVERAL OCCURRENCES

COLUMN 17 PEAK WIND IN M.P.H.

PRELIMINARY LOCAL CLIMATOLOGICAL DATA (WS FORM: F-6) , PAGE 2

                                          STATION:  BRIDGEPORT
                                          MONTH:    APRIL
                                          YEAR:     2016
                                          LATITUDE:   33 10 N
                                          LONGITUDE:  96 30 W

[TEMPERATURE DATA]      [PRECIPITATION DATA]       SYMBOLS USED IN COLUMN 16

AVERAGE MONTHLY: 64.2   TOTAL FOR MONTH:   6.19    1 = FOG OR MIST
DPTR FM NORMAL:   1.8   DPTR FM NORMAL:    3.31    2 = FOG REDUCING VISIBILITY
HIGHEST:    87 ON 25    GRTST 24HR  3.29 ON 17-17      TO 1/4 MILE OR LESS
LOWEST:     37 ON  3                               3 = THUNDER
                        SNOW, ICE PELLETS, HAIL    4 = ICE PELLETS
                        TOTAL MONTH:   0.0 INCH    5 = HAIL
                        GRTST 24HR     0.0         6 = FREEZING RAIN OR DRIZZLE
                        GRTST DEPTH:   0           7 = DUSTSTORM OR SANDSTORM:
                                                       VSBY 1/2 MILE OR LESS
                                                   8 = SMOKE OR HAZE
[NO. OF DAYS WITH]      [WEATHER - DAYS WITH]      9 = BLOWING SNOW
                                                   X = TORNADO
MAX 32 OR BELOW:   0    0.01 INCH OR MORE:  11
MAX 90 OR ABOVE:   0    0.10 INCH OR MORE:   7
MIN 32 OR BELOW:   0    0.50 INCH OR MORE:   4
MIN  0 OR BELOW:   0    1.00 INCH OR MORE:   1

[HDD (BASE 65) ]
TOTAL THIS MO.    68    CLEAR  (SCALE 0-3)  13
DPTR FM NORMAL   -71    PTCLDY (SCALE 4-7)  12
TOTAL FM JUL 1  2001    CLOUDY (SCALE 8-10)  4
DPTR FM NORMAL  -936

[CDD (BASE 65) ]
TOTAL THIS MO.    50
DPTR FM NORMAL   -13    [PRESSURE DATA]
TOTAL FM JAN 1    80    HIGHEST SLP M ON M
DPTR FM NORMAL     1    LOWEST  SLP M ON M

[REMARKS]
#FINAL-04-16#
