000
CXUS54 KTSA 180940
CF6XNA
PRELIMINARY LOCAL CLIMATOLOGICAL DATA (WS FORM: F-6)

                                          STATION:   HIGHFILL ARKANSAS
                                          MONTH:     JANUARY
                                          YEAR:      2017
                                          LATITUDE:   36 16 N
                                          LONGITUDE:  94 19 W

  TEMPERATURE IN F:       :PCPN:    SNOW:  WIND      :SUNSHINE: SKY     :PK WND
================================================================================
1   2   3   4   5  6A  6B    7    8   9   10  11  12  13   14  15   16   17  18
                                     12Z  AVG MX 2MIN
DY MAX MIN AVG DEP HDD CDD  WTR  SNW DPTH SPD SPD DIR MIN PSBL S-S WX    SPD DR
================================================================================

 1  59  29  44   9  21   0 0.00  0.0    0  6.0 15 140   M    M   3 1      19 180
 2  61  45  53  18  12   0 0.07  0.0    0  4.7 10 130   M    M   9 12     14 140
 3  51  24  38   3  27   0 0.00  0.0    0 10.4 20  10   M    M   9 12     25 360
 4  35  18  27  -8  38   0 0.00  0.0    0  8.3 18  20   M    M   1        23  20
 5  30  14  22 -13  43   0    T    M    0 11.8 20  10   M    M   9        24  10
 6  19   9  14 -21  51   0 0.00  0.0    0  9.1 17 350   M    M   5        22 350
 7  34   4  19 -16  46   0 0.00  0.0    0  4.2 13 260   M    M   0        15 240
 8  39  13  26  -9  39   0 0.00  0.0    0  7.3 23 180   M    M   1        27 170
 9  51  23  37   2  28   0 0.00  0.0    0 15.0 29 180   M    M   4        39 180
10  70  38  54  19  11   0 0.00  0.0    0 14.8 35 200   M    M   2        50 200
11  73  39  56  21   9   0 0.00  0.0    0 15.4 36 210   M    M   3        48 200
12  67  32  50  15  15   0    T    M    0 11.9 24 190   M    M   8 8      32 200
13  40  34  37   2  28   0 0.33    M    0  8.1 16  60   M    M  10 12     19  60
14  41  37  39   4  26   0 1.18    M    0  6.1 10 360   M    M   8 13     12  10
15  55  40  48  13  17   0 0.76    M    0  6.5 12  70   M    M  10 12     21  70
16  65  38  52  17  13   0 0.21    M    0 13.1 26 220   M    M   5 1      33 220
17  42  38  40   5  25   0 0.00  0.0    0  5.5 13 270   M    M  10 1      15 260
================================================================================
SM  832  475       449   0  2.55     0.0 158.2          M       97
================================================================================
AV 48.9 27.9                               9.3 FASTST   M    M   6    MAX(MPH)
                                 MISC ---->  # 36 210               # 50  200
================================================================================
NOTES:
# LAST OF SEVERAL OCCURRENCES

COLUMN 17 PEAK WIND IN M.P.H.

PRELIMINARY LOCAL CLIMATOLOGICAL DATA (WS FORM: F-6) , PAGE 2

                                          STATION:  HIGHFILL ARKANSAS
                                          MONTH:    JANUARY
                                          YEAR:     2017
                                          LATITUDE:   36 16 N
                                          LONGITUDE:  94 19 W

[TEMPERATURE DATA]      [PRECIPITATION DATA]       SYMBOLS USED IN COLUMN 16

AVERAGE MONTHLY: 38.4   TOTAL FOR MONTH:   2.55    1 = FOG OR MIST
DPTR FM NORMAL:   3.4   DPTR FM NORMAL:    1.05    2 = FOG REDUCING VISIBILITY
HIGHEST:    73 ON 11    GRTST 24HR  1.48 ON 13-14      TO 1/4 MILE OR LESS
LOWEST:      4 ON  7                               3 = THUNDER
                        SNOW, ICE PELLETS, HAIL    4 = ICE PELLETS
                        TOTAL MONTH:   0.0 INCH    5 = HAIL
                        GRTST 24HR     0.0         6 = FREEZING RAIN OR DRIZZLE
                        GRTST DEPTH:   0           7 = DUSTSTORM OR SANDSTORM:
                                                       VSBY 1/2 MILE OR LESS
                                                   8 = SMOKE OR HAZE
[NO. OF DAYS WITH]      [WEATHER - DAYS WITH]      9 = BLOWING SNOW
                                                   X = TORNADO
MAX 32 OR BELOW:   2    0.01 INCH OR MORE:   5
MAX 90 OR ABOVE:   0    0.10 INCH OR MORE:   4
MIN 32 OR BELOW:   9    0.50 INCH OR MORE:   2
MIN  0 OR BELOW:   0    1.00 INCH OR MORE:   1

[HDD (BASE 65) ]
TOTAL THIS MO.   449    CLEAR  (SCALE 0-3)   5
DPTR FM NORMAL   -61    PTCLDY (SCALE 4-7)   5
TOTAL FM JUL 1  1701    CLOUDY (SCALE 8-10)  7
DPTR FM NORMAL  -558

[CDD (BASE 65) ]
TOTAL THIS MO.     0
DPTR FM NORMAL     0    [PRESSURE DATA]
TOTAL FM JAN 1     0    HIGHEST SLP M ON M
DPTR FM NORMAL     0    LOWEST  SLP 29.65 ON 11

[REMARKS]
