000
CXUS54 KTSA 290840
CF6XNA
PRELIMINARY LOCAL CLIMATOLOGICAL DATA (WS FORM: F-6)

                                          STATION:   HIGHFILL ARKANSAS
                                          MONTH:     JUNE
                                          YEAR:      2015
                                          LATITUDE:   36 16 N
                                          LONGITUDE:  94 19 W

  TEMPERATURE IN F:       :PCPN:    SNOW:  WIND      :SUNSHINE: SKY     :PK WND
================================================================================
1   2   3   4   5  6A  6B    7    8   9   10  11  12  13   14  15   16   17  18
                                     12Z  AVG MX 2MIN
DY MAX MIN AVG DEP HDD CDD  WTR  SNW DPTH SPD SPD DIR MIN PSBL S-S WX    SPD DR
================================================================================

 1  78  59  69   1   0   4 0.00  0.0    0  3.6  8  50   M    M   6         M  M
 2  81  60  71   2   0   6 0.00  0.0    0  4.7 12 180   M    M   4        17 190
 3  85  63  74   5   0   9 0.00  0.0    0  5.5 12 190   M    M   1        15 210
 4  88  62  75   6   0  10 0.00  0.0    0  5.0 13 190   M    M   0 18     17 190
 5  87  67  77   7   0  12 0.00  0.0    0  3.8 13 210   M    M   1 1      17 210
 6  90  67  79   9   0  14 0.00  0.0    0  3.0 21  90   M    M   2 13     21  90
 7  91  68  80  10   0  15 0.00  0.0    0  8.3 17 220   M    M   1 1      23 180
 8  89  66  78   8   0  13 0.00  0.0    0  7.2 14 320   M    M   2        22 300
 9  90  63  77   6   0  12 0.00  0.0    0  3.1  8 200   M    M   0         M  M
10  92  65  79   8   0  14 0.00  0.0    0  5.3 12 170   M    M   0        16 260
11  92  69  81  10   0  16 0.00  0.0    0  8.6 20 180   M    M   0        27 190
12  90  71  81   9   0  16 0.00  0.0    0  9.6 23 180   M    M   1        29 200
13  87  71  79   7   0  14 0.25  0.0    0  9.8 24 180   M    M   3 13     31 170
14  87  71  79   7   0  14    T  0.0    0  9.7 17 170   M    M   4 3      22 170
15  85  71  78   6   0  13 0.80  0.0    0  7.8 22 270   M    M   4 13     32 270
16  79  70  75   2   0  10 0.82  0.0    0  4.5  9 180   M    M   8 13      M  M
17  79  70  75   2   0  10 0.04  0.0    0  5.9 24 140   M    M   4 1      29 140
18  80  70  75   2   0  10 2.97  0.0    0 12.5 23 360   M    M  10 1      29 360
19  84  69  77   3   0  12 0.09  0.0    0  8.3 20 350   M    M   6 1      27 340
20  90  66  78   4   0  13 0.00  0.0    0  8.9 20 200   M    M   0        27 200
21  88  72  80   6   0  15 0.00  0.0    0 10.4 21 220   M    M   2        27 220
22  89  73  81   7   0  16    T  0.0    0 13.0 24 220   M    M   4        33 200
23  91  74  83   8   0  18 0.00  0.0    0  8.1 17 250   M    M   0        26 260
24  91  71  81   6   0  16 0.00  0.0    0  7.1 14 200   M    M   0        18 200
25  92  74  83   8   0  18 0.00  0.0    0  7.5 16 240   M    M   0        19 250
26  83  70  77   2   0  12 0.36  0.0    0  5.1 17 350   M    M   3 13     23 220
27  83  63  73  -2   0   8 0.00  0.0    0  7.7 15  20   M    M   3 1      20  10
28  86  60  73  -3   0   8 0.00  0.0    0  7.3 16 210   M    M   1 1      22 210
================================================================================
SM 2427 1895         0 348  5.33     0.0 201.3          M       70
================================================================================
AV 86.7 67.7                               7.2 FASTST   M    M   3    MAX(MPH)
                                 MISC ---->  # 24 180               # 33  200
================================================================================
NOTES:
# LAST OF SEVERAL OCCURRENCES

COLUMN 17 PEAK WIND IN M.P.H.

PRELIMINARY LOCAL CLIMATOLOGICAL DATA (WS FORM: F-6) , PAGE 2

                                          STATION:  HIGHFILL ARKANSAS
                                          MONTH:    JUNE
                                          YEAR:     2015
                                          LATITUDE:   36 16 N
                                          LONGITUDE:  94 19 W

[TEMPERATURE DATA]      [PRECIPITATION DATA]       SYMBOLS USED IN COLUMN 16

AVERAGE MONTHLY: 77.2   TOTAL FOR MONTH:   5.33    1 = FOG OR MIST
DPTR FM NORMAL:   5.0   DPTR FM NORMAL:    0.50    2 = FOG REDUCING VISIBILITY
HIGHEST:    92 ON 25,11 GRTST 24HR  3.06 ON 18-19      TO 1/4 MILE OR LESS
LOWEST:     59 ON  1                               3 = THUNDER
                        SNOW, ICE PELLETS, HAIL    4 = ICE PELLETS
                        TOTAL MONTH:   0.0 INCH    5 = HAIL
                        GRTST 24HR     0.0         6 = FREEZING RAIN OR DRIZZLE
                        GRTST DEPTH:   0           7 = DUSTSTORM OR SANDSTORM:
                                                       VSBY 1/2 MILE OR LESS
                                                   8 = SMOKE OR HAZE
[NO. OF DAYS WITH]      [WEATHER - DAYS WITH]      9 = BLOWING SNOW
                                                   X = TORNADO
MAX 32 OR BELOW:   0    0.01 INCH OR MORE:   7
MAX 90 OR ABOVE:  10    0.10 INCH OR MORE:   5
MIN 32 OR BELOW:   0    0.50 INCH OR MORE:   3
MIN  0 OR BELOW:   0    1.00 INCH OR MORE:   1

[HDD (BASE 65) ]
TOTAL THIS MO.     0    CLEAR  (SCALE 0-3)  18
DPTR FM NORMAL    -5    PTCLDY (SCALE 4-7)   9
TOTAL FM JUL 1  4049    CLOUDY (SCALE 8-10)  1
DPTR FM NORMAL  -269

[CDD (BASE 65) ]
TOTAL THIS MO.   348
DPTR FM NORMAL   138    [PRESSURE DATA]
TOTAL FM JAN 1   468    HIGHEST SLP M ON M
DPTR FM NORMAL   162    LOWEST  SLP 29.72 ON 11

[REMARKS]
