000
CXAK56 PAYA 280903
CF6YAK

PRELIMINARY LOCAL CLIMATOLOGICAL DATA (WS FORM: F-6)

                                          STATION:   YAKUTAT
                                          MONTH:     12
                                          YEAR:      2014
                                          LATITUDE:   59 31 N
                                          LONGITUDE: 139 40 W

  TEMPERATURE IN F:       :PCPN:    SNOW:  WIND      :SUNSHINE: SKY     :PK WND
================================================================================
1   2   3   4   5  6A  6B    7     8   9   10  11  12  13   14  15   16  17  18
                                      12Z  AVG MX 2MIN
DY MAX MIN AVG DEP HDD CDD  WTR   SNW DPTH SPD SPD DIR MIN PSBL S-S WX   SPD DR
================================================================================

 1  32  10  21  -9  44   0  0.11  1.0   5  2.6  9   50   M    M   M 1     12 100
 2  42  32  37   7  28   0  0.92  0.4   1  4.9 10  220   M    M   M 1     16 270
 3  39  25  32   2  33   0  0.10  0.0   1  1.4 13  240   M    M   M 2     17 250
 4  28  22  25  -5  40   0  0.00  0.0   1  0.8  6   30   M    M   M 1      6  30
 5  33  20  27  -3  38   0  0.00  0.0   1  1.9  7   30   M    M   M 1      8  90
 6  38  31  35   5  30   0  0.01  0.0   1  3.9  8   60   M    M   M       11  90
 7  43  37  40  10  25   0  1.35  0.0   1  7.7 14   60   M    M   M 1     17  70
 8  46  40  43  13  22   0  0.51  0.0   T  6.3 14   60   M    M   M 1     18  80
 9  43  35  39   9  26   0  0.47  0.0   T  4.1 22   90   M    M   M 1     32  90
10  41  28  35   5  30   0  0.01  0.0   0  1.2  9  310   M    M   M 1     13 310
11  31  25  28  -2  37   0  0.00  0.0   0  0.5  6   80   M    M   M 1      6  80
12  36  31  34   4  31   0  0.39    T   0  4.2  9  100   M    M   M 1     13 100
13  41  35  38   8  27   0  0.16  0.0   0  6.6 12   50   M    M   M 1     17  90
14  46  39  43  13  22   0  2.16  0.0   0 11.1 24  140   M    M   M 1     39 140
15  44  39  42  12  23   0  1.50  0.0   0  7.9 23  130   M    M   M 1     35 140
16  44  34  39   9  26   0  0.59    T   0 10.2 24  150   M    M   M 1248  38 150
17  36  28  32   2  33   0  0.19  0.0   0  3.9 13  120   M    M   M 1     18 130
18  43  25  34   4  31   0  0.00  0.0   0  4.6 13   60   M    M   M 1     17  60
19  40  33  37   7  28   0     T  0.0   0  4.5  9   60   M    M   M       12  60
20  45  32  39   9  26   0  0.04  0.0   0  5.5 20   70   M    M   M 1     27  70
21  42  34  38   9  27   0  0.65  0.0   0  5.8 23  100   M    M   M 1     39 110
22  44  32  38   9  27   0  0.34    T   0  5.6 10  100   M    M   M 1248  15  90
23  34  24  29   0  36   0  0.00  0.0   0  1.1  9  330   M    M   M 12    14 320
24  33  23  28  -1  37   0  0.08  0.0   0  3.0  8   90   M    M   M 1     10  80
25  40  32  36   7  29   0  0.35  0.2   T  4.4 12  250   M    M   M 1     16 250
26  42  30  36   7  29   0  0.81  0.2   T  4.9 22  260   M    M   M 1248  38 220
27  32  18  25  -4  40   0  0.00  0.0   T  0.4  5   70   M    M   M 1      5  50
================================================================================
SM 1058  794       825   0 10.74 1.8    119.0           M        M
================================================================================
AV 39.2 29.4                              4.4 FASTST  PSBL  %   M    MAX(MPH)
                                 MISC ---->  #  24  150               # 39 110
================================================================================
NOTES:
# LAST OF SEVERAL OCCURRENCES

COLUMN 17 PEAK WIND IN M.P.H.

PRELIMINARY LOCAL CLIMATOLOGICAL DATA (WS FORM: F-6) , PAGE 2

                                          STATION:   YAKUTAT
                                          MONTH:     12
                                          YEAR:      2014
                                          LATITUDE:  59 31 N
                                          LONGITUDE: 139 40 W

[TEMPERATURE DATA]      [PRECIPITATION DATA]       SYMBOLS USED IN COLUMN 16

AVERAGE MONTHLY:34.3   TOTAL FOR MONTH:10.74       1 = FOG
DPTR FM NORMAL:  4.6   DPTR FM NORMAL: -3.49       2 = FOG REDUCING VISIBILITY
HIGHEST:    46 ON 14    GRTST 24HR   2.16 ON 14        TO 1/4 MILE OR LESS
LOWEST:     10 ON  1                               3 = THUNDER
                        SNOW, ICE PELLETS, HAIL    4 = ICE PELLETS
                        TOTAL MONTH: 1.8 INCHES  5 = HAIL
                        GRTST 24HR   1.0 ON  1     6 = GLAZE OR RIME
                        GRTST DEPTH:    5 ON  1    7 = BLOWING DUST OR SAND:
                                                       VSBY 1/2 MILE OR LESS
                                                   8 = SMOKE OR HAZE
[NO. OF DAYS WITH]      [WEATHER - DAYS WITH]      9 = BLOWING SNOW
                                                   X = TORNADO
MAX 32 OR BELOW:   4    0.01 INCH OR MORE:  20
MAX 70 OR ABOVE:   0    0.10 INCH OR MORE:  16
MIN 32 OR BELOW:  18    0.50 INCH OR MORE:   8
MIN  0 OR BELOW:   0    1.00 INCH OR MORE:   3

[HDD (BASE 65) ]
TOTAL THIS MO.   825    CLEAR  (SCALE 0-3)   M
DPTR FM NORMAL  -127    PTCLDY (SCALE 4-7)   M
SEASONAL TOTAL  3505    CLOUDY (SCALE 8-10)  M
DPTR FM NORMAL  -345

[CDD (BASE 65) ]
TOTAL THIS MO.     0
DPTR FM NORMAL     0    [PRESSURE DATA]
SEASONAL TOTAL     0    HIGHEST SLP     M
DPTR FM NORMAL     0    LOWEST  SLP     M

[REMARKS]
