000
CXUS51 KPBZ 240904
CF6ZZV
PRELIMINARY LOCAL CLIMATOLOGICAL DATA (WS FORM: F-6)

                                          STATION:   ZANESVILLE OH
                                          MONTH:     NOVEMBER
                                          YEAR:      2017
                                          LATITUDE:   39 56 N
                                          LONGITUDE:  81 54 W

  TEMPERATURE IN F:       :PCPN:    SNOW:  WIND      :SUNSHINE: SKY     :PK WND
================================================================================
1   2   3   4   5  6A  6B    7    8   9   10  11  12  13   14  15   16   17  18
                                     12Z  AVG MX 2MIN
DY MAX MIN AVG DEP HDD CDD  WTR  SNW DPTH SPD SPD DIR MIN PSBL S-S WX    SPD DR
================================================================================

 1  53  31  42  -6  23   0 0.35    M    0  2.8 10 180   M    M   9 1      13 170
 2  70  53  62  14   3   0 0.07  0.0    0  9.4 18 210   M    M   9 1      26 200
 3  66  41  54   6  11   0 0.07    M    0  6.5 15 360   M    M   6 1      20  10
 4  64  35  50   3  15   0 0.00  0.0    0  3.4 14 160   M    M   5        15 160
 5  75  58  67  20   0   2 1.43  0.0    0  8.1 22 310   M    M   8 13     27 310
 6  61  42  52   5  13   0 1.17    M    0  7.6 18 330   M    M   8 13     26 330
 7  44  37  41  -5  24   0 0.12    M    0  6.5 15  60   M    M   6        20  70
 8  52  30  41  -5  24   0 0.00  0.0    0  3.3 16  50   M    M   1        22  70
 9  54  26  40  -6  25   0 0.00  0.0    0  5.6 21 330   M    M   2 1      28 330
10  40  23  32 -13  33   0 0.00  0.0    0  9.2 18 330   M    M   6        24 320
11  38  20  29 -16  36   0 0.00  0.0    0  3.6 10 120   M    M   0        12 120
12  52  26  39  -6  26   0 0.16    M    M  2.1  7  50   M    M   4 1      10 110
13  44  38  41  -3  24   0 0.07    M    M  6.5 14 340   M    M  10 18     19 300
14  48  29  39  -5  26   0 0.00    M    M  2.7 12 130   M    M   4 1      14 110
15  49  25  37  -7  28   0 0.10    M    M  5.3 13 250   M    M   3 1      19 240
16  49  38  44   1  21   0 0.00  0.0    0  8.7 20 290   M    M   8        28 290
17  47  36  42  -1  23   0 0.00    M    M  4.8 14 120   M    M   5        19 130
18  65  40  53  11  12   0 0.60    M    M 11.5 29 310   M    M   9 1      40 320
19  40  31  36  -6  29   0 0.05    M    0 11.5 25 290   M    M  10 1      35 300
20  45  25  35  -7  30   0 0.00  0.0    0  7.6 16 200   M    M   1        19 200
21  57  32  45   4  20   0 0.00  0.0    0  9.5 24 210   M    M   0        33 200
22  47  25  36  -5  29   0 0.02    M    M  6.2 23 320   M    M   9        27 310
23  41  19  30 -10  35   0 0.00    M    M  1.5 10 180   M    M   2        16 170
================================================================================
SM 1201  760       510   2  4.21     0.0 143.9          M      125
================================================================================
AV 52.2 33.0                               6.3 FASTST   M    M   5    MAX(MPH)
                                 MISC ---->  # 29 310               # 40  320
================================================================================
NOTES:
# LAST OF SEVERAL OCCURRENCES

COLUMN 17 PEAK WIND IN M.P.H.

PRELIMINARY LOCAL CLIMATOLOGICAL DATA (WS FORM: F-6) , PAGE 2

                                          STATION:  ZANESVILLE OH
                                          MONTH:    NOVEMBER
                                          YEAR:     2017
                                          LATITUDE:   39 56 N
                                          LONGITUDE:  81 54 W

[TEMPERATURE DATA]      [PRECIPITATION DATA]       SYMBOLS USED IN COLUMN 16

AVERAGE MONTHLY: 42.6   TOTAL FOR MONTH:   4.21    1 = FOG OR MIST
DPTR FM NORMAL:  -1.9   DPTR FM NORMAL:    1.81    2 = FOG REDUCING VISIBILITY
HIGHEST:    75 ON  5    GRTST 24HR  1.43 ON  5- 5      TO 1/4 MILE OR LESS
LOWEST:     19 ON 23                               3 = THUNDER
                        SNOW, ICE PELLETS, HAIL    4 = ICE PELLETS
                        TOTAL MONTH:   0.0 INCH    5 = HAIL
                        GRTST 24HR     0.0         6 = FREEZING RAIN OR DRIZZLE
                        GRTST DEPTH:   0           7 = DUSTSTORM OR SANDSTORM:
                                                       VSBY 1/2 MILE OR LESS
                                                   8 = SMOKE OR HAZE
[NO. OF DAYS WITH]      [WEATHER - DAYS WITH]      9 = BLOWING SNOW
                                                   X = TORNADO
MAX 32 OR BELOW:   0    0.01 INCH OR MORE:  12
MAX 90 OR ABOVE:   0    0.10 INCH OR MORE:   7
MIN 32 OR BELOW:  13    0.50 INCH OR MORE:   3
MIN  0 OR BELOW:   0    1.00 INCH OR MORE:   2

[HDD (BASE 65) ]
TOTAL THIS MO.   510    CLEAR  (SCALE 0-3)   6
DPTR FM NORMAL    39    PTCLDY (SCALE 4-7)  10
TOTAL FM JUL 1   836    CLOUDY (SCALE 8-10)  7
DPTR FM NORMAL  -122

[CDD (BASE 65) ]
TOTAL THIS MO.     2
DPTR FM NORMAL     2    [PRESSURE DATA]
TOTAL FM JAN 1   877    HIGHEST SLP M ON M
DPTR FM NORMAL   109    LOWEST  SLP 29.11 ON 18

[REMARKS]
