894
CXUS56 KOTX 011640 CCA
CLAEAT

CLIMATE REPORT...CORRECTED
NATIONAL WEATHER SERVICE SPOKANE, WA
420 AM PST FRI JAN 1 2016

...................................

...THE WENATCHEE WA PANGBORN FIELD CLIMATE SUMMARY FOR THE YEAR OF 2015...

CLIMATE NORMAL PERIOD 1981 TO 2010
CLIMATE RECORD PERIOD 1959 TO 2015

WEATHER         OBSERVED          NORMAL  DEPART
                 VALUE   DATE(S)  VALUE   FROM
                                          NORMAL
................................................
TEMPERATURE (F)
RECORD
 HIGH             109   06/28/2015
                        08/04/1961
                        08/04/1961
 LOW              -21   12/30/1968
HIGHEST           109R  06/28
LOWEST              9   12/31
AVG. MAXIMUM     65.8              61.0     4.8
AVG. MINIMUM     46.2              40.8     5.4
MEAN             56.0              29.5    26.5
DAYS MAX >= 90     50              28.1    21.9
DAYS MAX <= 32     26              31.9    -5.9
DAYS MIN <= 32     69              99.1   -30.1
DAYS MIN <= 0       0               1.1    -1.1

PRECIPITATION (INCHES)
RECORD
 MAXIMUM        14.28   1983
 MINIMUM         4.49   1976
TOTALS           8.25              8.01    0.24
DAILY AVG.       0.02              0.02    0.00
DAYS >= .01        70              67.9     2.1
DAYS >= .10        27              25.1     1.9
DAYS >= .50         1               1.8    -0.8
DAYS >= 1.00        0               0.1    -0.1
GREATEST
 24 HR. TOTAL    0.66   MM

DEGREE_DAYS
HEATING TOTAL    4585              5772   -1187
COOLING TOTAL    1397               790     607

FREEZE DATES
RECORD
 EARLIEST     09/29/1985
 LATEST       05/27/2011
EARLIEST                        10/26
LATEST                          04/08
.................................................

WIND (MPH)
AVERAGE WIND SPEED              6.8
HIGHEST WIND SPEED/DIRECTION    43/260    DATE  10/30
HIGHEST GUST SPEED/DIRECTION    54/260    DATE  10/30

SKY COVER
AVERAGE SKY COVER           0.30

AVERAGE RH (PERCENT)     53

WEATHER CONDITIONS. NUMBER OF DAYS WITH
THUNDERSTORM              7     MIXED PRECIP               0
HEAVY RAIN                1     RAIN                      12
LIGHT RAIN               72     FREEZING RAIN              1
LT FREEZING RAIN          4     HAIL                       0
SLEET                     0     FOG                       84
FOG W/VIS <= 1/4 MILE    42     HAZE                      40

-  INDICATES NEGATIVE NUMBERS.
R  INDICATES RECORD WAS SET OR TIED.
MM INDICATES DATA IS MISSING.
T  INDICATES TRACE AMOUNT.

$$
