000
CXUS55 KVEF 052348 CCA
CLAIGM

CLIMATE REPORT
NATIONAL WEATHER SERVICE LAS VEGAS, NV
348 PM PST FRI JAN 5 2016

...................................

...THE KINGMAN AZ CLIMATE SUMMARY FOR THE YEAR OF 2015...

CLIMATE NORMAL PERIOD 1981 TO 2010
CLIMATE RECORD PERIOD 1901 TO 2015

WEATHER         OBSERVED          NORMAL  DEPART  LAST YEAR`S
                 VALUE   DATE(S)  VALUE   FROM    VALUE  DATE(S)
                                          NORMAL
................................................................
TEMPERATURE (F)
RECORD
 HIGH             113   07/17/2005
 LOW                4   01/29/1979
HIGHEST           105   08/16        76      29      105  07/24
                        06/26
                        06/20
LOWEST             10   01/02        47     -37       18  12/28
AVG. MAXIMUM     78.1              76.0     2.1     78.1
AVG. MINIMUM     48.4              48.4     0.0     48.8
MEAN             63.2              62.2     1.0     63.5
DAYS MAX >= 90    119             104.6    14.4      110
DAYS MAX <= 32      0               0.1    -0.1        1
DAYS MIN <= 32     62              59.0     3.0       57
DAYS MIN <= 0       0               0.0     0.0        0

PRECIPITATION (INCHES)
RECORD
 MAXIMUM        18.93   1931
 MINIMUM         3.58   1947
TOTALS           8.20              8.39   -0.19     8.52
DAILY AVG.       0.02              0.02    0.00        T
DAYS >= .01        48                MM      MM       37
DAYS >= .10        22                MM      MM       21
DAYS >= .50         6                MM      MM        7
DAYS >= 1.00        1                MM      MM        0
GREATEST
 24 HR. TOTAL    1.07   06/09 TO 06/10

 STORM TOTAL     1.27
 (MM/DD(HH))  03/01(12) TO 03/03(18)

SNOWFALL (INCHES)
RECORDS
 TOTAL           15.0   1905
 24 HR TOTAL       MM   MM
 SNOW DEPTH         7   01/14/1949
                        03/11/1922
TOTALS             MM                MM      MM      0.0
 LIQUID EQUIV      MM                MM      MM     0.00
SINCE 7/1           T                MM      MM      0.0
 LIQUID 7/1        MM                MM      MM     0.00
SNOWDEPTH AVG.     MM                MM      MM     8333
DAYS >= TRACE       5                MM      MM        0
DAYS >= 1.0         0                MM      MM        0
GREATEST
 SNOW DEPTH        MM
 24 HR TOTAL       MM
 STORM TOTAL       MM

DEGREE_DAYS
HEATING TOTAL    2781              3103    -322     2513
 SINCE 7/1       1306              1249      57     1055
COOLING TOTAL    2235              2095     140     2070
 SINCE 1/1       2235              2093     142     2070

FREEZE DATES
RECORD
 EARLIEST     10/22/1996
 LATEST       05/21/1975
EARLIEST                        11/14
LATEST                          04/04
..................................................

WIND (MPH)
AVERAGE WIND SPEED              9.1
RESULTANT WIND SPEED/DIRECTION   4/190
HIGHEST WIND SPEED/DIRECTION    41/130    DATE  10/15
HIGHEST GUST SPEED/DIRECTION    54/180    DATE  06/13

SKY COVER
POSSIBLE SUNSHINE (PERCENT)   MM
AVERAGE SKY COVER           0.10
NUMBER OF DAYS FAIR          324
NUMBER OF DAYS PC             34
NUMBER OF DAYS CLOUDY          7

AVERAGE RH (PERCENT)     40

WEATHER CONDITIONS. NUMBER OF DAYS WITH
THUNDERSTORM             46     MIXED PRECIP               0
HEAVY RAIN               10     RAIN                      23
LIGHT RAIN               71     FREEZING RAIN              0
LT FREEZING RAIN          0     HAIL                       0
HEAVY SNOW                0     SNOW                       0
LIGHT SNOW                5     SLEET                      0
FOG                      23     FOG W/VIS <= 1/4 MILE      1
HAZE                      8

-  INDICATES NEGATIVE NUMBERS.
R  INDICATES RECORD WAS SET OR TIED.
MM INDICATES DATA IS MISSING.
T  INDICATES TRACE AMOUNT.

$$
