000
CXUS55 KVEF 060258
CLAIGM

CLIMATE REPORT
NATIONAL WEATHER SERVICE LAS VEGAS, NV
439 PM PST THU JAN 5 2017

...................................

...THE KINGMAN AZ CLIMATE SUMMARY FOR THE YEAR OF 2016...

CLIMATE NORMAL PERIOD 1981 TO 2010
CLIMATE RECORD PERIOD 1901 TO 2017

WEATHER         OBSERVED          NORMAL  DEPART  LAST YEAR`S
                 VALUE   DATE(S)  VALUE   FROM    VALUE  DATE(S)
                                          NORMAL
................................................................
TEMPERATURE (F)
RECORD
 HIGH             113   07/17/2005
 LOW                4   01/29/1979
HIGHEST           111   06/20        76      35      105  08/16
                                                          06/26
                                                          06/20
LOWEST             20   12/20        47     -27       10  01/02
                        12/18
                        02/03
AVG. MAXIMUM     78.4              76.0     2.4     78.1
AVG. MINIMUM     49.7              48.4     1.3     48.4
MEAN             64.0              62.2     1.8     63.2
DAYS MAX >= 90    106             104.6     1.4      119
DAYS MAX <= 32      0               0.1    -0.1        0
DAYS MIN <= 32     56              59.0    -3.0       62
DAYS MIN <= 0       0               0.0     0.0        0

PRECIPITATION (INCHES)
RECORD
 MAXIMUM        18.93   1931
 MINIMUM         3.58   1947
TOTALS          10.99              8.39    2.60     8.20
DAILY AVG.          T              0.02   -0.02     0.02
DAYS >= .01        48                MM      MM       48
DAYS >= .10        22                MM      MM       22
DAYS >= .50         8                MM      MM        6
DAYS >= 1.00        2                MM      MM        1
GREATEST
 24 HR. TOTAL    1.42   08/22 TO 08/23
 STORM TOTAL     1.42
 (MM/DD(HH))  08/22(17) TO 08/23(02)

SNOWFALL (INCHES)
RECORDS
 TOTAL           15.0   1905
 24 HR TOTAL     99.0   MM
 SNOW DEPTH         7   01/14/1949
                        03/11/1922
TOTALS              T                MM      MM        T
 LIQUID EQUIV      MM                MM      MM       MM
SINCE 7/1         0.0                MM      MM        T
 LIQUID 7/1      0.00                MM      MM       MM
SNOWDEPTH AVG.      0                MM      MM        0
DAYS >= TRACE       1                MM      MM        4
DAYS >= 1.0         0                MM      MM        0
GREATEST
 SNOW DEPTH         0   MM                             0  MM
 24 HR TOTAL      0.0   MM                       12/31 TO 12/31
                                                          12/31 TO 12/31
                                                          12/31 TO 12/31
 STORM TOTAL       MM                                 MM
 (MM/DD(HH))            MM                    12/31(00) TO 12/31(00)
                                                 12/31(00) TO 12/31(00)1
                                                 12/31(00) TO 12/31(00)1

DEGREE_DAYS
HEATING TOTAL    2485              3103    -618     2781
 SINCE 7/1        963              1249    -286     1306
COOLING TOTAL    2244              2095     149     2235
 SINCE 1/1       2244              2093     151     2235

FREEZE DATES
RECORD
 EARLIEST     10/22/1996
 LATEST       05/21/1975
EARLIEST                        11/14
LATEST                          04/04
..................................................

WIND (MPH)
AVERAGE WIND SPEED              9.8
RESULTANT WIND SPEED/DIRECTION   4/188
HIGHEST WIND SPEED/DIRECTION    47/060    DATE  06/27
HIGHEST GUST SPEED/DIRECTION    68/130    DATE  06/09

SKY COVER
POSSIBLE SUNSHINE (PERCENT)   MM
AVERAGE SKY COVER           0.10
NUMBER OF DAYS FAIR          318
NUMBER OF DAYS PC             36
NUMBER OF DAYS CLOUDY         12

AVERAGE RH (PERCENT)     36

WEATHER CONDITIONS. NUMBER OF DAYS WITH
THUNDERSTORM              0     MIXED PRECIP               0
HEAVY RAIN               13     RAIN                      24
LIGHT RAIN               65     FREEZING RAIN              0
LT FREEZING RAIN          0     HAIL                       0
HEAVY SNOW                0     SNOW                       0
LIGHT SNOW                2     SLEET                      0
FOG                      24     FOG W/VIS <= 1/4 MILE      1
HAZE                     21

-  INDICATES NEGATIVE NUMBERS.
R  INDICATES RECORD WAS SET OR TIED.
MM INDICATES DATA IS MISSING.
T  INDICATES TRACE AMOUNT.

$$
