000
CXUS53 KGLD 031245 RRA
CLAMCK

CLIMATE REPORT
NATIONAL WEATHER SERVICE GOODLAND
1003 AM MST TUE JAN 2 2018

...................................

...THE MCCOOK CLIMATE SUMMARY FOR THE YEAR OF 2017...

CLIMATE NORMAL PERIOD 1981 TO 2010
CLIMATE RECORD PERIOD 1896 TO 2017

WEATHER         OBSERVED          NORMAL  DEPART  LAST YEAR`S
                 VALUE   DATE(S)  VALUE   FROM    VALUE  DATE(S)
                                          NORMAL
................................................................
TEMPERATURE (F)
RECORD
 HIGH             115   06/26/2012
 LOW              -30   01/12/1912
HIGHEST           107   07/21       105       2      104  07/20
                        07/19
LOWEST            -12   01/06       -10      -2      -16  12/18
AVG. MAXIMUM     67.9              64.9     3.0     68.2
AVG. MINIMUM     39.3              36.6     2.7     39.9
MEAN             53.6              50.8     2.8     54.1
DAYS MAX >= 90     64              44.7    19.3       52
DAYS MAX <= 32     22              27.6    -5.6       18
DAYS MIN <= 32    143             161.0   -18.0      135
DAYS MIN <= 0       6               8.6    -2.6        6

PRECIPITATION (INCHES)
RECORD
 MAXIMUM        24.82   2016
 MINIMUM         9.41   2012
TOTALS          18.50             22.53   -4.03
DAYS >= .01        73              75.1    -2.1       64
DAYS >= .10        36              43.8    -7.8       34
DAYS >= .50        15              14.5     0.5       11
DAYS >= 1.00        3               5.1    -2.1        4
GREATEST
 24 HR. TOTAL    1.53                               4.94

.................................................................



-  INDICATES NEGATIVE NUMBERS.
R  INDICATES RECORD WAS SET OR TIED.
MM INDICATES DATA IS MISSING.
T  INDICATES TRACE AMOUNT.

$$
