000
CDUS41 KBTV 240524
CLI1V4


CLIMATE REPORT
NATIONAL WEATHER SERVICE BURLINGTON VT
122 AM EDT WED AUG 24 2016


...................................

...THE ST. JOHNSBURY VT CLIMATE SUMMARY FOR AUGUST 23 2016...

CLIMATE NORMAL PERIOD 1981 TO 2010
CLIMATE RECORD PERIOD 1894 TO 2016


WEATHER ITEM   OBSERVED TIME   RECORD YEAR NORMAL DEPARTURE LAST
                VALUE   (LST)  VALUE       VALUE  FROM      YEAR
                                                  NORMAL
..................................................................
TEMPERATURE (F)
 YESTERDAY
  MAXIMUM         77        MM  91    1918  78     -1       83
  MINIMUM         48        MM  38    1957  56     -8       56
  AVERAGE         63                        67     -4       70

PRECIPITATION (IN)
  YESTERDAY        0.00          1.75 1964   0.12  -0.12     0.00
  MONTH TO DATE    5.31                      3.38   1.93     2.14
  SINCE JUN 1     15.13                     11.51   3.62    15.52
  SINCE JAN 1     27.71                     24.92   2.79    26.89

DEGREE DAYS
 HEATING
  YESTERDAY        2                         1      1        0
  MONTH TO DATE   10                        22    -12        5
  SINCE JUN 1    117                       109      8      143
  SINCE JUL 1     26                        37    -11       34

 COOLING
  YESTERDAY        0                         3     -3        5
  MONTH TO DATE  116                        98     18      116
  SINCE JUN 1    335                       357    -22      290
  SINCE JAN 1    378                       375      3      328
..................................................................


WIND (MPH)
  HIGHEST WIND SPEED    MM   HIGHEST WIND DIRECTION    MM
  HIGHEST GUST SPEED    MM   HIGHEST GUST DIRECTION    MM
  AVERAGE WIND SPEED    MM


SKY COVER
  AVERAGE SKY COVER 0.0


WEATHER CONDITIONS
 THE FOLLOWING WEATHER WAS RECORDED YESTERDAY.
  NO SIGNIFICANT WEATHER WAS OBSERVED.


RELATIVE HUMIDITY (PERCENT)
 HIGHEST    96          1200 AM
 LOWEST     36           200 PM
 AVERAGE    66

..........................................................


THE ST. JOHNSBURY VT CLIMATE NORMALS FOR TODAY
                         NORMAL    RECORD    YEAR
 MAXIMUM TEMPERATURE (F)   78        97      1909
 MINIMUM TEMPERATURE (F)   56        37      1987


SUNRISE AND SUNSET
AUGUST 24 2016........SUNRISE   602 AM EDT   SUNSET   738 PM EDT
AUGUST 25 2016........SUNRISE   603 AM EDT   SUNSET   736 PM EDT


-  INDICATES NEGATIVE NUMBERS.
R  INDICATES RECORD WAS SET OR TIED.
MM INDICATES DATA IS MISSING.
T  INDICATES TRACE AMOUNT.




$$
