772
CDUS41 KBTV 291226
CLI1V4


CLIMATE REPORT
NATIONAL WEATHER SERVICE BURLINGTON VT
825 AM EDT FRI JUL 29 2016


...................................

...THE ST. JOHNSBURY VT CLIMATE SUMMARY FOR JULY 28 2016...

CLIMATE NORMAL PERIOD 1981 TO 2010
CLIMATE RECORD PERIOD 1894 TO 2016


WEATHER ITEM   OBSERVED TIME   RECORD YEAR NORMAL DEPARTURE LAST
                VALUE   (LST)  VALUE       VALUE  FROM      YEAR
                                                  NORMAL
..................................................................
TEMPERATURE (F)
 YESTERDAY
  MAXIMUM         85        MM  99    1909  81      4       86
  MINIMUM         63        MM  40    1903  59      4       63
  AVERAGE         74                        70      4       75

PRECIPITATION (IN)
  YESTERDAY        0.07          4.99 1913   0.15  -0.08     0.29
  MONTH TO DATE    5.19                      3.68   1.51     5.54
  SINCE JUN 1      9.82                      7.69   2.13    13.24
  SINCE JAN 1     22.40                     21.10   1.30    24.61

DEGREE DAYS
 HEATING
  YESTERDAY        0                         0      0        0
  MONTH TO DATE   16                        10      6       29
  SINCE JUN 1    107                        82     25      138
  SINCE JUL 1     16                        10      6       29

 COOLING
  YESTERDAY        9                         5      4       10
  MONTH TO DATE  147                       155     -8      115
  SINCE JUN 1    208                       245    -37      148
  SINCE JAN 1    251                       263    -12      186
..................................................................


WIND (MPH)
  HIGHEST WIND SPEED    MM   HIGHEST WIND DIRECTION    MM
  HIGHEST GUST SPEED    MM   HIGHEST GUST DIRECTION    MM
  AVERAGE WIND SPEED    MM


SKY COVER
  AVERAGE SKY COVER 0.0


WEATHER CONDITIONS
 THE FOLLOWING WEATHER WAS RECORDED YESTERDAY.
  NO SIGNIFICANT WEATHER WAS OBSERVED.


RELATIVE HUMIDITY (PERCENT)
 HIGHEST    93           100 AM
 LOWEST     47           300 PM
 AVERAGE    70

..........................................................


THE ST. JOHNSBURY VT CLIMATE NORMALS FOR TODAY
                         NORMAL    RECORD    YEAR
 MAXIMUM TEMPERATURE (F)   81        97      1959
 MINIMUM TEMPERATURE (F)   59        42      1987


SUNRISE AND SUNSET
JULY 29 2016..........SUNRISE   532 AM EDT   SUNSET   816 PM EDT
JULY 30 2016..........SUNRISE   533 AM EDT   SUNSET   815 PM EDT


-  INDICATES NEGATIVE NUMBERS.
R  INDICATES RECORD WAS SET OR TIED.
MM INDICATES DATA IS MISSING.
T  INDICATES TRACE AMOUNT.




$$
