000
CDUS41 KBTV 200550
CLI1V4


CLIMATE REPORT
NATIONAL WEATHER SERVICE BURLINGTON VT
149 AM EDT WED AUG 20 2014


...................................

...THE ST. JOHNSBURY VT CLIMATE SUMMARY FOR AUGUST 19 2014...

CLIMATE NORMAL PERIOD 1981 TO 2010
CLIMATE RECORD PERIOD 1894 TO 2014


WEATHER ITEM   OBSERVED TIME   RECORD YEAR NORMAL DEPARTURE LAST
                VALUE   (LST)  VALUE       VALUE  FROM      YEAR
                                                  NORMAL
..................................................................
TEMPERATURE (F)
 YESTERDAY
  MAXIMUM         75        MM  96    1906  79     -4       81
  MINIMUM         48        MM  38    1918  57     -9       53
  AVERAGE         62                        68     -6       67

PRECIPITATION (IN)
  YESTERDAY        0.00          0.80 1911   0.14  -0.14     0.00
  MONTH TO DATE    1.52                      2.89  -1.37     1.36
  SINCE JUN 1     11.48                     11.02   0.46    11.42
  SINCE JAN 1     27.18                     24.43   2.75    23.80

DEGREE DAYS
 HEATING
  YESTERDAY        3                         1      2        0
  MONTH TO DATE   30                        18     12       39
  SINCE JUN 1    117                       105     12      161
  SINCE JUL 1     48                        33     15       48

 COOLING
  YESTERDAY        0                         4     -4        2
  MONTH TO DATE   32                        84    -52       20
  SINCE JUN 1    190                       343   -153      292
  SINCE JAN 1    194                       361   -167      308
..................................................................


WIND (MPH)
  HIGHEST WIND SPEED    MM   HIGHEST WIND DIRECTION    MM
  HIGHEST GUST SPEED    MM   HIGHEST GUST DIRECTION    MM
  AVERAGE WIND SPEED    MM


SKY COVER
  AVERAGE SKY COVER 0.0


WEATHER CONDITIONS
 THE FOLLOWING WEATHER WAS RECORDED YESTERDAY.
  NO SIGNIFICANT WEATHER WAS OBSERVED.


RELATIVE HUMIDITY (PERCENT)
 HIGHEST   100           100 AM
 LOWEST     41           200 PM
 AVERAGE    71

..........................................................


THE ST. JOHNSBURY VT CLIMATE NORMALS FOR TODAY
                         NORMAL    RECORD    YEAR
 MAXIMUM TEMPERATURE (F)   78        95      1916
 MINIMUM TEMPERATURE (F)   57        39      1923


SUNRISE AND SUNSET
AUGUST 20 2014........SUNRISE   557 AM EDT   SUNSET   745 PM EDT
AUGUST 21 2014........SUNRISE   558 AM EDT   SUNSET   744 PM EDT


-  INDICATES NEGATIVE NUMBERS.
R  INDICATES RECORD WAS SET OR TIED.
MM INDICATES DATA IS MISSING.
T  INDICATES TRACE AMOUNT.




$$
