000
CDUS41 KBTV 250611
CLI1V4


CLIMATE REPORT
NATIONAL WEATHER SERVICE BURLINGTON VT
209 AM EDT SUN JUN 25 2017


...................................

...THE ST. JOHNSBURY VT CLIMATE SUMMARY FOR JUNE 24 2017...

CLIMATE NORMAL PERIOD 1981 TO 2010
CLIMATE RECORD PERIOD 1894 TO 2017


WEATHER ITEM   OBSERVED TIME   RECORD YEAR NORMAL DEPARTURE LAST
                VALUE   (LST)  VALUE       VALUE  FROM      YEAR
                                                  NORMAL
..................................................................
TEMPERATURE (F)
 YESTERDAY
  MAXIMUM         80        MM  94    2003  79      1       79
  MINIMUM         59        MM  37    1925  57      2       47
  AVERAGE         70                        68      2       63

PRECIPITATION (IN)
  YESTERDAY        0.45          2.53 1948   0.14   0.31     0.00
  MONTH TO DATE    4.04                      3.19   0.85     2.04
  SINCE JUN 1      4.04                      3.19   0.85     2.04
  SINCE JAN 1     20.94                     16.60   4.34    14.62

DEGREE DAYS
 HEATING
  YESTERDAY        0                         1     -1        2
  MONTH TO DATE   86                        66     20       91
  SINCE JUN 1     86                        66     20       91
  SINCE JUL 1   7260                      7770   -510     6928

 COOLING
  YESTERDAY        5                         4      1        0
  MONTH TO DATE   68                        63      5       30
  SINCE JUN 1     68                        63      5       30
  SINCE JAN 1     81                        81      0       73
..................................................................


WIND (MPH)
  HIGHEST WIND SPEED    MM   HIGHEST WIND DIRECTION    MM
  HIGHEST GUST SPEED    MM   HIGHEST GUST DIRECTION    MM
  AVERAGE WIND SPEED    MM


SKY COVER
  AVERAGE SKY COVER 0.0


WEATHER CONDITIONS
 THE FOLLOWING WEATHER WAS RECORDED YESTERDAY.
  NO SIGNIFICANT WEATHER WAS OBSERVED.


RELATIVE HUMIDITY (PERCENT)
 HIGHEST   100           300 AM
 LOWEST     42           400 PM
 AVERAGE    71

..........................................................


THE ST. JOHNSBURY VT CLIMATE NORMALS FOR TODAY
                         NORMAL    RECORD    YEAR
 MAXIMUM TEMPERATURE (F)   80        94      2005
                                             1946
 MINIMUM TEMPERATURE (F)   57        38      1911


SUNRISE AND SUNSET
JUNE 25 2017..........SUNRISE   505 AM EDT   SUNSET   837 PM EDT
JUNE 26 2017..........SUNRISE   505 AM EDT   SUNSET   837 PM EDT


-  INDICATES NEGATIVE NUMBERS.
R  INDICATES RECORD WAS SET OR TIED.
MM INDICATES DATA IS MISSING.
T  INDICATES TRACE AMOUNT.




$$
