000
CDUS41 KBTV 280557
CLI1V4


CLIMATE REPORT
NATIONAL WEATHER SERVICE BURLINGTON VT
1257 AM EST WED JAN 28 2015


...................................

...THE ST. JOHNSBURY VT CLIMATE SUMMARY FOR JANUARY 27 2015...

CLIMATE NORMAL PERIOD 1981 TO 2010
CLIMATE RECORD PERIOD 1894 TO 2015


WEATHER ITEM   OBSERVED TIME   RECORD YEAR NORMAL DEPARTURE LAST
                VALUE   (LST)  VALUE       VALUE  FROM      YEAR
                                                  NORMAL
..................................................................
TEMPERATURE (F)
 YESTERDAY
  MAXIMUM         15    300 AM  56    1974  27    -12       30
  MINIMUM          8   1130 PM -30    1994   6      2        4
  AVERAGE         12                        16     -4       17

PRECIPITATION (IN)
  YESTERDAY        0.26          1.36 1986   0.08   0.18     0.04
  MONTH TO DATE    2.58                      2.19   0.39     1.94
  SINCE DEC 1      6.47                      5.27   1.20     5.38
  SINCE JAN 1      2.58                      2.19   0.39     1.94

DEGREE DAYS
 HEATING
  YESTERDAY       53                        49      4       48
  MONTH TO DATE 1404                      1306     98     1307
  SINCE DEC 1   2552                      2603    -51     2663
  SINCE JUL 1   4204                      4259    -55     4462

 COOLING
  YESTERDAY        0                         0      0        0
  MONTH TO DATE    0                         0      0        0
  SINCE DEC 1      0                         0      0        0
  SINCE JAN 1      0                         0      0        0
..................................................................


WIND (MPH)
  HIGHEST WIND SPEED    MM   HIGHEST WIND DIRECTION    MM
  HIGHEST GUST SPEED    MM   HIGHEST GUST DIRECTION    MM
  AVERAGE WIND SPEED    MM


SKY COVER
  AVERAGE SKY COVER 0.0


WEATHER CONDITIONS
 THE FOLLOWING WEATHER WAS RECORDED YESTERDAY.
  NO SIGNIFICANT WEATHER WAS OBSERVED.


RELATIVE HUMIDITY (PERCENT)
 HIGHEST    80          1100 AM
 LOWEST     51           300 AM
 AVERAGE    66

..........................................................


THE ST. JOHNSBURY VT CLIMATE NORMALS FOR TODAY
                         NORMAL    RECORD    YEAR
 MAXIMUM TEMPERATURE (F)   28        53      1916
 MINIMUM TEMPERATURE (F)    6       -31      1935
                                             1918


SUNRISE AND SUNSET
JANUARY 28 2015.......SUNRISE   711 AM EST   SUNSET   451 PM EST
JANUARY 29 2015.......SUNRISE   710 AM EST   SUNSET   453 PM EST


-  INDICATES NEGATIVE NUMBERS.
R  INDICATES RECORD WAS SET OR TIED.
MM INDICATES DATA IS MISSING.
T  INDICATES TRACE AMOUNT.




$$
