000
CDUS41 KBTV 280538
CLI1V4


CLIMATE REPORT
NATIONAL WEATHER SERVICE BURLINGTON VT
138 AM EDT THU APR 28 2016


...................................

...THE ST. JOHNSBURY VT CLIMATE SUMMARY FOR APRIL 27 2016...

CLIMATE NORMAL PERIOD 1981 TO 2010
CLIMATE RECORD PERIOD 1894 TO 2016


WEATHER ITEM   OBSERVED TIME   RECORD YEAR NORMAL DEPARTURE LAST
                VALUE   (LST)  VALUE       VALUE  FROM      YEAR
                                                  NORMAL
..................................................................
TEMPERATURE (F)
 YESTERDAY
  MAXIMUM         51    256 PM  88    1990  62    -11       50
  MINIMUM         26    610 AM  18    1972  37    -11       40
  AVERAGE         39                        49    -10       45

PRECIPITATION (IN)
  YESTERDAY        0.00          1.05 1996   0.10  -0.10     0.02
  MONTH TO DATE    2.32                      2.55  -0.23     2.42
  SINCE MAR 1      4.80                      5.06  -0.26     3.79
  SINCE JAN 1      9.54                      9.74  -0.20     8.35

DEGREE DAYS
 HEATING
  YESTERDAY       26                        16     10       20
  MONTH TO DATE  668                       574     94      656
  SINCE MAR 1   1595                      1650    -55     1930
  SINCE JUL 1   6480                      7374   -894     7995

 COOLING
  YESTERDAY        0                         0      0        0
  MONTH TO DATE    0                         0      0        0
  SINCE MAR 1      0                         0      0        0
  SINCE JAN 1      0                         0      0        0
..................................................................


WIND (MPH)
  HIGHEST WIND SPEED    MM   HIGHEST WIND DIRECTION    MM
  HIGHEST GUST SPEED    MM   HIGHEST GUST DIRECTION    MM
  AVERAGE WIND SPEED    MM


SKY COVER
  AVERAGE SKY COVER 0.0


WEATHER CONDITIONS
 THE FOLLOWING WEATHER WAS RECORDED YESTERDAY.
  NO SIGNIFICANT WEATHER WAS OBSERVED.


RELATIVE HUMIDITY (PERCENT)
 HIGHEST    92          1200 AM
 LOWEST     20           400 PM
 AVERAGE    56

..........................................................


THE ST. JOHNSBURY VT CLIMATE NORMALS FOR TODAY
                         NORMAL    RECORD    YEAR
 MAXIMUM TEMPERATURE (F)   62        92      1990
 MINIMUM TEMPERATURE (F)   37        19      1947


SUNRISE AND SUNSET
APRIL 28 2016.........SUNRISE   543 AM EDT   SUNSET   749 PM EDT
APRIL 29 2016.........SUNRISE   541 AM EDT   SUNSET   750 PM EDT


-  INDICATES NEGATIVE NUMBERS.
R  INDICATES RECORD WAS SET OR TIED.
MM INDICATES DATA IS MISSING.
T  INDICATES TRACE AMOUNT.




$$
