000
CDUS41 KBTV 190537
CLI1V4


CLIMATE REPORT
NATIONAL WEATHER SERVICE BURLINGTON VT
136 AM EDT SUN OCT 19 2014


...................................

...THE ST. JOHNSBURY VT CLIMATE SUMMARY FOR OCTOBER 18 2014...

CLIMATE NORMAL PERIOD 1981 TO 2010
CLIMATE RECORD PERIOD 1894 TO 2014


WEATHER ITEM   OBSERVED TIME   RECORD YEAR NORMAL DEPARTURE LAST
                VALUE   (LST)  VALUE       VALUE  FROM      YEAR
                                                  NORMAL
..................................................................
TEMPERATURE (F)
 YESTERDAY
  MAXIMUM         58        MM  82    1947  57      1       60
  MINIMUM         45        MM  18    1978  36      9       42
  AVERAGE         52                        46      6       51

PRECIPITATION (IN)
  YESTERDAY        0.37          1.14 1948   0.12   0.25     0.53
  MONTH TO DATE    3.31                      2.30   1.01     1.54
  SINCE SEP 1      4.74                      5.69  -0.95     5.19
  SINCE JAN 1     32.18                     31.45   0.73    30.16

DEGREE DAYS
 HEATING
  YESTERDAY       13                        19     -6       14
  MONTH TO DATE  191                       278    -87      197
  SINCE SEP 1    418                       462    -44      445
  SINCE JUL 1    475                       512    -37      505

 COOLING
  YESTERDAY        0                         0      0        0
  MONTH TO DATE    5                         0      5        0
  SINCE SEP 1     33                        34     -1       40
  SINCE JAN 1    252                       432   -180      407
..................................................................


WIND (MPH)
  HIGHEST WIND SPEED    MM   HIGHEST WIND DIRECTION    MM
  HIGHEST GUST SPEED    MM   HIGHEST GUST DIRECTION    MM
  AVERAGE WIND SPEED    MM


SKY COVER
  AVERAGE SKY COVER 0.0


WEATHER CONDITIONS
 THE FOLLOWING WEATHER WAS RECORDED YESTERDAY.
  NO SIGNIFICANT WEATHER WAS OBSERVED.


RELATIVE HUMIDITY (PERCENT)
 HIGHEST   100           100 PM
 LOWEST     72          1200 AM
 AVERAGE    86

..........................................................


THE ST. JOHNSBURY VT CLIMATE NORMALS FOR TODAY
                         NORMAL    RECORD    YEAR
 MAXIMUM TEMPERATURE (F)   57        79      1968
 MINIMUM TEMPERATURE (F)   35        17      1972


SUNRISE AND SUNSET
OCTOBER 19 2014.......SUNRISE   708 AM EDT   SUNSET   557 PM EDT
OCTOBER 20 2014.......SUNRISE   709 AM EDT   SUNSET   556 PM EDT


-  INDICATES NEGATIVE NUMBERS.
R  INDICATES RECORD WAS SET OR TIED.
MM INDICATES DATA IS MISSING.
T  INDICATES TRACE AMOUNT.




$$
