000
CDUS43 KUNR 010836
CLI2WX


CLIMATE REPORT
NATIONAL WEATHER SERVICE RAPID CITY SD
136 AM MST SUN FEB 1 2015


...................................

...THE BUFFALO SD CLIMATE SUMMARY FOR JANUARY 31 2015...

CLIMATE NORMAL PERIOD 1981 TO 2010
CLIMATE RECORD PERIOD 9999 TO 9999


WEATHER ITEM   OBSERVED TIME   NORMAL DEPARTURE LAST
                VALUE   (LST)  VALUE  FROM      YEAR
                                      NORMAL
......................................................
TEMPERATURE (F)
 YESTERDAY
  MAXIMUM         31   1206 AM  31      0       25
  MINIMUM          2   1159 PM  11     -9       -4
  AVERAGE         17            21     -4       11

PRECIPITATION (IN)
  YESTERDAY        0.07          0.01   0.06     0.00
  MONTH TO DATE    0.34          0.29   0.05     0.19
  SINCE DEC 1      0.50          0.58  -0.08     1.35
  SINCE JAN 1      0.34          0.29   0.05     0.19

DEGREE DAYS
 HEATING
  YESTERDAY       48            44      4       54
  MONTH TO DATE 1213          1381   -168     1321
  SINCE DEC 1   2398          2741   -343     2867
  SINCE JUL 1   4319          4639   -320     4657

 COOLING
  YESTERDAY        0             0      0        0
  MONTH TO DATE    0             0      0        0
  SINCE DEC 1      0             0      0        0
  SINCE JAN 1      0             0      0        0
......................................................


WIND (MPH)
  HIGHEST WIND SPEED    22   HIGHEST WIND DIRECTION    NE (40)
  HIGHEST GUST SPEED    27   HIGHEST GUST DIRECTION     E (80)
  AVERAGE WIND SPEED    13.7




RELATIVE HUMIDITY (PERCENT)
 HIGHEST    96           900 AM
 LOWEST     78          1200 AM
 AVERAGE    87

..........................................................




SUNRISE AND SUNSET
FEBRUARY  1 2015......SUNRISE   716 AM MST   SUNSET   500 PM MST
FEBRUARY  2 2015......SUNRISE   714 AM MST   SUNSET   502 PM MST


-  INDICATES NEGATIVE NUMBERS.
R  INDICATES RECORD WAS SET OR TIED.
MM INDICATES DATA IS MISSING.
T  INDICATES TRACE AMOUNT.




$$
