000
CDUS43 KUNR 200834
CLI2WX


CLIMATE REPORT
NATIONAL WEATHER SERVICE RAPID CITY SD
133 AM MST TUE FEB 20 2018


...................................

...THE BUFFALO SD CLIMATE SUMMARY FOR FEBRUARY 19 2018...

CLIMATE NORMAL PERIOD 1981 TO 2010
CLIMATE RECORD PERIOD 9999 TO 9999


WEATHER ITEM   OBSERVED TIME   NORMAL DEPARTURE LAST
                VALUE   (LST)  VALUE  FROM      YEAR
                                      NORMAL
......................................................
TEMPERATURE (F)
 YESTERDAY
  MAXIMUM          4    159 AM  35    -31       69
  MINIMUM          0   1159 PM  14    -14       36
  AVERAGE          2            24    -22       53

PRECIPITATION (IN)
  YESTERDAY        0.10          0.00   0.10     0.00
  MONTH TO DATE    1.13          0.19   0.94     0.04
  SINCE DEC 1      1.91          0.77   1.14     1.24
  SINCE JAN 1      1.37          0.48   0.89     0.07

DEGREE DAYS
 HEATING
  YESTERDAY       63            41     22       12
  MONTH TO DATE 1064           807    257      693
  SINCE DEC 1   3772          3548    224     3767
  SINCE JUL 1   5440          5446     -6     5057

 COOLING
  YESTERDAY        0             0      0        0
  MONTH TO DATE    0             0      0        0
  SINCE DEC 1      0             0      0        0
  SINCE JAN 1      0             0      0        0
......................................................


WIND (MPH)
  HIGHEST WIND SPEED    16   HIGHEST WIND DIRECTION    NE (50)
  HIGHEST GUST SPEED    18   HIGHEST GUST DIRECTION    NE (30)
  AVERAGE WIND SPEED    10.3




RELATIVE HUMIDITY (PERCENT)
 HIGHEST    87           300 AM
 LOWEST     69           700 AM
 AVERAGE    78

..........................................................




SUNRISE AND SUNSET
FEBRUARY 20 2018......SUNRISE   648 AM MST   SUNSET   528 PM MST
FEBRUARY 21 2018......SUNRISE   646 AM MST   SUNSET   530 PM MST


-  INDICATES NEGATIVE NUMBERS.
R  INDICATES RECORD WAS SET OR TIED.
MM INDICATES DATA IS MISSING.
T  INDICATES TRACE AMOUNT.




$$
