000
CDUS43 KUNR 270836
CLI2WX


CLIMATE REPORT
NATIONAL WEATHER SERVICE RAPID CITY SD
233 AM MDT SUN JUL 27 2014


...................................

...THE BUFFALO SD CLIMATE SUMMARY FOR JULY 26 2014...

CLIMATE NORMAL PERIOD 1981 TO 2010
CLIMATE RECORD PERIOD 9999 TO 9999


WEATHER ITEM   OBSERVED TIME   RECORD YEAR NORMAL DEPARTURE LAST
                VALUE   (LST)  VALUE       VALUE  FROM      YEAR
                                                  NORMAL
..................................................................
TEMPERATURE (F)
 YESTERDAY
  MAXIMUM         80    307 PM              86     -6       72
  MINIMUM         53    531 AM              59     -6       47
  AVERAGE         67                        72     -5       60

PRECIPITATION (IN)
  YESTERDAY        0.00         MM      MM   0.06  -0.06     0.00
  MONTH TO DATE    0.91                      1.76  -0.85     0.98
  SINCE JUN 1      6.45                      4.39   2.06     2.68
  SINCE JAN 1     10.79                     10.43   0.36     6.84

DEGREE DAYS
 HEATING
  YESTERDAY        0                         0      0        5
  MONTH TO DATE   16                        21     -5        7
  SINCE JUN 1    151                       135     16       96
  SINCE JUL 1     16                        21     -5        7

 COOLING
  YESTERDAY        2                         8     -6        0
  MONTH TO DATE  141                       169    -28      210
  SINCE JUN 1    157                       231    -74      256
  SINCE JAN 1    187                       237    -50      266
..................................................................


WIND (MPH)
  HIGHEST WIND SPEED    35   HIGHEST WIND DIRECTION    NW (310)
  HIGHEST GUST SPEED    47   HIGHEST GUST DIRECTION     W (290)
  AVERAGE WIND SPEED    19.6




RELATIVE HUMIDITY (PERCENT)
 HIGHEST    67          1200 AM
 LOWEST     25           300 PM
 AVERAGE    46

..........................................................




SUNRISE AND SUNSET
JULY 27 2014..........SUNRISE   532 AM MDT   SUNSET   829 PM MDT
JULY 28 2014..........SUNRISE   533 AM MDT   SUNSET   827 PM MDT


-  INDICATES NEGATIVE NUMBERS.
R  INDICATES RECORD WAS SET OR TIED.
MM INDICATES DATA IS MISSING.
T  INDICATES TRACE AMOUNT.




$$
