000
CDUS43 KUNR 250848
CLI2WX


CLIMATE REPORT
NATIONAL WEATHER SERVICE RAPID CITY SD
244 AM MDT WED MAY 25 2016


...................................

...THE BUFFALO SD CLIMATE SUMMARY FOR MAY 24 2016...

CLIMATE NORMAL PERIOD 1981 TO 2010
CLIMATE RECORD PERIOD 9999 TO 9999


WEATHER ITEM   OBSERVED TIME   NORMAL DEPARTURE LAST
                VALUE   (LST)  VALUE  FROM      YEAR
                                      NORMAL
......................................................
TEMPERATURE (F)
 YESTERDAY
  MAXIMUM         76    309 PM  68      8       57
  MINIMUM         41    427 AM  44     -3       49
  AVERAGE         59            56      3       53

PRECIPITATION (IN)
  YESTERDAY        0.00          0.15  -0.15     0.44
  MONTH TO DATE    0.47          2.10  -1.63     1.61
  SINCE MAR 1      2.87          4.42  -1.55     2.86
  SINCE JAN 1      3.53          4.99  -1.46     3.33

DEGREE DAYS
 HEATING
  YESTERDAY        6             9     -3       12
  MONTH TO DATE  243           305    -62      356
  SINCE MAR 1   1542          1961   -419     1659
  SINCE JUL 1   6320          7758  -1438     7117

 COOLING
  YESTERDAY        0             0      0        0
  MONTH TO DATE    2             0      2        0
  SINCE MAR 1      2             0      2        0
  SINCE JAN 1      2             0      2        0
......................................................


WIND (MPH)
  HIGHEST WIND SPEED    24   HIGHEST WIND DIRECTION     S (170)
  HIGHEST GUST SPEED    31   HIGHEST GUST DIRECTION     S (160)
  AVERAGE WIND SPEED     9.3




RELATIVE HUMIDITY (PERCENT)
 HIGHEST    76           500 AM
 LOWEST     29           100 PM
 AVERAGE    53

..........................................................




SUNRISE AND SUNSET
MAY 25 2016...........SUNRISE   513 AM MDT   SUNSET   830 PM MDT
MAY 26 2016...........SUNRISE   512 AM MDT   SUNSET   831 PM MDT


-  INDICATES NEGATIVE NUMBERS.
R  INDICATES RECORD WAS SET OR TIED.
MM INDICATES DATA IS MISSING.
T  INDICATES TRACE AMOUNT.




$$
