000
CDUS43 KUNR 220839
CLI2WX


CLIMATE REPORT
NATIONAL WEATHER SERVICE RAPID CITY SD
138 AM MST MON DEC 22 2014


...................................

...THE BUFFALO SD CLIMATE SUMMARY FOR DECEMBER 21 2014...

CLIMATE NORMAL PERIOD 1981 TO 2010
CLIMATE RECORD PERIOD 9999 TO 9999


WEATHER ITEM   OBSERVED TIME   NORMAL DEPARTURE LAST
                VALUE   (LST)  VALUE  FROM      YEAR
                                      NORMAL
......................................................
TEMPERATURE (F)
 YESTERDAY
  MAXIMUM         41    146 PM  31     10       15
  MINIMUM         25    801 AM  10     15        5
  AVERAGE         33            20     13       10

PRECIPITATION (IN)
  YESTERDAY        0.07          0.01   0.06     0.09
  MONTH TO DATE    0.07          0.17  -0.10     0.78
  SINCE DEC 1      0.07          0.17  -0.10     0.78
  SINCE JAN 1     16.98         14.40   2.58    12.93

DEGREE DAYS
 HEATING
  YESTERDAY       32            45    -13       55
  MONTH TO DATE  709           913   -204     1086
  SINCE DEC 1    709           913   -204     1086
  SINCE JUL 1   2630          2811   -181     2876

 COOLING
  YESTERDAY        0             0      0        0
  MONTH TO DATE    0             0      0        0
  SINCE DEC 1      0             0      0        0
  SINCE JAN 1    420           513    -93      587
......................................................


WIND (MPH)
  HIGHEST WIND SPEED    35   HIGHEST WIND DIRECTION    NW (300)
  HIGHEST GUST SPEED    42   HIGHEST GUST DIRECTION    NW (310)
  AVERAGE WIND SPEED    10.4




RELATIVE HUMIDITY (PERCENT)
 HIGHEST    92           400 PM
 LOWEST     64          1100 AM
 AVERAGE    78

..........................................................




SUNRISE AND SUNSET
DECEMBER 22 2014......SUNRISE   732 AM MST   SUNSET   414 PM MST
DECEMBER 23 2014......SUNRISE   733 AM MST   SUNSET   414 PM MST


-  INDICATES NEGATIVE NUMBERS.
R  INDICATES RECORD WAS SET OR TIED.
MM INDICATES DATA IS MISSING.
T  INDICATES TRACE AMOUNT.




$$
