000
CDUS43 KUNR 220843
CLI2WX


CLIMATE REPORT
NATIONAL WEATHER SERVICE RAPID CITY SD
243 AM MDT FRI SEP 22 2017


...................................

...THE BUFFALO SD CLIMATE SUMMARY FOR SEPTEMBER 21 2017...

CLIMATE NORMAL PERIOD 1981 TO 2010
CLIMATE RECORD PERIOD 9999 TO 9999


WEATHER ITEM   OBSERVED TIME   NORMAL DEPARTURE LAST
                VALUE   (LST)  VALUE  FROM      YEAR
                                      NORMAL
......................................................
TEMPERATURE (F)
 YESTERDAY
  MAXIMUM         73    242 PM  70      3       74
  MINIMUM         52   1159 PM  42     10       53
  AVERAGE         63            56      7       64

PRECIPITATION (IN)
  YESTERDAY        0.00          0.04  -0.04     0.00
  MONTH TO DATE    2.10          0.88   1.22     0.38
  SINCE SEP 1      2.10          0.88   1.22     0.38
  SINCE JAN 1     13.62         13.02   0.60     8.06

DEGREE DAYS
 HEATING
  YESTERDAY        2            10     -8        1
  MONTH TO DATE   96           130    -34       90
  SINCE SEP 1     96           130    -34       90
  SINCE JUL 1    107           182    -75      120

 COOLING
  YESTERDAY        0             0      0        0
  MONTH TO DATE   90            40     50       37
  SINCE SEP 1     90            40     50       37
  SINCE JAN 1    740           511    229      729
......................................................


WIND (MPH)
  HIGHEST WIND SPEED    37   HIGHEST WIND DIRECTION     S (200)
  HIGHEST GUST SPEED    46   HIGHEST GUST DIRECTION     S (200)
  AVERAGE WIND SPEED    14.9




RELATIVE HUMIDITY (PERCENT)
 HIGHEST    59          1000 PM
 LOWEST     27           100 AM
 AVERAGE    43

..........................................................




SUNRISE AND SUNSET
SEPTEMBER 22 2017.....SUNRISE   642 AM MDT   SUNSET   651 PM MDT
SEPTEMBER 23 2017.....SUNRISE   643 AM MDT   SUNSET   649 PM MDT


-  INDICATES NEGATIVE NUMBERS.
R  INDICATES RECORD WAS SET OR TIED.
MM INDICATES DATA IS MISSING.
T  INDICATES TRACE AMOUNT.




$$
