000
CDUS43 KUNR 240833
CLI2WX


CLIMATE REPORT
NATIONAL WEATHER SERVICE RAPID CITY SD
232 AM MDT MON JUL 24 2017


...................................

...THE BUFFALO SD CLIMATE SUMMARY FOR JULY 23 2017...

CLIMATE NORMAL PERIOD 1981 TO 2010
CLIMATE RECORD PERIOD 9999 TO 9999


WEATHER ITEM   OBSERVED TIME   NORMAL DEPARTURE LAST
                VALUE   (LST)  VALUE  FROM      YEAR
                                      NORMAL
......................................................
TEMPERATURE (F)
 YESTERDAY
  MAXIMUM         93    248 PM  86      7       89
  MINIMUM         58    459 AM  58      0       63
  AVERAGE         76            72      4       76

PRECIPITATION (IN)
  YESTERDAY        0.00          0.06  -0.06    MM
  MONTH TO DATE    2.45          1.57   0.88     0.22
  SINCE JUN 1      3.32          4.20  -0.88     0.87
  SINCE JAN 1      9.99         10.24  -0.25     4.63

DEGREE DAYS
 HEATING
  YESTERDAY        0             0      0        0
  MONTH TO DATE    0            21    -21        0
  SINCE JUN 1     33           135   -102        9
  SINCE JUL 1      0            21    -21        0

 COOLING
  YESTERDAY       11             8      3       11
  MONTH TO DATE  302           145    157      225
  SINCE JUN 1    399           207    192      407
  SINCE JAN 1    412           213    199      409
......................................................


WIND (MPH)
  HIGHEST WIND SPEED    23   HIGHEST WIND DIRECTION    SE (130)
  HIGHEST GUST SPEED    31   HIGHEST GUST DIRECTION    SE (140)
  AVERAGE WIND SPEED     7.9




RELATIVE HUMIDITY (PERCENT)
 HIGHEST    72           500 AM
 LOWEST     20           200 PM
 AVERAGE    46

..........................................................




SUNRISE AND SUNSET
JULY 24 2017..........SUNRISE   529 AM MDT   SUNSET   832 PM MDT
JULY 25 2017..........SUNRISE   530 AM MDT   SUNSET   831 PM MDT


-  INDICATES NEGATIVE NUMBERS.
R  INDICATES RECORD WAS SET OR TIED.
MM INDICATES DATA IS MISSING.
T  INDICATES TRACE AMOUNT.




$$
