000
CDUS43 KABR 241547
CLI8D3


CLIMATE REPORT
NATIONAL WEATHER SERVICE ABERDEEN SD
944 AM CST TUE JAN 24 2017


...................................

...THE SISSETON SD CLIMATE SUMMARY FOR JANUARY 23 2017...

CLIMATE NORMAL PERIOD 1981 TO 2010
CLIMATE RECORD PERIOD 1900 TO 2017


WEATHER ITEM   OBSERVED TIME   RECORD YEAR NORMAL DEPARTURE LAST
                VALUE   (LST)  VALUE       VALUE  FROM      YEAR
                                                  NORMAL
..................................................................
TEMPERATURE (F)
 YESTERDAY
  MAXIMUM         34    133 AM  57    1942  23     11       31
  MINIMUM         31   1134 PM -30    1948   3     28        8
  AVERAGE         33                        13     20       20

PRECIPITATION (IN)
  YESTERDAY        0.00          0.26 2010   0.01  -0.01     0.00
  MONTH TO DATE    0.79                      0.34   0.45     0.14
  SINCE DEC 1      2.21                      0.73   1.48     1.21
  SINCE JAN 1      0.79                      0.34   0.45     0.14

SNOWFALL (IN)
  YESTERDAY        0.0
  MONTH TO DATE   10.5
  SINCE OCT 1     23.3
  SINCE JUL 1     23.3
  SNOW DEPTH       T

DEGREE DAYS
 HEATING
  YESTERDAY       32                        52    -20       45
  MONTH TO DATE 1191                      1196     -5     1217
  SINCE DEC 1   2663                      2684    -21     2461
  SINCE JUL 1   3944                      4535   -591     3857

 COOLING
  YESTERDAY        0                         0      0        0
  MONTH TO DATE    0                         0      0        0
  SINCE DEC 1      0                         0      0        0
  SINCE JAN 1      0                         0      0        0
..................................................................


WIND (MPH)
  HIGHEST WIND SPEED    16   HIGHEST WIND DIRECTION     N (340)
  HIGHEST GUST SPEED    19   HIGHEST GUST DIRECTION    NW (330)
  AVERAGE WIND SPEED     5.8


SKY COVER
  POSSIBLE SUNSHINE  MM
  AVERAGE SKY COVER 0.0


WEATHER CONDITIONS
 THE FOLLOWING WEATHER WAS RECORDED YESTERDAY.
  NO SIGNIFICANT WEATHER WAS OBSERVED.


RELATIVE HUMIDITY (PERCENT)
 HIGHEST    92           800 PM
 LOWEST     75           300 PM
 AVERAGE    84

..........................................................


THE SISSETON SD CLIMATE NORMALS FOR TODAY
                         NORMAL    RECORD    YEAR
 MAXIMUM TEMPERATURE (F)   23        65      1981
 MINIMUM TEMPERATURE (F)    3       -37      1936


SUNRISE AND SUNSET
JANUARY 24 2017.......SUNRISE   758 AM CST   SUNSET   523 PM CST
JANUARY 25 2017.......SUNRISE   757 AM CST   SUNSET   525 PM CST


-  INDICATES NEGATIVE NUMBERS.
R  INDICATES RECORD WAS SET OR TIED.
MM INDICATES DATA IS MISSING.
T  INDICATES TRACE AMOUNT.




$$
