000
CDUS43 KABR 062234
CLI8D3


CLIMATE REPORT
NATIONAL WEATHER SERVICE ABERDEEN SD
533 PM CDT MON JUL 6 2015


...................................

...THE SISSETON SD CLIMATE SUMMARY FOR JULY 6 2015...
VALID TODAY AS OF 0500 PM LOCAL TIME.

CLIMATE NORMAL PERIOD 1981 TO 2010
CLIMATE RECORD PERIOD 1900 TO 2015


WEATHER ITEM   OBSERVED TIME   RECORD YEAR NORMAL DEPARTURE LAST
                VALUE   (LST)  VALUE       VALUE  FROM      YEAR
                                                  NORMAL
..................................................................
TEMPERATURE (F)
 TODAY
  MAXIMUM         71    348 PM 113    1936  82    -11       85
  MINIMUM         62    845 AM  45    1997  59              67
  AVERAGE         67                        71     -4       76

PRECIPITATION (IN)
  TODAY            0.03          2.25 1938   0.11  -0.08     0.20
  MONTH TO DATE    0.17                      0.67  -0.50     0.68
  SINCE JUN 1      1.55                      4.41  -2.86     9.35
  SINCE JAN 1      9.20                     11.39  -2.19    17.72

DEGREE DAYS
 COOLING
  TODAY            2                         6     -4       11
  MONTH TO DATE   31                        35     -4       29
  SINCE JUN 1    155                       129     26      117
  SINCE JAN 1    172                       152     20      178
..................................................................


WIND (MPH)
  HIGHEST WIND SPEED    25   HIGHEST WIND DIRECTION     N (360)
  HIGHEST GUST SPEED    31   HIGHEST GUST DIRECTION     N (10)
  AVERAGE WIND SPEED    16.0


SKY COVER
  POSSIBLE SUNSHINE  MM
  AVERAGE SKY COVER 0.0


WEATHER CONDITIONS
 THE FOLLOWING WEATHER WAS RECORDED TODAY.
  NO SIGNIFICANT WEATHER WAS OBSERVED.


RELATIVE HUMIDITY (PERCENT)
 HIGHEST    93           300 AM
 LOWEST     47           400 PM
 AVERAGE    70

..........................................................


THE SISSETON SD CLIMATE NORMALS FOR TOMORROW
                         NORMAL    RECORD    YEAR
 MAXIMUM TEMPERATURE (F)   82       104      1936
 MINIMUM TEMPERATURE (F)   59        41      1934


SUNRISE AND SUNSET
JULY  6 2015..........SUNRISE   545 AM CDT   SUNSET   920 PM CDT
JULY  7 2015..........SUNRISE   546 AM CDT   SUNSET   919 PM CDT


-  INDICATES NEGATIVE NUMBERS.
R  INDICATES RECORD WAS SET OR TIED.
MM INDICATES DATA IS MISSING.
T  INDICATES TRACE AMOUNT.




$$
