000
CDUS43 KABR 191043
CLI8D3


CLIMATE REPORT
NATIONAL WEATHER SERVICE ABERDEEN SD
443 AM CST FRI DEC 19 2014


...................................

...THE SISSETON SD CLIMATE SUMMARY FOR DECEMBER 18 2014...

CLIMATE NORMAL PERIOD 1981 TO 2010
CLIMATE RECORD PERIOD 1900 TO 2014


WEATHER ITEM   OBSERVED TIME   RECORD YEAR NORMAL DEPARTURE LAST
                VALUE   (LST)  VALUE       VALUE  FROM      YEAR
                                                  NORMAL
..................................................................
TEMPERATURE (F)
 YESTERDAY
  MAXIMUM         22   1159 PM  56    1979  25     -3       44
  MINIMUM          0    139 AM -19    1983   7     -7       12
  AVERAGE         11                        16     -5       28

PRECIPITATION (IN)
  YESTERDAY        0.00          0.25 2002   0.01  -0.01     0.00
  MONTH TO DATE    0.22                      0.23  -0.01     0.68
  SINCE DEC 1      0.22                      0.23  -0.01     0.68
  SINCE JAN 1     23.32                     22.17   1.15    28.11

SNOWFALL (IN)
  YESTERDAY        0.0
  MONTH TO DATE    3.0
  SINCE OCT 1     11.4
  SINCE JUL 1     11.4
  SNOW DEPTH       3

DEGREE DAYS
 HEATING
  YESTERDAY       54                        49      5       37
  MONTH TO DATE  752                       833    -81      975
  SINCE DEC 1    752                       833    -81      975
  SINCE JUL 1   2732                      2684     48     2807

 COOLING
  YESTERDAY        0                         0      0        0
  MONTH TO DATE    0                         0      0        0
  SINCE DEC 1      0                         0      0        0
  SINCE JAN 1    442                       527    -85      625
..................................................................


WIND (MPH)
  HIGHEST WIND SPEED    13   HIGHEST WIND DIRECTION     S (170)
  HIGHEST GUST SPEED    15   HIGHEST GUST DIRECTION     S (180)
  AVERAGE WIND SPEED     7.9


SKY COVER
  POSSIBLE SUNSHINE  MM
  AVERAGE SKY COVER 0.0


WEATHER CONDITIONS
 THE FOLLOWING WEATHER WAS RECORDED YESTERDAY.
  NO SIGNIFICANT WEATHER WAS OBSERVED.


RELATIVE HUMIDITY (PERCENT)
 HIGHEST   100          1100 PM
 LOWEST     80          1100 AM
 AVERAGE    90

..........................................................


THE SISSETON SD CLIMATE NORMALS FOR TODAY
                         NORMAL    RECORD    YEAR
 MAXIMUM TEMPERATURE (F)   25        51      1979
 MINIMUM TEMPERATURE (F)    7       -30      1983


SUNRISE AND SUNSET
DECEMBER 19 2014......SUNRISE   805 AM CST   SUNSET   446 PM CST
DECEMBER 20 2014......SUNRISE   805 AM CST   SUNSET   446 PM CST


-  INDICATES NEGATIVE NUMBERS.
R  INDICATES RECORD WAS SET OR TIED.
MM INDICATES DATA IS MISSING.
T  INDICATES TRACE AMOUNT.




$$
