000
CDUS43 KABR 201030
CLI8D3


CLIMATE REPORT
NATIONAL WEATHER SERVICE ABERDEEN SD
430 AM CST MON NOV 20 2017


...................................

...THE SISSETON SD CLIMATE SUMMARY FOR NOVEMBER 19 2017...

CLIMATE NORMAL PERIOD 1981 TO 2010
CLIMATE RECORD PERIOD 1900 TO 2017


WEATHER ITEM   OBSERVED TIME   RECORD YEAR NORMAL DEPARTURE LAST
                VALUE   (LST)  VALUE       VALUE  FROM      YEAR
                                                  NORMAL
..................................................................
TEMPERATURE (F)
 YESTERDAY
  MAXIMUM         50    254 PM  64    1989  38     12       28
  MINIMUM         19    230 AM -10    1932  20     -1       14
  AVERAGE         35                        29      6       21

PRECIPITATION (IN)
  YESTERDAY        0.00          0.41 1977   0.02  -0.02     0.00
  MONTH TO DATE    0.20                      0.47  -0.27     0.39
  SINCE SEP 1      5.96                      5.09   0.87     5.26
  SINCE JAN 1     18.68                     21.83  -3.15    20.70

SNOWFALL (IN)
  YESTERDAY        0.0
  MONTH TO DATE    0.5
  SINCE OCT 1      0.5
  SINCE JUL 1      0.5
  SNOW DEPTH       0

DEGREE DAYS
 HEATING
  YESTERDAY       30                        36     -6       44
  MONTH TO DATE  680                       590     90      317
  SINCE SEP 1   1318                      1374    -56      902
  SINCE JUL 1   1332                      1417    -85      929

 COOLING
  YESTERDAY        0                         0      0        0
  MONTH TO DATE    0                         0      0        0
  SINCE SEP 1     86                        48     38       44
  SINCE JAN 1    554                       527     27      625
..................................................................


WIND (MPH)
  HIGHEST WIND SPEED    23   HIGHEST WIND DIRECTION     W (250)
  HIGHEST GUST SPEED    29   HIGHEST GUST DIRECTION     W (250)
  AVERAGE WIND SPEED     8.6


SKY COVER
  POSSIBLE SUNSHINE  MM
  AVERAGE SKY COVER 0.0


WEATHER CONDITIONS
 THE FOLLOWING WEATHER WAS RECORDED YESTERDAY.
  NO SIGNIFICANT WEATHER WAS OBSERVED.


RELATIVE HUMIDITY (PERCENT)
 HIGHEST    77           200 AM
 LOWEST     33           200 PM
 AVERAGE    55

..........................................................


THE SISSETON SD CLIMATE NORMALS FOR TODAY
                         NORMAL    RECORD    YEAR
 MAXIMUM TEMPERATURE (F)   38        69      1962
 MINIMUM TEMPERATURE (F)   19        -8      1978


SUNRISE AND SUNSET
NOVEMBER 20 2017......SUNRISE   735 AM CST   SUNSET   452 PM CST
NOVEMBER 21 2017......SUNRISE   736 AM CST   SUNSET   451 PM CST


-  INDICATES NEGATIVE NUMBERS.
R  INDICATES RECORD WAS SET OR TIED.
MM INDICATES DATA IS MISSING.
T  INDICATES TRACE AMOUNT.




$$
