041
CDUS43 KABR 111037
CLI8D3


CLIMATE REPORT
NATIONAL WEATHER SERVICE ABERDEEN SD
437 AM CST SUN DEC 11 2016


...................................

...THE SISSETON SD CLIMATE SUMMARY FOR DECEMBER 10 2016...

CLIMATE NORMAL PERIOD 1981 TO 2010
CLIMATE RECORD PERIOD 1900 TO 2016


WEATHER ITEM   OBSERVED TIME   RECORD YEAR NORMAL DEPARTURE LAST
                VALUE   (LST)  VALUE       VALUE  FROM      YEAR
                                                  NORMAL
..................................................................
TEMPERATURE (F)
 YESTERDAY
  MAXIMUM         10   1159 PM  55    1979  28    -18       49
  MINIMUM         -9    430 AM -21    1977   9    -18       35
  AVERAGE          1                        18    -17       42

PRECIPITATION (IN)
  YESTERDAY        0.09R         0.06 2005   0.01   0.08     0.03
  MONTH TO DATE    0.17                      0.16   0.01     0.41
  SINCE DEC 1      0.17                      0.16   0.01     0.41
  SINCE JAN 1     22.30                     22.10   0.20    17.27

SNOWFALL (IN)
  YESTERDAY       MM
  MONTH TO DATE    0.9
  SINCE OCT 1      3.4
  SINCE JUL 1      3.4
  SNOW DEPTH       1

DEGREE DAYS
 HEATING
  YESTERDAY       64                        47     17       23
  MONTH TO DATE  457                       448      9      310
  SINCE DEC 1    457                       448      9      310
  SINCE JUL 1   1738                      2299   -561     1706

 COOLING
  YESTERDAY        0                         0      0        0
  MONTH TO DATE    0                         0      0        0
  SINCE DEC 1      0                         0      0        0
  SINCE JAN 1    625                       527     98      635
..................................................................


WIND (MPH)
  HIGHEST WIND SPEED    14   HIGHEST WIND DIRECTION     N (360)
  HIGHEST GUST SPEED    31   HIGHEST GUST DIRECTION    NE (40)
  AVERAGE WIND SPEED     5.7


SKY COVER
  POSSIBLE SUNSHINE  MM
  AVERAGE SKY COVER 0.0


WEATHER CONDITIONS
 THE FOLLOWING WEATHER WAS RECORDED YESTERDAY.
  LIGHT SNOW


RELATIVE HUMIDITY (PERCENT)
 HIGHEST    88          1000 PM
 LOWEST     74           200 AM
 AVERAGE    81

..........................................................


THE SISSETON SD CLIMATE NORMALS FOR TODAY
                         NORMAL    RECORD    YEAR
 MAXIMUM TEMPERATURE (F)   27        58      1939
 MINIMUM TEMPERATURE (F)    9       -19      1945


SUNRISE AND SUNSET
DECEMBER 11 2016......SUNRISE   759 AM CST   SUNSET   444 PM CST
DECEMBER 12 2016......SUNRISE   800 AM CST   SUNSET   444 PM CST


-  INDICATES NEGATIVE NUMBERS.
R  INDICATES RECORD WAS SET OR TIED.
MM INDICATES DATA IS MISSING.
T  INDICATES TRACE AMOUNT.




$$
