828
CDUS43 KABR 241035
CLI8D3


CLIMATE REPORT
NATIONAL WEATHER SERVICE ABERDEEN SD
534 AM CDT TUE MAY 24 2016


...................................

...THE SISSETON SD CLIMATE SUMMARY FOR MAY 23 2016...

CLIMATE NORMAL PERIOD 1981 TO 2010
CLIMATE RECORD PERIOD 1900 TO 2016


WEATHER ITEM   OBSERVED TIME   RECORD YEAR NORMAL DEPARTURE LAST
                VALUE   (LST)  VALUE       VALUE  FROM      YEAR
                                                  NORMAL
..................................................................
TEMPERATURE (F)
 YESTERDAY
  MAXIMUM         79    559 PM  89    2006  72      7       71
  MINIMUM         60   1159 PM  30    2002  48     12       48
  AVERAGE         70                        60     10       60

PRECIPITATION (IN)
  YESTERDAY        0.09          1.83 1962   0.08   0.01     0.00
  MONTH TO DATE    0.35                      2.02  -1.67     3.41
  SINCE MAR 1      3.35                      5.42  -2.07     4.99
  SINCE JAN 1      4.52                      6.28  -1.76     5.87

DEGREE DAYS
 HEATING
  YESTERDAY        0                         6     -6        5
  MONTH TO DATE  198                       219    -21      265
  SINCE MAR 1   1608                      1919   -311     1701
  SINCE JUL 1   6909                      8178  -1269     7970

 COOLING
  YESTERDAY        5                         1      4        0
  MONTH TO DATE   18                        14      4        2
  SINCE MAR 1     18                        15      3        2
  SINCE JAN 1     18                        15      3        2
..................................................................


WIND (MPH)
  HIGHEST WIND SPEED    31   HIGHEST WIND DIRECTION     S (190)
  HIGHEST GUST SPEED    39   HIGHEST GUST DIRECTION    SW (210)
  AVERAGE WIND SPEED    11.4


SKY COVER
  POSSIBLE SUNSHINE  MM
  AVERAGE SKY COVER 0.0


WEATHER CONDITIONS
 THE FOLLOWING WEATHER WAS RECORDED YESTERDAY.
  RAIN
  LIGHT RAIN


RELATIVE HUMIDITY (PERCENT)
 HIGHEST    93           400 AM
 LOWEST     40           200 PM
 AVERAGE    67

..........................................................


THE SISSETON SD CLIMATE NORMALS FOR TODAY
                         NORMAL    RECORD    YEAR
 MAXIMUM TEMPERATURE (F)   72        90      2010
 MINIMUM TEMPERATURE (F)   48        26      2002


SUNRISE AND SUNSET
MAY 24 2016...........SUNRISE   547 AM CDT   SUNSET   903 PM CDT
MAY 25 2016...........SUNRISE   546 AM CDT   SUNSET   904 PM CDT


-  INDICATES NEGATIVE NUMBERS.
R  INDICATES RECORD WAS SET OR TIED.
MM INDICATES DATA IS MISSING.
T  INDICATES TRACE AMOUNT.




$$
