000
CDUS43 KABR 291038
CLI8D3


CLIMATE REPORT
NATIONAL WEATHER SERVICE ABERDEEN SD
537 AM CDT FRI MAY 29 2015


...................................

...THE SISSETON SD CLIMATE SUMMARY FOR MAY 28 2015...

CLIMATE NORMAL PERIOD 1981 TO 2010
CLIMATE RECORD PERIOD 1900 TO 2015


WEATHER ITEM   OBSERVED TIME   RECORD YEAR NORMAL DEPARTURE LAST
                VALUE   (LST)  VALUE       VALUE  FROM      YEAR
                                                  NORMAL
..................................................................
TEMPERATURE (F)
 YESTERDAY
  MAXIMUM         85    501 PM 110    1934  73     12       87
  MINIMUM         61   1136 PM  32    1965  49     12       57
  AVERAGE         73                        61     12       72

PRECIPITATION (IN)
  YESTERDAY        0.61          1.25 1981   0.08   0.53     0.00
  MONTH TO DATE    4.87                      2.44   2.43     1.62
  SINCE MAR 1      6.45                      5.84   0.61     5.64
  SINCE JAN 1      7.33                      6.70   0.63     6.26

DEGREE DAYS
 HEATING
  YESTERDAY        0                         5     -5        0
  MONTH TO DATE  282                       247     35      311
  SINCE MAR 1   1718                      1947   -229     2238
  SINCE JUL 1   7987                      8206   -219     9055

 COOLING
  YESTERDAY        8                         1      7        7
  MONTH TO DATE   17                        19     -2       38
  SINCE MAR 1     17                        20     -3       38
  SINCE JAN 1     17                        20     -3       38
..................................................................


WIND (MPH)
  HIGHEST WIND SPEED    33   HIGHEST WIND DIRECTION     S (200)
  HIGHEST GUST SPEED    40   HIGHEST GUST DIRECTION    SW (210)
  AVERAGE WIND SPEED    16.1


SKY COVER
  POSSIBLE SUNSHINE  MM
  AVERAGE SKY COVER 0.0


WEATHER CONDITIONS
 THE FOLLOWING WEATHER WAS RECORDED YESTERDAY.
  THUNDERSTORM
  HEAVY RAIN
  RAIN
  LIGHT RAIN
  FOG


RELATIVE HUMIDITY (PERCENT)
 HIGHEST   100          1000 PM
 LOWEST     40           300 PM
 AVERAGE    70

..........................................................


THE SISSETON SD CLIMATE NORMALS FOR TODAY
                         NORMAL    RECORD    YEAR
 MAXIMUM TEMPERATURE (F)   73       100      1934
 MINIMUM TEMPERATURE (F)   50        32      1947


SUNRISE AND SUNSET
MAY 29 2015...........SUNRISE   544 AM CDT   SUNSET   907 PM CDT
MAY 30 2015...........SUNRISE   543 AM CDT   SUNSET   908 PM CDT


-  INDICATES NEGATIVE NUMBERS.
R  INDICATES RECORD WAS SET OR TIED.
MM INDICATES DATA IS MISSING.
T  INDICATES TRACE AMOUNT.




$$
