000
CDUS43 KABR 180913
CLI8D3


CLIMATE REPORT
NATIONAL WEATHER SERVICE ABERDEEN SD
413 AM CDT FRI APR 18 2014


...................................

...THE SISSETON SD CLIMATE SUMMARY FOR APRIL 17 2014...

CLIMATE NORMAL PERIOD 1981 TO 2010
CLIMATE RECORD PERIOD 1900 TO 2014


WEATHER ITEM   OBSERVED TIME   RECORD YEAR NORMAL DEPARTURE LAST
                VALUE   (LST)  VALUE       VALUE  FROM      YEAR
                                                  NORMAL
..................................................................
TEMPERATURE (F)
 YESTERDAY
  MAXIMUM         45    428 PM  86    1985  57    -12       32
  MINIMUM         18    550 AM  11    1953  33    -15       29
  AVERAGE         32                        45    -13       31

PRECIPITATION (IN)
  YESTERDAY        0.00          1.18 1967   0.06  -0.06     0.08
  MONTH TO DATE    0.65                      0.89  -0.24     1.75
  SINCE MAR 1      1.49                      2.01  -0.52     2.72
  SINCE JAN 1      2.11                      2.87  -0.76     5.10

SNOWFALL (IN)
  YESTERDAY        0.0
  MONTH TO DATE    6.4
  SINCE OCT 1     37.8
  SINCE JUL 1     37.8
  SNOW DEPTH       1

DEGREE DAYS
 HEATING
  YESTERDAY       33                        20     13       34
  MONTH TO DATE  478                       404     74      593
  SINCE MAR 1   1677                      1487    190     2036
  SINCE JUL 1   8494                      7746    748     8421

 COOLING
  YESTERDAY        0                         0      0        0
  MONTH TO DATE    0                         0      0        0
  SINCE MAR 1      0                         0      0        0
  SINCE JAN 1      0                         0      0        0
..................................................................


WIND (MPH)
  HIGHEST WIND SPEED    15   HIGHEST WIND DIRECTION     N (340)
  HIGHEST GUST SPEED    17   HIGHEST GUST DIRECTION     N (340)
  AVERAGE WIND SPEED     7.6


SKY COVER
  POSSIBLE SUNSHINE  MM
  AVERAGE SKY COVER 0.0


WEATHER CONDITIONS
 THE FOLLOWING WEATHER WAS RECORDED YESTERDAY.
  NO SIGNIFICANT WEATHER WAS OBSERVED.


RELATIVE HUMIDITY (PERCENT)
 HIGHEST    91           200 AM
 LOWEST     33           500 PM
 AVERAGE    62

..........................................................


THE SISSETON SD CLIMATE NORMALS FOR TODAY
                         NORMAL    RECORD    YEAR
 MAXIMUM TEMPERATURE (F)   58        91      1985
 MINIMUM TEMPERATURE (F)   34        13      1953


SUNRISE AND SUNSET
APRIL 18 2014.........SUNRISE   637 AM CDT   SUNSET   818 PM CDT
APRIL 19 2014.........SUNRISE   635 AM CDT   SUNSET   820 PM CDT


-  INDICATES NEGATIVE NUMBERS.
R  INDICATES RECORD WAS SET OR TIED.
MM INDICATES DATA IS MISSING.
T  INDICATES TRACE AMOUNT.




$$
