339
CDUS43 KABR 221038
CLI8D3


CLIMATE REPORT
NATIONAL WEATHER SERVICE ABERDEEN SD
437 AM CST WED FEB 22 2017


...................................

...THE SISSETON SD CLIMATE SUMMARY FOR FEBRUARY 21 2017...

CLIMATE NORMAL PERIOD 1981 TO 2010
CLIMATE RECORD PERIOD 1900 TO 2017


WEATHER ITEM   OBSERVED TIME   RECORD YEAR NORMAL DEPARTURE LAST
                VALUE   (LST)  VALUE       VALUE  FROM      YEAR
                                                  NORMAL
..................................................................
TEMPERATURE (F)
 YESTERDAY
  MAXIMUM         60R   457 PM  58    1961  29     31       31
  MINIMUM         34    247 AM -19    2001  11     23       19
                                      1956
  AVERAGE         47                        20     27       25

PRECIPITATION (IN)
  YESTERDAY        0.00          0.45 1969   0.02  -0.02     0.00
                                      2001
  MONTH TO DATE    0.14                      0.29  -0.15     0.89
  SINCE DEC 1      2.35                      1.11   1.24     2.24
  SINCE JAN 1      0.93                      0.72   0.21     1.17

SNOWFALL (IN)
  YESTERDAY        0.0
  MONTH TO DATE    0.5
  SINCE OCT 1     23.8
  SINCE JUL 1     23.8
  SNOW DEPTH       0

DEGREE DAYS
 HEATING
  YESTERDAY       18                        45    -27       40
  MONTH TO DATE  754                      1011   -257      913
  SINCE DEC 1   3717                      4106   -389     3650
  SINCE JUL 1   4998                      5957   -959     5046

 COOLING
  YESTERDAY        0                         0      0        0
  MONTH TO DATE    0                         0      0        0
  SINCE DEC 1      0                         0      0        0
  SINCE JAN 1      0                         0      0        0
..................................................................


WIND (MPH)
  HIGHEST WIND SPEED    18   HIGHEST WIND DIRECTION     W (250)
  HIGHEST GUST SPEED    22   HIGHEST GUST DIRECTION    SW (240)
  AVERAGE WIND SPEED     6.5


SKY COVER
  POSSIBLE SUNSHINE  MM
  AVERAGE SKY COVER 0.0


WEATHER CONDITIONS
 THE FOLLOWING WEATHER WAS RECORDED YESTERDAY.
  NO SIGNIFICANT WEATHER WAS OBSERVED.


RELATIVE HUMIDITY (PERCENT)
 HIGHEST   100          1000 PM
 LOWEST     55           500 PM
 AVERAGE    78

..........................................................


THE SISSETON SD CLIMATE NORMALS FOR TODAY
                         NORMAL    RECORD    YEAR
 MAXIMUM TEMPERATURE (F)   30        60      1905
 MINIMUM TEMPERATURE (F)   12       -19      1952


SUNRISE AND SUNSET
FEBRUARY 22 2017......SUNRISE   718 AM CST   SUNSET   605 PM CST
FEBRUARY 23 2017......SUNRISE   716 AM CST   SUNSET   607 PM CST


-  INDICATES NEGATIVE NUMBERS.
R  INDICATES RECORD WAS SET OR TIED.
MM INDICATES DATA IS MISSING.
T  INDICATES TRACE AMOUNT.




$$
