000
CDUS43 KABR 301200
CLI8D3


CLIMATE REPORT
NATIONAL WEATHER SERVICE ABERDEEN SD
700 AM CDT THU MAR 30 2017


...................................

...THE SISSETON SD CLIMATE SUMMARY FOR MARCH 29 2017...

CLIMATE NORMAL PERIOD 1981 TO 2010
CLIMATE RECORD PERIOD 1900 TO 2017


WEATHER ITEM   OBSERVED TIME   RECORD YEAR NORMAL DEPARTURE LAST
                VALUE   (LST)  VALUE       VALUE  FROM      YEAR
                                                  NORMAL
..................................................................
TEMPERATURE (F)
 YESTERDAY
  MAXIMUM         60    216 PM  80    1986  46     14       68
  MINIMUM         33    545 AM  -5    1969  26      7       34
  AVERAGE         47                        36     11       51

PRECIPITATION (IN)
  YESTERDAY        0.00          1.10 1977   0.05  -0.05     0.19
  MONTH TO DATE    0.26                      1.00  -0.74     0.53
  SINCE MAR 1      0.26                      1.00  -0.74     0.53
  SINCE JAN 1      1.46                      1.86  -0.40     1.70

SNOWFALL (IN)
  YESTERDAY        0.0
  MONTH TO DATE    3.4
  SINCE OCT 1     30.4
  SINCE JUL 1     30.4
  SNOW DEPTH       0

DEGREE DAYS
 HEATING
  YESTERDAY       18                        29    -11       14
  MONTH TO DATE 1035                      1027      8      762
  SINCE MAR 1   1035                      1027      8      762
  SINCE JUL 1   6299                      7286   -987     6063

 COOLING
  YESTERDAY        0                         0      0        0
  MONTH TO DATE    0                         0      0        0
  SINCE MAR 1      0                         0      0        0
  SINCE JAN 1      0                         0      0        0
..................................................................


WIND (MPH)
  HIGHEST WIND SPEED    23   HIGHEST WIND DIRECTION     S (170)
  HIGHEST GUST SPEED    28   HIGHEST GUST DIRECTION     S (180)
  AVERAGE WIND SPEED     8.3


SKY COVER
  POSSIBLE SUNSHINE  MM
  AVERAGE SKY COVER 0.0


WEATHER CONDITIONS
 THE FOLLOWING WEATHER WAS RECORDED YESTERDAY.
  NO SIGNIFICANT WEATHER WAS OBSERVED.


RELATIVE HUMIDITY (PERCENT)
 HIGHEST   100           400 AM
 LOWEST     40           200 PM
 AVERAGE    70

..........................................................


THE SISSETON SD CLIMATE NORMALS FOR TODAY
                         NORMAL    RECORD    YEAR
 MAXIMUM TEMPERATURE (F)   47        79      1967
                                             1943
 MINIMUM TEMPERATURE (F)   26       -10      1975


SUNRISE AND SUNSET
MARCH 30 2017.........SUNRISE   711 AM CDT   SUNSET   754 PM CDT
MARCH 31 2017.........SUNRISE   709 AM CDT   SUNSET   755 PM CDT


-  INDICATES NEGATIVE NUMBERS.
R  INDICATES RECORD WAS SET OR TIED.
MM INDICATES DATA IS MISSING.
T  INDICATES TRACE AMOUNT.




$$
