000
CDUS46 KMFR 240044
CLIAAT


CLIMATE REPORT
NATIONAL WEATHER SERVICE MEDFORD, OR
544 PM PDT MON OCT 23 2017


...................................

...THE ALTURAS CA CLIMATE SUMMARY FOR OCTOBER 23 2017...
VALID TODAY AS OF 0500 PM LOCAL TIME.

CLIMATE NORMAL PERIOD 1981 TO 2010
CLIMATE RECORD PERIOD 1905 TO 2017


WEATHER ITEM   OBSERVED TIME   RECORD YEAR NORMAL DEPARTURE LAST
                VALUE   (LST)  VALUE       VALUE  FROM      YEAR
                                                  NORMAL
..................................................................
TEMPERATURE (F)
 TODAY
  MAXIMUM         73    235 PM  85    1913  62     11       69
  MINIMUM         33    656 AM  14    1906  27      6       50
  AVERAGE         53                        44      9       60

PRECIPITATION (IN)
  TODAY            0.00          0.53 2004   0.03  -0.03     0.00
  MONTH TO DATE    0.92                      0.63   0.29     1.11
  SINCE OCT 1      0.92                      0.63   0.29     1.11
  SINCE JAN 1     13.11                     10.29   2.82     8.58

SNOWFALL (IN)
  TODAY           MM                        MM     MM       MM
  MONTH TO DATE   MM                        MM     MM       MM
  SINCE JUL 1     MM                        MM     MM       MM
  SNOW DEPTH      MM

DEGREE DAYS
 HEATING
  TODAY           12                        21     -9        5
  MONTH TO DATE  466                       389     77      376
  SINCE SEP 1    709                       655     54      604
  SINCE JUL 1    710                       766    -56      661

 COOLING
  TODAY            0                         0      0        0
  MONTH TO DATE    0                         0      0        0
  SINCE SEP 1     75                         5     70        0
  SINCE JAN 1    516                       156    360      254
..................................................................


WIND (MPH)
  HIGHEST WIND SPEED    12   HIGHEST WIND DIRECTION    NE (30)
  HIGHEST GUST SPEED    15   HIGHEST GUST DIRECTION    NE (30)
  AVERAGE WIND SPEED     2.0


SKY COVER
  POSSIBLE SUNSHINE  MM
  AVERAGE SKY COVER 0.3


WEATHER CONDITIONS
 THE FOLLOWING WEATHER WAS RECORDED TODAY.
  FOG
  FOG W/VISIBILITY <= 1/4 MILE


RELATIVE HUMIDITY (PERCENT)
 HIGHEST   100           100 AM
 LOWEST     31           300 PM
 AVERAGE    66

..........................................................


THE ALTURAS CA CLIMATE NORMALS FOR TOMORROW
                         NORMAL    RECORD    YEAR
 MAXIMUM TEMPERATURE (F)   61        85      1959
 MINIMUM TEMPERATURE (F)   27        14      2001
                                             1935


SUNRISE AND SUNSET
OCTOBER 23 2017.......SUNRISE   724 AM PDT   SUNSET   609 PM PDT
OCTOBER 24 2017.......SUNRISE   725 AM PDT   SUNSET   607 PM PDT


-  INDICATES NEGATIVE NUMBERS.
R  INDICATES RECORD WAS SET OR TIED.
MM INDICATES DATA IS MISSING.
T  INDICATES TRACE AMOUNT.




$$
