000
CDUS46 KMFR 280835
CLIAAT


CLIMATE REPORT
NATIONAL WEATHER SERVICE MEDFORD, OR
135 AM PDT THU JUL 28 2016


...................................

...THE ALTURAS CA CLIMATE SUMMARY FOR JULY 27 2016...

CLIMATE NORMAL PERIOD 1981 TO 2010
CLIMATE RECORD PERIOD 1905 TO 2016


WEATHER ITEM   OBSERVED TIME   RECORD YEAR NORMAL DEPARTURE LAST
                VALUE   (LST)  VALUE       VALUE  FROM      YEAR
                                                  NORMAL
..................................................................
TEMPERATURE (F)
 YESTERDAY
  MAXIMUM         99    256 PM 102    1934  90      9       77
  MINIMUM         50    450 AM  31    1916  45      5       40
  AVERAGE         75                        68      7       59

PRECIPITATION (IN)
  YESTERDAY        0.00          0.20 1956   0.02  -0.02     0.00
  MONTH TO DATE    0.05                      0.28  -0.23     1.17
  SINCE OCT 1     13.42                     13.23   0.19    11.08
  SINCE JAN 1      7.44                      8.72  -1.28     6.57

SNOWFALL (IN)
  YESTERDAY       MM                        MM     MM       MM
  MONTH TO DATE   MM                        MM     MM       MM
  SINCE JUL 1     MM                        MM     MM       MM
  SNOW DEPTH      MM

DEGREE DAYS
 HEATING
  YESTERDAY        0                         1     -1        6
  MONTH TO DATE   40                        37      3       20
  SINCE JUN 1    158                       217    -59       50
  SINCE JUL 1     40                        37      3       20

 COOLING
  YESTERDAY       10                         3      7        0
  MONTH TO DATE   69                        67      2      113
  SINCE JUN 1    117                        78     39      216
  SINCE JAN 1    117                        78     39      216
..................................................................


WIND (MPH)
  HIGHEST WIND SPEED    20   HIGHEST WIND DIRECTION     W (280)
  HIGHEST GUST SPEED    24   HIGHEST GUST DIRECTION     W (280)
  AVERAGE WIND SPEED     5.5


SKY COVER
  POSSIBLE SUNSHINE  MM
  AVERAGE SKY COVER 0.0


WEATHER CONDITIONS
 THE FOLLOWING WEATHER WAS RECORDED YESTERDAY.
  NO SIGNIFICANT WEATHER WAS OBSERVED.


RELATIVE HUMIDITY (PERCENT)
 HIGHEST    77           500 AM
 LOWEST      6           300 PM
 AVERAGE    42

..........................................................


THE ALTURAS CA CLIMATE NORMALS FOR TODAY
                         NORMAL    RECORD    YEAR
 MAXIMUM TEMPERATURE (F)   90       103      1968
 MINIMUM TEMPERATURE (F)   45        32      1965


SUNRISE AND SUNSET
JULY 28 2016..........SUNRISE   554 AM PDT   SUNSET   823 PM PDT
JULY 29 2016..........SUNRISE   555 AM PDT   SUNSET   822 PM PDT


-  INDICATES NEGATIVE NUMBERS.
R  INDICATES RECORD WAS SET OR TIED.
MM INDICATES DATA IS MISSING.
T  INDICATES TRACE AMOUNT.




$$
