000
CDUS46 KMFR 230839
CLIAAT


CLIMATE REPORT
NATIONAL WEATHER SERVICE MEDFORD, OR
1238 AM PST SUN NOV 23 2014


...................................

...THE ALTURAS CA CLIMATE SUMMARY FOR NOVEMBER 22 2014...

CLIMATE NORMAL PERIOD 1981 TO 2010
CLIMATE RECORD PERIOD 1905 TO 2014


WEATHER ITEM   OBSERVED TIME   RECORD YEAR NORMAL DEPARTURE LAST
                VALUE   (LST)  VALUE       VALUE  FROM      YEAR
                                                  NORMAL
..................................................................
TEMPERATURE (F)
 YESTERDAY
  MAXIMUM         48   1201 PM  71    1954  46      2       50
  MINIMUM         30   1159 PM   1    1985  22      8       22
  AVERAGE         39                        34      5       36

PRECIPITATION (IN)
  YESTERDAY        0.21          0.32 1966   0.06   0.15     0.00
  MONTH TO DATE    0.65                      1.34  -0.69     0.29
  SINCE SEP 1      2.46                      2.87  -0.41     0.97
  SINCE JAN 1      8.74                     12.01  -3.27     6.12

SNOWFALL (IN)
  YESTERDAY       MM                        MM     MM       MM
  MONTH TO DATE   MM                        MM     MM       MM
  SINCE JUL 1     MM                        MM     MM        0.0
  SNOW DEPTH      MM

DEGREE DAYS
 HEATING
  YESTERDAY       26                        31     -5       29
  MONTH TO DATE  530                       607    -77      563
  SINCE SEP 1   1051                      1439   -388     1448
  SINCE JUL 1   1076                      1550   -474     1518

 COOLING
  YESTERDAY        0                         0      0        0
  MONTH TO DATE    0                         0      0        0
  SINCE SEP 1     12                         5      7       25
  SINCE JAN 1    380                       156    224      280
..................................................................


WIND (MPH)
  HIGHEST WIND SPEED    31   HIGHEST WIND DIRECTION    NW (300)
  HIGHEST GUST SPEED    39   HIGHEST GUST DIRECTION    NW (300)
  AVERAGE WIND SPEED    11.7


SKY COVER
  POSSIBLE SUNSHINE  MM
  AVERAGE SKY COVER 0.7


WEATHER CONDITIONS
 THE FOLLOWING WEATHER WAS RECORDED YESTERDAY.
  LIGHT RAIN
  FOG


RELATIVE HUMIDITY (PERCENT)
 HIGHEST   100           600 AM
 LOWEST     58           300 PM
 AVERAGE    79

..........................................................


THE ALTURAS CA CLIMATE NORMALS FOR TODAY
                         NORMAL    RECORD    YEAR
 MAXIMUM TEMPERATURE (F)   45        71      1954
 MINIMUM TEMPERATURE (F)   22         5      1979


SUNRISE AND SUNSET
NOVEMBER 23 2014......SUNRISE   700 AM PST   SUNSET   437 PM PST
NOVEMBER 24 2014......SUNRISE   702 AM PST   SUNSET   436 PM PST


-  INDICATES NEGATIVE NUMBERS.
R  INDICATES RECORD WAS SET OR TIED.
MM INDICATES DATA IS MISSING.
T  INDICATES TRACE AMOUNT.




$$
