000
CDUS46 KMFR 010841
CLIAAT


CLIMATE REPORT
NATIONAL WEATHER SERVICE MEDFORD, OR
137 AM PDT FRI AUG 1 2014


...................................

...THE ALTURAS CA CLIMATE SUMMARY FOR JULY 31 2014...

CLIMATE NORMAL PERIOD 1981 TO 2010
CLIMATE RECORD PERIOD 1905 TO 2014


WEATHER ITEM   OBSERVED TIME   RECORD YEAR NORMAL DEPARTURE LAST
                VALUE   (LST)  VALUE       VALUE  FROM      YEAR
                                                  NORMAL
..................................................................
TEMPERATURE (F)
 YESTERDAY
  MAXIMUM         95    133 PM 104    1988  90      5       88
  MINIMUM         50    524 AM  31    1975  45      5       48
  AVERAGE         73                        67      6       68

PRECIPITATION (IN)
  YESTERDAY        0.00          0.15 1952   0.02  -0.02      T
  MONTH TO DATE    0.41                      0.34   0.07      T
  SINCE SEP 1      6.96                     13.81  -6.85     8.77
  SINCE JAN 1      5.82                      8.78  -2.96     4.43

SNOWFALL (IN)
  YESTERDAY       MM                        MM     MM       MM
  MONTH TO DATE   MM                        MM     MM       MM
  SINCE JUL 1     MM                        MM     MM       MM
  SNOW DEPTH      MM

DEGREE DAYS
 HEATING
  YESTERDAY        0                         1     -1        0
  MONTH TO DATE    6                        41    -35        4
  SINCE JUN 1     95                       221   -126      160
  SINCE JUL 1      6                        41    -35        4

 COOLING
  YESTERDAY        8                         3      5        3
  MONTH TO DATE  253                        84    169      173
  SINCE JUN 1    273                        95    178      216
  SINCE JAN 1    273                        95    178      216
..................................................................


WIND (MPH)
  HIGHEST WIND SPEED    18   HIGHEST WIND DIRECTION     W (260)
  HIGHEST GUST SPEED    22   HIGHEST GUST DIRECTION     W (270)
  AVERAGE WIND SPEED     3.8


SKY COVER
  POSSIBLE SUNSHINE  MM
  AVERAGE SKY COVER 0.1


WEATHER CONDITIONS
 THE FOLLOWING WEATHER WAS RECORDED YESTERDAY.
  HAZE


RELATIVE HUMIDITY (PERCENT)
 HIGHEST    66           400 AM
 LOWEST     14           100 PM
 AVERAGE    40

..........................................................


THE ALTURAS CA CLIMATE NORMALS FOR TODAY
                         NORMAL    RECORD    YEAR
 MAXIMUM TEMPERATURE (F)   90       100      1908
 MINIMUM TEMPERATURE (F)   45        33      1937


SUNRISE AND SUNSET
AUGUST  1 2014........SUNRISE   557 AM PDT   SUNSET   819 PM PDT
AUGUST  2 2014........SUNRISE   558 AM PDT   SUNSET   818 PM PDT


-  INDICATES NEGATIVE NUMBERS.
R  INDICATES RECORD WAS SET OR TIED.
MM INDICATES DATA IS MISSING.
T  INDICATES TRACE AMOUNT.




$$
