000
CDUS46 KMFR 210035
CLIAAT


CLIMATE REPORT
NATIONAL WEATHER SERVICE MEDFORD, OR
535 PM PDT SUN APR 20 2014


...................................

...THE ALTURAS CA CLIMATE SUMMARY FOR APRIL 20 2014...
VALID TODAY AS OF 0500 PM LOCAL TIME.

CLIMATE NORMAL PERIOD 1981 TO 2010
CLIMATE RECORD PERIOD 1905 TO 2014


WEATHER ITEM   OBSERVED TIME   RECORD YEAR NORMAL DEPARTURE LAST
                VALUE   (LST)  VALUE       VALUE  FROM      YEAR
                                                  NORMAL
..................................................................
TEMPERATURE (F)
 TODAY
  MAXIMUM         70    315 PM  83    1934  59     11       64
  MINIMUM         26    550 AM  12    1963  30     -4       22
  AVERAGE         48                        44      4       43

PRECIPITATION (IN)
  TODAY            0.00          0.62 1963   0.05  -0.05     0.00
  MONTH TO DATE    0.20                      1.01  -0.81     1.44
  SINCE SEP 1      5.10                     10.66  -5.56     6.83
  SINCE JAN 1      3.96                      5.63  -1.67     2.49

SNOWFALL (IN)
  TODAY           MM                        MM     MM       MM
  MONTH TO DATE   MM                        MM     MM       MM
  SINCE JUL 1      0.0                      MM     MM       MM
  SNOW DEPTH      MM

DEGREE DAYS
 HEATING
  TODAY           17                        21     -4       22
  MONTH TO DATE  346                       461   -115      444
  SINCE MAR 1   1090                      1286   -196     1211
  SINCE JUL 1   5855                      6153   -298     5797

 COOLING
  TODAY            0                         0      0        0
  MONTH TO DATE    0                         0      0        0
  SINCE MAR 1      0                         0      0        0
  SINCE JAN 1      0                         0      0        0
..................................................................


WIND (MPH)
  HIGHEST WIND SPEED    12   HIGHEST WIND DIRECTION     W (280)
  HIGHEST GUST SPEED    15   HIGHEST GUST DIRECTION    NW (330)
  AVERAGE WIND SPEED     1.2


SKY COVER
  POSSIBLE SUNSHINE  MM
  AVERAGE SKY COVER 0.0


WEATHER CONDITIONS
 THE FOLLOWING WEATHER WAS RECORDED TODAY.
  NO SIGNIFICANT WEATHER WAS OBSERVED.


RELATIVE HUMIDITY (PERCENT)
 HIGHEST    92           600 AM
 LOWEST     11           400 PM
 AVERAGE    52

..........................................................


THE ALTURAS CA CLIMATE NORMALS FOR TOMORROW
                         NORMAL    RECORD    YEAR
 MAXIMUM TEMPERATURE (F)   59        83      2009
 MINIMUM TEMPERATURE (F)   30        15      1982


SUNRISE AND SUNSET
APRIL 20 2014.........SUNRISE   615 AM PDT   SUNSET   748 PM PDT
APRIL 21 2014.........SUNRISE   613 AM PDT   SUNSET   749 PM PDT


-  INDICATES NEGATIVE NUMBERS.
R  INDICATES RECORD WAS SET OR TIED.
MM INDICATES DATA IS MISSING.
T  INDICATES TRACE AMOUNT.




$$
