088
CDUS46 KMFR 290036
CLIAAT


CLIMATE REPORT
NATIONAL WEATHER SERVICE MEDFORD, OR
536 PM PDT WED JUN 28 2017


...................................

...THE ALTURAS CA CLIMATE SUMMARY FOR JUNE 28 2017...
VALID TODAY AS OF 0500 PM LOCAL TIME.

CLIMATE NORMAL PERIOD 1981 TO 2010
CLIMATE RECORD PERIOD 1905 TO 2017


WEATHER ITEM   OBSERVED TIME   RECORD YEAR NORMAL DEPARTURE LAST
                VALUE   (LST)  VALUE       VALUE  FROM      YEAR
                                                  NORMAL
..................................................................
TEMPERATURE (F)
 TODAY
  MAXIMUM         84        MM  99    1956  83      1       95
                                      1973
  MINIMUM         46        MM  32    1983  43      3       47
  AVERAGE         65                        63      2       71

PRECIPITATION (IN)
  TODAY            0.00          1.16 1970   0.00   0.00     0.00
  MONTH TO DATE    1.16                      0.88   0.28     0.56
  SINCE OCT 1     14.28                     12.93   1.35    13.37
  SINCE JAN 1     10.53                      8.42   2.11     7.39

SNOWFALL (IN)
  TODAY           MM                        MM     MM       MM
  MONTH TO DATE   MM                        MM     MM       MM
  SINCE JUL 1     MM                        MM     MM       MM
  SNOW DEPTH      MM

DEGREE DAYS
 HEATING
  TODAY            0                         3     -3        0
  MONTH TO DATE  109                       174    -65      118
  SINCE JUN 1    109                       174    -65      118
  SINCE JUL 1   6354                      6931   -577     5993

 COOLING
  TODAY            0                         1     -1        6
  MONTH TO DATE   79                         7     72       35
  SINCE JUN 1     79                         7     72       35
  SINCE JAN 1     79                         7     72       35
..................................................................


WIND (MPH)
  HIGHEST WIND SPEED    14   HIGHEST WIND DIRECTION     W (270)
  HIGHEST GUST SPEED    20   HIGHEST GUST DIRECTION     W (270)
  AVERAGE WIND SPEED     4.4


SKY COVER
  POSSIBLE SUNSHINE  MM
  AVERAGE SKY COVER 0.1


WEATHER CONDITIONS
 THE FOLLOWING WEATHER WAS RECORDED TODAY.
  NO SIGNIFICANT WEATHER WAS OBSERVED.


RELATIVE HUMIDITY (PERCENT)
 HIGHEST    71           400 AM
 LOWEST     21           100 PM
 AVERAGE    46

..........................................................


THE ALTURAS CA CLIMATE NORMALS FOR TOMORROW
                         NORMAL    RECORD    YEAR
 MAXIMUM TEMPERATURE (F)   83        96      2015
 MINIMUM TEMPERATURE (F)   43        27      1988


SUNRISE AND SUNSET
JUNE 28 2017..........SUNRISE   531 AM PDT   SUNSET   840 PM PDT
JUNE 29 2017..........SUNRISE   531 AM PDT   SUNSET   840 PM PDT


-  INDICATES NEGATIVE NUMBERS.
R  INDICATES RECORD WAS SET OR TIED.
MM INDICATES DATA IS MISSING.
T  INDICATES TRACE AMOUNT.




$$
