000
CDUS46 KMFR 170051
CLIAAT


CLIMATE REPORT
NATIONAL WEATHER SERVICE MEDFORD, OR
551 PM PDT TUE SEP 16 2014


...................................

...THE ALTURAS CA CLIMATE SUMMARY FOR SEPTEMBER 16 2014...
VALID TODAY AS OF 0500 PM LOCAL TIME.

CLIMATE NORMAL PERIOD 1981 TO 2010
CLIMATE RECORD PERIOD 1905 TO 2014


WEATHER ITEM   OBSERVED TIME   RECORD YEAR NORMAL DEPARTURE LAST
                VALUE   (LST)  VALUE       VALUE  FROM      YEAR
                                                  NORMAL
..................................................................
TEMPERATURE (F)
 TODAY
  MAXIMUM         88    227 PM  94    2008  78     10       80
                                      1979
  MINIMUM         43    535 AM  22    1936  35      8       34
  AVERAGE         66                        56     10       57

PRECIPITATION (IN)
  TODAY            0.00          0.30 1977   0.01  -0.01     0.00
  MONTH TO DATE    0.00                      0.24  -0.24     0.08
  SINCE SEP 1      0.00                      0.24  -0.24     0.08
  SINCE JAN 1      6.28                      9.38  -3.10     5.23

SNOWFALL (IN)
  TODAY           MM                        MM     MM       MM
  MONTH TO DATE   MM                        MM     MM       MM
  SINCE JUL 1     MM                        MM     MM       MM
  SNOW DEPTH      MM

DEGREE DAYS
 HEATING
  TODAY            0                         9     -9        8
  MONTH TO DATE   44                       109    -65       30
  SINCE SEP 1     44                       109    -65       30
  SINCE JUL 1     69                       220   -151      100

 COOLING
  TODAY            1                         0      1        0
  MONTH TO DATE    1                         3     -2       25
  SINCE SEP 1      1                         3     -2       25
  SINCE JAN 1    369                       154    215      280
..................................................................


WIND (MPH)
  HIGHEST WIND SPEED    23   HIGHEST WIND DIRECTION     S (170)
  HIGHEST GUST SPEED    31   HIGHEST GUST DIRECTION     S (160)
  AVERAGE WIND SPEED     7.9


SKY COVER
  POSSIBLE SUNSHINE  MM
  AVERAGE SKY COVER 0.0


WEATHER CONDITIONS
 THE FOLLOWING WEATHER WAS RECORDED TODAY.
  HAZE


RELATIVE HUMIDITY (PERCENT)
 HIGHEST    62           500 AM
 LOWEST     11           100 PM
 AVERAGE    37

..........................................................


THE ALTURAS CA CLIMATE NORMALS FOR TOMORROW
                         NORMAL    RECORD    YEAR
 MAXIMUM TEMPERATURE (F)   77        95      1981
 MINIMUM TEMPERATURE (F)   35        24      1965


SUNRISE AND SUNSET
SEPTEMBER 16 2014.....SUNRISE   644 AM PDT   SUNSET   710 PM PDT
SEPTEMBER 17 2014.....SUNRISE   645 AM PDT   SUNSET   708 PM PDT


-  INDICATES NEGATIVE NUMBERS.
R  INDICATES RECORD WAS SET OR TIED.
MM INDICATES DATA IS MISSING.
T  INDICATES TRACE AMOUNT.




$$
