000
CDUS41 KPHI 050629
CLIABE


CLIMATE REPORT
NATIONAL WEATHER SERVICE MOUNT HOLLY NJ
129 AM EST MON DEC 5 2016


...................................

...THE ALLENTOWN PA CLIMATE SUMMARY FOR DECEMBER 4 2016...

CLIMATE NORMAL PERIOD 1981 TO 2010
CLIMATE RECORD PERIOD 1922 TO 2016


WEATHER ITEM   OBSERVED TIME   RECORD YEAR NORMAL DEPARTURE LAST
                VALUE   (LST)  VALUE       VALUE  FROM      YEAR
                                                  NORMAL
..................................................................
TEMPERATURE (F)
 YESTERDAY
  MAXIMUM         47    303 PM  72    1998  45      2       50
  MINIMUM         39    946 PM   8    1966  27     12       29
                                      1940
  AVERAGE         43                        36      7       40

PRECIPITATION (IN)
  YESTERDAY        0.00          1.63 1950   0.13  -0.13     0.00
  MONTH TO DATE    0.11                      0.53  -0.42     1.02
  SINCE DEC 1      0.11                      0.53  -0.42     1.02
  SINCE JAN 1     34.50                     42.30  -7.80    37.34

SNOWFALL (IN)
  YESTERDAY        0.0           4.1  1957   0.2   -0.2      0.0
  MONTH TO DATE    0.0                       0.5   -0.5      0.0
  SINCE DEC 1      0.0                       0.5   -0.5      0.0
  SINCE JUL 1      T                         1.2   -1.2       T
  SNOW DEPTH       0

DEGREE DAYS
 HEATING
  YESTERDAY       22                        29     -7       25
  MONTH TO DATE   86                       114    -28       81
  SINCE DEC 1     86                       114    -28       81
  SINCE JUL 1    991                      1294   -303      963

 COOLING
  YESTERDAY        0                         0      0        0
  MONTH TO DATE    0                         0      0        0
  SINCE DEC 1      0                         0      0        0
  SINCE JAN 1   1223                       757    466     1061
..................................................................


WIND (MPH)
  HIGHEST WIND SPEED    17   HIGHEST WIND DIRECTION     N (350)
  HIGHEST GUST SPEED    23   HIGHEST GUST DIRECTION     N (350)
  AVERAGE WIND SPEED     5.9


SKY COVER
  POSSIBLE SUNSHINE  MM
  AVERAGE SKY COVER 0.4


WEATHER CONDITIONS
 THE FOLLOWING WEATHER WAS RECORDED YESTERDAY.
  NO SIGNIFICANT WEATHER WAS OBSERVED.


RELATIVE HUMIDITY (PERCENT)
 HIGHEST    59           900 PM
 LOWEST     42           100 PM
 AVERAGE    51

..........................................................


THE ALLENTOWN PA CLIMATE NORMALS FOR TODAY
                         NORMAL    RECORD    YEAR
 MAXIMUM TEMPERATURE (F)   44        69      2001
 MINIMUM TEMPERATURE (F)   27        11      1926


SUNRISE AND SUNSET
DECEMBER  5 2016......SUNRISE   711 AM EST   SUNSET   434 PM EST
DECEMBER  6 2016......SUNRISE   711 AM EST   SUNSET   434 PM EST


-  INDICATES NEGATIVE NUMBERS.
R  INDICATES RECORD WAS SET OR TIED.
MM INDICATES DATA IS MISSING.
T  INDICATES TRACE AMOUNT.




$$
