000
CDUS41 KPHI 030636
CLIABE


CLIMATE REPORT
NATIONAL WEATHER SERVICE MOUNT HOLLY NJ
235 AM EDT TUE MAY 3 2016


...................................

...THE ALLENTOWN PA CLIMATE SUMMARY FOR MAY 2 2016...

CLIMATE NORMAL PERIOD 1981 TO 2010
CLIMATE RECORD PERIOD 1922 TO 2016


WEATHER ITEM   OBSERVED TIME   RECORD YEAR NORMAL DEPARTURE LAST
                VALUE   (LST)  VALUE       VALUE  FROM      YEAR
                                                  NORMAL
..................................................................
TEMPERATURE (F)
 YESTERDAY
  MAXIMUM         63    532 PM  90    2001  67     -4       75
  MINIMUM         47    656 AM  30    1925  44      3       42
  AVERAGE         55                        56     -1       59

PRECIPITATION (IN)
  YESTERDAY        0.45          1.55 1985   0.12   0.33     0.00
  MONTH TO DATE    0.69                      0.23   0.46      T
  SINCE MAR 1      3.44                      7.18  -3.74     6.24
  SINCE JAN 1     12.47                     12.91  -0.44    10.79

SNOWFALL (IN)
  YESTERDAY        0.0           0.0    MM   0.0    0.0      0.0
  MONTH TO DATE    0.0                       0.0    0.0      0.0
  SINCE MAR 1      0.3                       5.9   -5.6     17.8
  SINCE JUL 1     36.2                      32.9    3.3     50.1
  SNOW DEPTH       0

DEGREE DAYS
 HEATING
  YESTERDAY       10                        10      0        6
  MONTH TO DATE   26                        20      6       17
  SINCE MAR 1   1031                      1281   -250     1383
  SINCE JUL 1   4488                      5590  -1102     5864

 COOLING
  YESTERDAY        0                         0      0        0
  MONTH TO DATE    0                         0      0        0
  SINCE MAR 1      9                         5      4        0
  SINCE JAN 1      9                         5      4        0
..................................................................


WIND (MPH)
  HIGHEST WIND SPEED    16   HIGHEST WIND DIRECTION     W (260)
  HIGHEST GUST SPEED    20   HIGHEST GUST DIRECTION     W (260)
  AVERAGE WIND SPEED     3.3


SKY COVER
  POSSIBLE SUNSHINE  MM
  AVERAGE SKY COVER 0.9


WEATHER CONDITIONS
 THE FOLLOWING WEATHER WAS RECORDED YESTERDAY.
  HEAVY RAIN
  RAIN
  LIGHT RAIN
  FOG
  HAZE


RELATIVE HUMIDITY (PERCENT)
 HIGHEST    93          1200 AM
 LOWEST     72           500 PM
 AVERAGE    83

..........................................................


THE ALLENTOWN PA CLIMATE NORMALS FOR TODAY
                         NORMAL    RECORD    YEAR
 MAXIMUM TEMPERATURE (F)   68        91      2001
 MINIMUM TEMPERATURE (F)   44        32      2005


SUNRISE AND SUNSET
MAY  3 2016...........SUNRISE   557 AM EDT   SUNSET   800 PM EDT
MAY  4 2016...........SUNRISE   556 AM EDT   SUNSET   801 PM EDT


-  INDICATES NEGATIVE NUMBERS.
R  INDICATES RECORD WAS SET OR TIED.
MM INDICATES DATA IS MISSING.
T  INDICATES TRACE AMOUNT.




$$
