000
CDUS41 KPHI 160640
CLIABE


CLIMATE REPORT
NATIONAL WEATHER SERVICE MOUNT HOLLY NJ
233 AM EDT WED APR 16 2014


...................................

...THE ALLENTOWN PA CLIMATE SUMMARY FOR APRIL 15 2014...

CLIMATE NORMAL PERIOD 1981 TO 2010
CLIMATE RECORD PERIOD 1922 TO 2014


WEATHER ITEM   OBSERVED TIME   RECORD YEAR NORMAL DEPARTURE LAST
                VALUE   (LST)  VALUE       VALUE  FROM      YEAR
                                                  NORMAL
..................................................................
TEMPERATURE (F)
 YESTERDAY
  MAXIMUM         67    946 AM  86    1994  61      6       62
                                      1941
  MINIMUM         34   1159 PM  23    1943  38     -4       45
  AVERAGE         51                        50      1       54

PRECIPITATION (IN)
  YESTERDAY        1.62          2.87 2007   0.12   1.50      T
  MONTH TO DATE    2.62                      1.82   0.80     1.43
  SINCE MAR 1      5.06                      5.21  -0.15     3.72
  SINCE JAN 1     14.05                     10.94   3.11     9.78

SNOWFALL (IN)
  YESTERDAY        0.3 R         T    1978   0.0    0.3      0.0
  MONTH TO DATE    0.3                       0.7   -0.4      0.0
  SINCE MAR 1      1.4                       5.6   -4.2      4.5
  SINCE JUL 1     68.1                      32.6   35.5     21.4
  SNOW DEPTH       0

DEGREE DAYS
 HEATING
  YESTERDAY       14                        15     -1       11
  MONTH TO DATE  218                       266    -48      241
  SINCE MAR 1   1180                      1069    111     1074
  SINCE JUL 1   5778                      5378    400     5029

 COOLING
  YESTERDAY        0                         0      0        0
  MONTH TO DATE    7                         0      7        8
  SINCE MAR 1      7                         0      7        8
  SINCE JAN 1      7                         0      7        8
..................................................................


WIND (MPH)
  HIGHEST WIND SPEED    30   HIGHEST WIND DIRECTION    NW (310)
  HIGHEST GUST SPEED    39   HIGHEST GUST DIRECTION    NW (300)
  AVERAGE WIND SPEED    13.6


SKY COVER
  POSSIBLE SUNSHINE  MM
  AVERAGE SKY COVER 0.9


WEATHER CONDITIONS
 THE FOLLOWING WEATHER WAS RECORDED YESTERDAY.
  HEAVY RAIN
  RAIN
  LIGHT RAIN
  LIGHT SNOW
  FOG
  FOG W/VISIBILITY <= 1/4 MILE
  HAZE


RELATIVE HUMIDITY (PERCENT)
 HIGHEST    93           100 PM
 LOWEST     68          1200 AM
 AVERAGE    81

..........................................................


THE ALLENTOWN PA CLIMATE NORMALS FOR TODAY
                         NORMAL    RECORD    YEAR
 MAXIMUM TEMPERATURE (F)   62        90      2012
 MINIMUM TEMPERATURE (F)   39        23      1943


SUNRISE AND SUNSET
APRIL 16 2014.........SUNRISE   622 AM EDT   SUNSET   742 PM EDT
APRIL 17 2014.........SUNRISE   620 AM EDT   SUNSET   743 PM EDT


-  INDICATES NEGATIVE NUMBERS.
R  INDICATES RECORD WAS SET OR TIED.
MM INDICATES DATA IS MISSING.
T  INDICATES TRACE AMOUNT.




$$
