000
CDUS41 KPHI 240633
CLIABE


CLIMATE REPORT
NATIONAL WEATHER SERVICE MOUNT HOLLY NJ
231 AM EDT SUN MAY 24 2015


...................................

...THE ALLENTOWN PA CLIMATE SUMMARY FOR MAY 23 2015...

CLIMATE NORMAL PERIOD 1981 TO 2010
CLIMATE RECORD PERIOD 1922 TO 2015


WEATHER ITEM   OBSERVED TIME   RECORD YEAR NORMAL DEPARTURE LAST
                VALUE   (LST)  VALUE       VALUE  FROM      YEAR
                                                  NORMAL
..................................................................
TEMPERATURE (F)
 YESTERDAY
  MAXIMUM         71    424 PM  95    1925  74     -3       72
  MINIMUM         43    519 AM  37    2002  51     -8       52
  AVERAGE         57                        62     -5       62

PRECIPITATION (IN)
  YESTERDAY        0.00          2.40 1942   0.15  -0.15     0.38
  MONTH TO DATE    0.09                      3.00  -2.91     4.20
  SINCE MAR 1      6.33                      9.95  -3.62    13.24
  SINCE JAN 1     10.88                     15.68  -4.80    22.23

SNOWFALL (IN)
  YESTERDAY        0.0           0.0    MM   0.0    0.0      0.0
  MONTH TO DATE    0.0                       0.0    0.0      0.0
  SINCE MAR 1     17.8                       5.9   11.9      1.4
  SINCE JUL 1     50.1                      32.9   17.2     68.1
  SNOW DEPTH       0

DEGREE DAYS
 HEATING
  YESTERDAY        8                         5      3        3
  MONTH TO DATE   77                       168    -91      118
  SINCE MAR 1   1443                      1429     14     1542
  SINCE JUL 1   5924                      5738    186     6140

 COOLING
  YESTERDAY        0                         2     -2        0
  MONTH TO DATE   61                        20     41       19
  SINCE MAR 1     61                        25     36       26
  SINCE JAN 1     61                        25     36       26
..................................................................


WIND (MPH)
  HIGHEST WIND SPEED    15   HIGHEST WIND DIRECTION     N (340)
  HIGHEST GUST SPEED    21   HIGHEST GUST DIRECTION     N (340)
  AVERAGE WIND SPEED     6.3


SKY COVER
  POSSIBLE SUNSHINE  MM
  AVERAGE SKY COVER 0.0


WEATHER CONDITIONS
 THE FOLLOWING WEATHER WAS RECORDED YESTERDAY.
  NO SIGNIFICANT WEATHER WAS OBSERVED.


RELATIVE HUMIDITY (PERCENT)
 HIGHEST    56          1100 PM
 LOWEST     17           600 PM
 AVERAGE    37

..........................................................


THE ALLENTOWN PA CLIMATE NORMALS FOR TODAY
                         NORMAL    RECORD    YEAR
 MAXIMUM TEMPERATURE (F)   74        90      1936
 MINIMUM TEMPERATURE (F)   51        33      1926


SUNRISE AND SUNSET
MAY 24 2015...........SUNRISE   538 AM EDT   SUNSET   820 PM EDT
MAY 25 2015...........SUNRISE   537 AM EDT   SUNSET   821 PM EDT


-  INDICATES NEGATIVE NUMBERS.
R  INDICATES RECORD WAS SET OR TIED.
MM INDICATES DATA IS MISSING.
T  INDICATES TRACE AMOUNT.




$$
