000
CDUS41 KPHI 270640
CLIABE


CLIMATE REPORT
NATIONAL WEATHER SERVICE MOUNT HOLLY NJ
140 AM EST TUE JAN 27 2015


...................................

...THE ALLENTOWN PA CLIMATE SUMMARY FOR JANUARY 26 2015...

CLIMATE NORMAL PERIOD 1981 TO 2010
CLIMATE RECORD PERIOD 1922 TO 2015


WEATHER ITEM   OBSERVED TIME   RECORD YEAR NORMAL DEPARTURE LAST
                VALUE   (LST)  VALUE       VALUE  FROM      YEAR
                                                  NORMAL
..................................................................
TEMPERATURE (F)
 YESTERDAY
  MAXIMUM         29   1224 AM  72    1950  36     -7       24
  MINIMUM         19   1114 AM  -3    1948  19      0       13
  AVERAGE         24                        28     -4       19

PRECIPITATION (IN)
  YESTERDAY        0.13          1.63 1976   0.10   0.03     0.01
  MONTH TO DATE    2.66                      2.53   0.13     4.54
  SINCE DEC 1      6.31                      6.11   0.20     8.58
  SINCE JAN 1      2.66                      2.53   0.13     4.54

SNOWFALL (IN)
  YESTERDAY        1.9          11.3  2011   0.3    1.6       T
  MONTH TO DATE   12.4                       8.1    4.3     16.5
  SINCE DEC 1     13.0                      13.3   -0.3     30.2
  SINCE JUL 1     18.7                      14.0    4.7     30.2
  SNOW DEPTH       5

DEGREE DAYS
 HEATING
  YESTERDAY       41                        37      4       46
  MONTH TO DATE  987                       970     17     1068
  SINCE DEC 1   1847                      1985   -138     2091
  SINCE JUL 1   2982                      3165   -183     3250

 COOLING
  YESTERDAY        0                         0      0        0
  MONTH TO DATE    0                         0      0        0
  SINCE DEC 1      0                         0      0        0
  SINCE JAN 1      0                         0      0        0
..................................................................


WIND (MPH)
  HIGHEST WIND SPEED    24   HIGHEST WIND DIRECTION    NE (60)
  HIGHEST GUST SPEED    29   HIGHEST GUST DIRECTION     E (70)
  AVERAGE WIND SPEED    15.5


SKY COVER
  POSSIBLE SUNSHINE  MM
  AVERAGE SKY COVER 1.0


WEATHER CONDITIONS
 THE FOLLOWING WEATHER WAS RECORDED YESTERDAY.
  LIGHT SNOW
  HAZE


RELATIVE HUMIDITY (PERCENT)
 HIGHEST    84           500 AM
 LOWEST     55           100 AM
 AVERAGE    70

..........................................................


THE ALLENTOWN PA CLIMATE NORMALS FOR TODAY
                         NORMAL    RECORD    YEAR
 MAXIMUM TEMPERATURE (F)   36        66      1974
 MINIMUM TEMPERATURE (F)   20        -5      1994


SUNRISE AND SUNSET
JANUARY 27 2015.......SUNRISE   716 AM EST   SUNSET   513 PM EST
JANUARY 28 2015.......SUNRISE   715 AM EST   SUNSET   514 PM EST


-  INDICATES NEGATIVE NUMBERS.
R  INDICATES RECORD WAS SET OR TIED.
MM INDICATES DATA IS MISSING.
T  INDICATES TRACE AMOUNT.




$$
