000
CDUS41 KPHI 270628
CLIABE


CLIMATE REPORT
NATIONAL WEATHER SERVICE MOUNT HOLLY NJ
227 AM EDT THU APR 27 2017


...................................

...THE ALLENTOWN PA CLIMATE SUMMARY FOR APRIL 26 2017...

CLIMATE NORMAL PERIOD 1981 TO 2010
CLIMATE RECORD PERIOD 1922 TO 2017


WEATHER ITEM   OBSERVED TIME   RECORD YEAR NORMAL DEPARTURE LAST
                VALUE   (LST)  VALUE       VALUE  FROM      YEAR
                                                  NORMAL
..................................................................
TEMPERATURE (F)
 YESTERDAY
  MAXIMUM         71    549 PM  92    1990  65      6       81
  MINIMUM         53    411 AM  30    2001  42     11       51
                                      1967
                                      1934
  AVERAGE         62                        54      8       66

PRECIPITATION (IN)
  YESTERDAY        0.09          2.08 1929   0.12  -0.03     0.21
  MONTH TO DATE    2.56                      3.09  -0.53     1.60
  SINCE MAR 1      7.82                      6.48   1.34     2.56
  SINCE JAN 1     12.91                     12.21   0.70    11.59

SNOWFALL (IN)
  YESTERDAY        0.0           0.0    MM   0.0    0.0      0.0
  MONTH TO DATE    0.0                       1.0   -1.0       T
  SINCE MAR 1     18.3                       5.9   12.4      0.3
  SINCE JUL 1     28.3                      32.9   -4.6     36.2
  SNOW DEPTH       0

DEGREE DAYS
 HEATING
  YESTERDAY        3                        12     -9        0
  MONTH TO DATE  253                       413   -160      378
  SINCE MAR 1   1088                      1216   -128      948
  SINCE JUL 1   4590                      5525   -935     4405

 COOLING
  YESTERDAY        0                         0      0        1
  MONTH TO DATE    2                         0      2        7
  SINCE MAR 1      2                         0      2        9
  SINCE JAN 1      2                         0      2        9
..................................................................


WIND (MPH)
  HIGHEST WIND SPEED    17   HIGHEST WIND DIRECTION    NE (60)
  HIGHEST GUST SPEED    22   HIGHEST GUST DIRECTION    NE (50)
  AVERAGE WIND SPEED     7.7


SKY COVER
  POSSIBLE SUNSHINE  MM
  AVERAGE SKY COVER 0.8


WEATHER CONDITIONS
 THE FOLLOWING WEATHER WAS RECORDED YESTERDAY.
  LIGHT RAIN
  FOG


RELATIVE HUMIDITY (PERCENT)
 HIGHEST    89           200 AM
 LOWEST     61           500 PM
 AVERAGE    75

..........................................................


THE ALLENTOWN PA CLIMATE NORMALS FOR TODAY
                         NORMAL    RECORD    YEAR
 MAXIMUM TEMPERATURE (F)   66        92      1990
 MINIMUM TEMPERATURE (F)   42        30      1933


SUNRISE AND SUNSET
APRIL 27 2017.........SUNRISE   605 AM EDT   SUNSET   754 PM EDT
APRIL 28 2017.........SUNRISE   604 AM EDT   SUNSET   755 PM EDT


-  INDICATES NEGATIVE NUMBERS.
R  INDICATES RECORD WAS SET OR TIED.
MM INDICATES DATA IS MISSING.
T  INDICATES TRACE AMOUNT.




$$
