000
CDUS41 KPHI 232128
CLIABE


CLIMATE REPORT
NATIONAL WEATHER SERVICE MOUNT HOLLY NJ
426 PM EST SUN NOV 23 2014


...................................

...THE ALLENTOWN PA CLIMATE SUMMARY FOR NOVEMBER 23 2014...
VALID TODAY AS OF 0400 PM LOCAL TIME.

CLIMATE NORMAL PERIOD 1981 TO 2010
CLIMATE RECORD PERIOD 1922 TO 2014


WEATHER ITEM   OBSERVED TIME   RECORD YEAR NORMAL DEPARTURE LAST
                VALUE   (LST)  VALUE       VALUE  FROM      YEAR
                                                  NORMAL
..................................................................
TEMPERATURE (F)
 TODAY
  MAXIMUM         59    326 PM  72    1931  49     10       53
  MINIMUM         33    646 AM  16    2000  31      2       27
                                      1964
  AVERAGE         46                        40      6       40

PRECIPITATION (IN)
  TODAY            0.00          1.27 1992   0.13  -0.13      T
  MONTH TO DATE    1.54                      2.60  -1.06     0.67
  SINCE SEP 1      5.50                     11.10  -5.60     5.16
  SINCE JAN 1     39.49                     40.87  -1.38    40.00

SNOWFALL (IN)
  TODAY            0.0           2.5  1989   0.0    0.0       T
  MONTH TO DATE    0.5                       0.3    0.2       T
  SINCE SEP 1      0.5                       0.3    0.2       T
  SINCE JUL 1      0.5                       0.3    0.2       T
  SNOW DEPTH       0

DEGREE DAYS
 HEATING
  TODAY           19                        25     -6       25
  MONTH TO DATE  572                       484     88      484
  SINCE SEP 1    937                       984    -47      912
  SINCE JUL 1    941                       995    -54      916

 COOLING
  TODAY            0                         0      0        0
  MONTH TO DATE    0                         0      0        0
  SINCE SEP 1    120                        78     42      102
  SINCE JAN 1    807                       757     50      927
..................................................................


WIND (MPH)
  HIGHEST WIND SPEED    10   HIGHEST WIND DIRECTION     S (160)
  HIGHEST GUST SPEED    12   HIGHEST GUST DIRECTION     S (170)
  AVERAGE WIND SPEED     1.8


SKY COVER
  POSSIBLE SUNSHINE  MM
  AVERAGE SKY COVER 0.5


WEATHER CONDITIONS
 THE FOLLOWING WEATHER WAS RECORDED TODAY.
  NO SIGNIFICANT WEATHER WAS OBSERVED.


RELATIVE HUMIDITY (PERCENT)
 HIGHEST    69           700 AM
 LOWEST     24           200 PM
 AVERAGE    47

..........................................................


THE ALLENTOWN PA CLIMATE NORMALS FOR TOMORROW
                         NORMAL    RECORD    YEAR
 MAXIMUM TEMPERATURE (F)   49        69      1931
 MINIMUM TEMPERATURE (F)   31        16      2000


SUNRISE AND SUNSET
NOVEMBER 23 2014......SUNRISE   658 AM EST   SUNSET   438 PM EST
NOVEMBER 24 2014......SUNRISE   659 AM EST   SUNSET   438 PM EST


-  INDICATES NEGATIVE NUMBERS.
R  INDICATES RECORD WAS SET OR TIED.
MM INDICATES DATA IS MISSING.
T  INDICATES TRACE AMOUNT.




$$
