000
CDUS44 KSJT 192328
CLIABI


CLIMATE REPORT
NATIONAL WEATHER SERVICE SAN ANGELO TX
527 PM CST SUN NOV 19 2017


...................................

...THE ABILENE CLIMATE SUMMARY FOR NOVEMBER 19 2017...
VALID TODAY AS OF 0500 PM LOCAL TIME.

CLIMATE NORMAL PERIOD 1981 TO 2010
CLIMATE RECORD PERIOD 1886 TO 2017


WEATHER ITEM   OBSERVED TIME   RECORD YEAR NORMAL DEPARTURE LAST
                VALUE   (LST)  VALUE       VALUE  FROM      YEAR
                                                  NORMAL
..................................................................
TEMPERATURE (F)
 TODAY
  MAXIMUM         59    347 PM  85    1996  65     -6       58
                                      1950
  MINIMUM         28    622 AM  22    1937  41    -13       31
  AVERAGE         44                        53     -9       45

PRECIPITATION (IN)
  TODAY            0.00          1.65 1963   0.04  -0.04     0.00
  MONTH TO DATE    0.90                      0.99  -0.09     2.47
  SINCE SEP 1      5.44                      6.21  -0.77     8.46
  SINCE JAN 1     19.89                     23.17  -3.28    35.57

SNOWFALL (IN)
  TODAY            0.0           T    1962   0.0    0.0      0.0
  MONTH TO DATE    0.0                       0.3   -0.3      0.0
  SINCE NOV 1      0.0                       0.3   -0.3      0.0
  SINCE JUL 1      T                         0.3   -0.3      0.0

DEGREE DAYS
 HEATING
  TODAY           21                        12      9       20
  MONTH TO DATE  144                       169    -25       81
  SINCE SEP 1    287                       273     14      100
  SINCE JUL 1    287                       273     14      100

 COOLING
  TODAY            0                         0      0        0
  MONTH TO DATE   37                        15     22       31
  SINCE SEP 1    508                       459     49      602
  SINCE JAN 1   2424                      2404     20     2601
..................................................................


WIND (MPH)
  HIGHEST WIND SPEED    12   HIGHEST WIND DIRECTION     S (200)
  HIGHEST GUST SPEED    15   HIGHEST GUST DIRECTION     S (200)
  AVERAGE WIND SPEED     3.3


SKY COVER
  POSSIBLE SUNSHINE  MM
  AVERAGE SKY COVER 0.0


WEATHER CONDITIONS
 THE FOLLOWING WEATHER WAS RECORDED TODAY.
  NO SIGNIFICANT WEATHER WAS OBSERVED.


RELATIVE HUMIDITY (PERCENT)
 HIGHEST   100           700 AM
 LOWEST     27           100 PM
 AVERAGE    64

..........................................................


THE ABILENE CLIMATE NORMALS FOR TOMORROW
                         NORMAL    RECORD    YEAR
 MAXIMUM TEMPERATURE (F)   64        89      1996
 MINIMUM TEMPERATURE (F)   41        22      1937


SUNRISE AND SUNSET
NOVEMBER 19 2017......SUNRISE   712 AM CST   SUNSET   536 PM CST
NOVEMBER 20 2017......SUNRISE   713 AM CST   SUNSET   536 PM CST


-  INDICATES NEGATIVE NUMBERS.
R  INDICATES RECORD WAS SET OR TIED.
MM INDICATES DATA IS MISSING.
T  INDICATES TRACE AMOUNT.




$$
