343
CDUS44 KSJT 070721
CLIABI


CLIMATE REPORT
NATIONAL WEATHER SERVICE SAN ANGELO TX
121 AM CST WED DEC 7 2016


...................................

...THE ABILENE CLIMATE SUMMARY FOR DECEMBER 6 2016...

CLIMATE NORMAL PERIOD 1981 TO 2010
CLIMATE RECORD PERIOD 1886 TO 2016


WEATHER ITEM   OBSERVED TIME   RECORD YEAR NORMAL DEPARTURE LAST
                VALUE   (LST)  VALUE       VALUE  FROM      YEAR
                                                  NORMAL
..................................................................
TEMPERATURE (F)
 YESTERDAY
  MAXIMUM         50    417 AM  82    1966  58     -8       62
                                      1939
  MINIMUM         37   1159 PM  10    1950  35      2       37
  AVERAGE         44                        47     -3       50

PRECIPITATION (IN)
  YESTERDAY        0.01          4.04 1926   0.04  -0.03     0.00
  MONTH TO DATE    1.33                      0.23   1.10     0.00
  SINCE DEC 1      1.33                      0.23   1.10     0.00
  SINCE JAN 1     36.94                     23.82  13.12    38.21

SNOWFALL (IN)
  YESTERDAY        0.0           2.0  1969   0.0    0.0      0.0
  MONTH TO DATE    0.0                       0.1   -0.1      0.0
  SINCE NOV 1      0.0                       0.8   -0.8       T
  SINCE JUL 1      0.0                       0.8   -0.8       T

DEGREE DAYS
 HEATING
  YESTERDAY       21                        18      3       15
  MONTH TO DATE  106                       105      1      100
  SINCE DEC 1    106                       105      1      100
  SINCE JUL 1    297                       538   -241      443

 COOLING
  YESTERDAY        0                         0      0        0
  MONTH TO DATE    0                         0      0        0
  SINCE DEC 1      0                         0      0        0
  SINCE JAN 1   2601                      2408    193     2739
..................................................................


WIND (MPH)
  HIGHEST WIND SPEED    32   HIGHEST WIND DIRECTION    NW (330)
  HIGHEST GUST SPEED    42   HIGHEST GUST DIRECTION    NW (320)
  AVERAGE WIND SPEED    11.5


SKY COVER
  POSSIBLE SUNSHINE  MM
  AVERAGE SKY COVER 0.5


WEATHER CONDITIONS
 THE FOLLOWING WEATHER WAS RECORDED YESTERDAY.
  LIGHT RAIN
  FOG


RELATIVE HUMIDITY (PERCENT)
 HIGHEST   100           700 AM
 LOWEST     56           400 AM
 AVERAGE    78

..........................................................


THE ABILENE CLIMATE NORMALS FOR TODAY
                         NORMAL    RECORD    YEAR
 MAXIMUM TEMPERATURE (F)   58        83      1966
 MINIMUM TEMPERATURE (F)   35        14      2013


SUNRISE AND SUNSET
DECEMBER  7 2016......SUNRISE   728 AM CST   SUNSET   533 PM CST
DECEMBER  8 2016......SUNRISE   728 AM CST   SUNSET   533 PM CST


-  INDICATES NEGATIVE NUMBERS.
R  INDICATES RECORD WAS SET OR TIED.
MM INDICATES DATA IS MISSING.
T  INDICATES TRACE AMOUNT.




$$
