000
CDUS44 KSJT 062240
CLIABI


CLIMATE REPORT
NATIONAL WEATHER SERVICE SAN ANGELO TX
539 PM CDT FRI MAY 6 2016


...................................

...THE ABILENE CLIMATE SUMMARY FOR MAY 6 2016...
VALID TODAY AS OF 0500 PM LOCAL TIME.

CLIMATE NORMAL PERIOD 1981 TO 2010
CLIMATE RECORD PERIOD 1886 TO 2016


WEATHER ITEM   OBSERVED TIME   RECORD YEAR NORMAL DEPARTURE LAST
                VALUE   (LST)  VALUE       VALUE  FROM      YEAR
                                                  NORMAL
..................................................................
TEMPERATURE (F)
 TODAY
  MAXIMUM         84    359 PM 106    2000  82      2       88
  MINIMUM         57    455 AM  41    1999  58     -1       67
  AVERAGE         71                        70      1       78

PRECIPITATION (IN)
  TODAY            0.00          4.22 1932   0.09  -0.09     0.00
  MONTH TO DATE    0.51                      0.52  -0.01      T
  SINCE MAR 1      9.06                      3.90   5.16     3.78
  SINCE JAN 1      9.78                      6.28   3.50     7.29

DEGREE DAYS
 HEATING
  TODAY            0                         1     -1        0
  MONTH TO DATE   17                         6     11        0
  SINCE MAR 1    284                       415   -131      389
  SINCE JUL 1   2038                      2548   -510     2466

 COOLING
  TODAY            6                         6      0       13
  MONTH TO DATE   11                        35    -24       39
  SINCE MAR 1     92                       163    -71      206
  SINCE JAN 1    106                       168    -62      210
..................................................................


WIND (MPH)
  HIGHEST WIND SPEED    23   HIGHEST WIND DIRECTION    SE (120)
  HIGHEST GUST SPEED    27   HIGHEST GUST DIRECTION    SE (120)
  AVERAGE WIND SPEED    11.7


SKY COVER
  POSSIBLE SUNSHINE  MM
  AVERAGE SKY COVER 0.0


WEATHER CONDITIONS
 THE FOLLOWING WEATHER WAS RECORDED TODAY.
  NO SIGNIFICANT WEATHER WAS OBSERVED.


RELATIVE HUMIDITY (PERCENT)
 HIGHEST    84           100 AM
 LOWEST     31           400 PM
 AVERAGE    58

..........................................................


THE ABILENE CLIMATE NORMALS FOR TOMORROW
                         NORMAL    RECORD    YEAR
 MAXIMUM TEMPERATURE (F)   83       106      2000
 MINIMUM TEMPERATURE (F)   59        37      1906


SUNRISE AND SUNSET
MAY  6 2016...........SUNRISE   647 AM CDT   SUNSET   824 PM CDT
MAY  7 2016...........SUNRISE   646 AM CDT   SUNSET   825 PM CDT


-  INDICATES NEGATIVE NUMBERS.
R  INDICATES RECORD WAS SET OR TIED.
MM INDICATES DATA IS MISSING.
T  INDICATES TRACE AMOUNT.




$$
