000
CDUS44 KSJT 220803
CLIABI


CLIMATE REPORT
NATIONAL WEATHER SERVICE SAN ANGELO TX
303 AM CDT FRI SEP 22 2017


...................................

...THE ABILENE CLIMATE SUMMARY FOR SEPTEMBER 21 2017...

CLIMATE NORMAL PERIOD 1981 TO 2010
CLIMATE RECORD PERIOD 1886 TO 2017


WEATHER ITEM   OBSERVED TIME   RECORD YEAR NORMAL DEPARTURE LAST
                VALUE   (LST)  VALUE       VALUE  FROM      YEAR
                                                  NORMAL
..................................................................
TEMPERATURE (F)
 YESTERDAY
  MAXIMUM         96    416 PM 101    1998  85     11       91
  MINIMUM         75    724 AM  42    1983  62     13       68
  AVERAGE         86                        74     12       80

PRECIPITATION (IN)
  YESTERDAY        0.00          1.72 1900   0.07  -0.07     0.00
  MONTH TO DATE    T                         1.58  -1.58     2.94
  SINCE SEP 1      T                         1.58  -1.58     2.94
  SINCE JAN 1     14.45                     18.54  -4.09    30.05

DEGREE DAYS
 HEATING
  YESTERDAY        0                         1     -1        0
  MONTH TO DATE    0                         2     -2        0
  SINCE SEP 1      0                         2     -2        0
  SINCE JUL 1      0                         2     -2        0

 COOLING
  YESTERDAY       21                         9     12       15
  MONTH TO DATE  273                       256     17      301
  SINCE SEP 1    273                       256     17      301
  SINCE JAN 1   2189                      2201    -12     2300
..................................................................


WIND (MPH)
  HIGHEST WIND SPEED    22   HIGHEST WIND DIRECTION     S (190)
  HIGHEST GUST SPEED    28   HIGHEST GUST DIRECTION    SE (140)
  AVERAGE WIND SPEED    14.2


SKY COVER
  POSSIBLE SUNSHINE  MM
  AVERAGE SKY COVER 0.1


WEATHER CONDITIONS
 THE FOLLOWING WEATHER WAS RECORDED YESTERDAY.
  NO SIGNIFICANT WEATHER WAS OBSERVED.


RELATIVE HUMIDITY (PERCENT)
 HIGHEST    87           600 AM
 LOWEST     35           300 PM
 AVERAGE    61

..........................................................


THE ABILENE CLIMATE NORMALS FOR TODAY
                         NORMAL    RECORD    YEAR
 MAXIMUM TEMPERATURE (F)   85        99      2000
                                             1926
 MINIMUM TEMPERATURE (F)   62        44      1995


SUNRISE AND SUNSET
SEPTEMBER 22 2017.....SUNRISE   727 AM CDT   SUNSET   735 PM CDT
SEPTEMBER 23 2017.....SUNRISE   728 AM CDT   SUNSET   734 PM CDT


-  INDICATES NEGATIVE NUMBERS.
R  INDICATES RECORD WAS SET OR TIED.
MM INDICATES DATA IS MISSING.
T  INDICATES TRACE AMOUNT.




$$
