000
CDUS44 KSJT 210751
CLIABI


CLIMATE REPORT
NATIONAL WEATHER SERVICE SAN ANGELO TX
151 AM CST SUN JAN 21 2018


...................................

...THE ABILENE CLIMATE SUMMARY FOR JANUARY 20 2018...

CLIMATE NORMAL PERIOD 1981 TO 2010
CLIMATE RECORD PERIOD 1886 TO 2018


WEATHER ITEM   OBSERVED TIME   RECORD YEAR NORMAL DEPARTURE LAST
                VALUE   (LST)  VALUE       VALUE  FROM      YEAR
                                                  NORMAL
..................................................................
TEMPERATURE (F)
 YESTERDAY
  MAXIMUM         75    430 PM  82    2012  57     18       70
                                      1999
  MINIMUM         40    644 AM  10    1985  33      7       46
  AVERAGE         58                        45     13       58

PRECIPITATION (IN)
  YESTERDAY        0.00          1.35 1968   0.04  -0.04     0.00
  MONTH TO DATE    T                         0.60  -0.60     1.93
  SINCE DEC 1      1.05                      1.83  -0.78     3.32
  SINCE JAN 1      T                         0.60  -0.60     1.93

SNOWFALL (IN)
  YESTERDAY        0.0           3.7  1958   0.0    0.0      0.0
  MONTH TO DATE    T                         1.0   -1.0       T
  SINCE NOV 1      T                         2.8   -2.8       T
  SINCE JUL 1      T                         2.8   -2.8       T

DEGREE DAYS
 HEATING
  YESTERDAY        7                        20    -13        7
  MONTH TO DATE  504                       410     94      378
  SINCE DEC 1   1133                      1022    111      944
  SINCE JUL 1   1528                      1455     73     1135

 COOLING
  YESTERDAY        0                         0      0        0
  MONTH TO DATE    0                         0      0        3
  SINCE DEC 1      1                         1      0        3
  SINCE JAN 1      0                         0      0        3
..................................................................


WIND (MPH)
  HIGHEST WIND SPEED    24   HIGHEST WIND DIRECTION     S (200)
  HIGHEST GUST SPEED    30   HIGHEST GUST DIRECTION     S (200)
  AVERAGE WIND SPEED    15.0


SKY COVER
  POSSIBLE SUNSHINE  MM
  AVERAGE SKY COVER 0.0


WEATHER CONDITIONS
 THE FOLLOWING WEATHER WAS RECORDED YESTERDAY.
  NO SIGNIFICANT WEATHER WAS OBSERVED.


RELATIVE HUMIDITY (PERCENT)
 HIGHEST   100           200 AM
 LOWEST     22           500 PM
 AVERAGE    61

..........................................................


THE ABILENE CLIMATE NORMALS FOR TODAY
                         NORMAL    RECORD    YEAR
 MAXIMUM TEMPERATURE (F)   57        83      1974
 MINIMUM TEMPERATURE (F)   33         4      1888


SUNRISE AND SUNSET
JANUARY 21 2018.......SUNRISE   739 AM CST   SUNSET   602 PM CST
JANUARY 22 2018.......SUNRISE   738 AM CST   SUNSET   603 PM CST


-  INDICATES NEGATIVE NUMBERS.
R  INDICATES RECORD WAS SET OR TIED.
MM INDICATES DATA IS MISSING.
T  INDICATES TRACE AMOUNT.




$$
