000
CDUS44 KSJT 212330
CLIABI


CLIMATE REPORT
NATIONAL WEATHER SERVICE SAN ANGELO TX
528 PM CST SAT JAN 21 2017


...................................

...THE ABILENE CLIMATE SUMMARY FOR JANUARY 21 2017...
VALID TODAY AS OF 0500 PM LOCAL TIME.

CLIMATE NORMAL PERIOD 1981 TO 2010
CLIMATE RECORD PERIOD 1886 TO 2017


WEATHER ITEM   OBSERVED TIME   RECORD YEAR NORMAL DEPARTURE LAST
                VALUE   (LST)  VALUE       VALUE  FROM      YEAR
                                                  NORMAL
..................................................................
TEMPERATURE (F)
 TODAY
  MAXIMUM         69    219 PM  83    1974  57     12       56
  MINIMUM         43    233 AM   4    1888  33     10       32
  AVERAGE         56                        45     11       44

PRECIPITATION (IN)
  TODAY            0.00          1.02 1904   0.04  -0.04      T
  MONTH TO DATE    1.93                      0.64   1.29     0.04
  SINCE DEC 1      3.32                      1.87   1.45     2.24
  SINCE JAN 1      1.93                      0.64   1.29     0.04

SNOWFALL (IN)
  TODAY            0.0           6.6  1983   0.1   -0.1      0.0
  MONTH TO DATE    T                         1.1   -1.1       T
  SINCE NOV 1      T                         2.9   -2.9      5.1
  SINCE JUL 1      T                         2.9   -2.9      5.1

DEGREE DAYS
 HEATING
  TODAY            9                        20    -11       21
  MONTH TO DATE  387                       430    -43      445
  SINCE DEC 1    953                      1042    -89      921
  SINCE JUL 1   1144                      1475   -331     1264

 COOLING
  TODAY            0                         0      0        0
  MONTH TO DATE    3                         0      3        0
  SINCE DEC 1      3                         1      2        0
  SINCE JAN 1      3                         0      3        0
..................................................................


WIND (MPH)
  HIGHEST WIND SPEED    32   HIGHEST WIND DIRECTION     W (250)
  HIGHEST GUST SPEED    41   HIGHEST GUST DIRECTION     W (260)
  AVERAGE WIND SPEED     9.0


SKY COVER
  POSSIBLE SUNSHINE  MM
  AVERAGE SKY COVER 0.4


WEATHER CONDITIONS
 THE FOLLOWING WEATHER WAS RECORDED TODAY.
  NO SIGNIFICANT WEATHER WAS OBSERVED.


RELATIVE HUMIDITY (PERCENT)
 HIGHEST    76           700 AM
 LOWEST     30           400 PM
 AVERAGE    53

..........................................................


THE ABILENE CLIMATE NORMALS FOR TOMORROW
                         NORMAL    RECORD    YEAR
 MAXIMUM TEMPERATURE (F)   57        85      2010
 MINIMUM TEMPERATURE (F)   33         6      1930


SUNRISE AND SUNSET
JANUARY 21 2017.......SUNRISE   739 AM CST   SUNSET   602 PM CST
JANUARY 22 2017.......SUNRISE   738 AM CST   SUNSET   603 PM CST


-  INDICATES NEGATIVE NUMBERS.
R  INDICATES RECORD WAS SET OR TIED.
MM INDICATES DATA IS MISSING.
T  INDICATES TRACE AMOUNT.




$$
