000
CDUS44 KSJT 302226
CLIABI


CLIMATE REPORT
NATIONAL WEATHER SERVICE SAN ANGELO TX
525 PM CDT THU OCT 30 2014


...................................

...THE ABILENE CLIMATE SUMMARY FOR OCTOBER 30 2014...
VALID TODAY AS OF 0500 PM LOCAL TIME.

CLIMATE NORMAL PERIOD 1981 TO 2010
CLIMATE RECORD PERIOD 1886 TO 2014


WEATHER ITEM   OBSERVED TIME   RECORD YEAR NORMAL DEPARTURE LAST
                VALUE   (LST)  VALUE       VALUE  FROM      YEAR
                                                  NORMAL
..................................................................
TEMPERATURE (F)
 TODAY
  MAXIMUM         85    338 PM  89    1968  73     12       74
  MINIMUM         57    721 AM  23    1917  50      7       70
  AVERAGE         71                        61     10       72

PRECIPITATION (IN)
  TODAY            0.00          1.35 1974   0.08  -0.08     0.00
  MONTH TO DATE    0.78                      2.90  -2.12     1.40
  SINCE SEP 1      1.55                      5.14  -3.59     4.58
  SINCE JAN 1     12.05                     22.10 -10.05    20.91

SNOWFALL (IN)
  TODAY            0.0           0.0  2002   0.0    0.0      0.0
  MONTH TO DATE    0.0                       0.0    0.0      0.0
  SINCE NOV 1      3.1                       4.7   -1.6      1.1
  SINCE JUL 1      0.0                       0.0    0.0      0.0

DEGREE DAYS
 HEATING
  TODAY            0                         6     -6        0
  MONTH TO DATE   15                        87    -72       76
  SINCE SEP 1     20                        98    -78       76
  SINCE JUL 1     20                        98    -78       76

 COOLING
  TODAY            6                         2      4        7
  MONTH TO DATE  228                       115    113      140
  SINCE SEP 1    626                       441    185      555
  SINCE JAN 1   2810                      2386    424     2709
..................................................................


WIND (MPH)
  HIGHEST WIND SPEED    15   HIGHEST WIND DIRECTION    SW (220)
  HIGHEST GUST SPEED    19   HIGHEST GUST DIRECTION     S (200)
  AVERAGE WIND SPEED     8.0


SKY COVER
  POSSIBLE SUNSHINE  MM
  AVERAGE SKY COVER 0.1


WEATHER CONDITIONS
 THE FOLLOWING WEATHER WAS RECORDED TODAY.
  NO SIGNIFICANT WEATHER WAS OBSERVED.


RELATIVE HUMIDITY (PERCENT)
 HIGHEST    80           700 AM
 LOWEST     40           400 PM
 AVERAGE    60

..........................................................


THE ABILENE CLIMATE NORMALS FOR TOMORROW
                         NORMAL    RECORD    YEAR
 MAXIMUM TEMPERATURE (F)   73        91      1934
 MINIMUM TEMPERATURE (F)   50        23      1993


SUNRISE AND SUNSET
OCTOBER 30 2014.......SUNRISE   754 AM CDT   SUNSET   650 PM CDT
OCTOBER 31 2014.......SUNRISE   755 AM CDT   SUNSET   649 PM CDT


-  INDICATES NEGATIVE NUMBERS.
R  INDICATES RECORD WAS SET OR TIED.
MM INDICATES DATA IS MISSING.
T  INDICATES TRACE AMOUNT.




$$
