000
CDUS44 KSJT 200753
CLIABI


CLIMATE REPORT
NATIONAL WEATHER SERVICE SAN ANGELO TX
151 AM CST MON FEB 20 2017


...................................

...THE ABILENE CLIMATE SUMMARY FOR FEBRUARY 19 2017...

CLIMATE NORMAL PERIOD 1981 TO 2010
CLIMATE RECORD PERIOD 1886 TO 2017


WEATHER ITEM   OBSERVED TIME   RECORD YEAR NORMAL DEPARTURE LAST
                VALUE   (LST)  VALUE       VALUE  FROM      YEAR
                                                  NORMAL
..................................................................
TEMPERATURE (F)
 YESTERDAY
  MAXIMUM         73    424 PM  88    1986  61     12       83
  MINIMUM         50    100 AM  19    2006  38     12       60
                                      1936
                                      1903
  AVERAGE         62                        49     13       72

PRECIPITATION (IN)
  YESTERDAY        0.34          0.54 1941   0.05   0.29     0.00
  MONTH TO DATE    1.44                      0.90   0.54     0.00
  SINCE DEC 1      4.76                      3.15   1.61     2.24
  SINCE JAN 1      3.37                      1.92   1.45     0.04

SNOWFALL (IN)
  YESTERDAY        0.0           1.5  1959   0.1   -0.1      0.0
  MONTH TO DATE    0.0                       0.6   -0.6      0.0
  SINCE NOV 1      T                         3.9   -3.9      5.1
  SINCE JUL 1      T                         3.9   -3.9      5.1

DEGREE DAYS
 HEATING
  YESTERDAY        3                        16    -13        0
  MONTH TO DATE  221                       333   -112      242
  SINCE DEC 1   1335                      1569   -234     1306
  SINCE JUL 1   1526                      2002   -476     1649

 COOLING
  YESTERDAY        0                         0      0        7
  MONTH TO DATE   14                         0     14        9
  SINCE DEC 1     17                         2     15        9
  SINCE JAN 1     17                         1     16        9
..................................................................


WIND (MPH)
  HIGHEST WIND SPEED    26   HIGHEST WIND DIRECTION     S (170)
  HIGHEST GUST SPEED    32   HIGHEST GUST DIRECTION     S (160)
  AVERAGE WIND SPEED    11.4


SKY COVER
  POSSIBLE SUNSHINE  MM
  AVERAGE SKY COVER 0.5


WEATHER CONDITIONS
 THE FOLLOWING WEATHER WAS RECORDED YESTERDAY.
  RAIN
  LIGHT RAIN
  FOG
  HAZE


RELATIVE HUMIDITY (PERCENT)
 HIGHEST   100          1100 PM
 LOWEST     66           500 AM
 AVERAGE    83

..........................................................


THE ABILENE CLIMATE NORMALS FOR TODAY
                         NORMAL    RECORD    YEAR
 MAXIMUM TEMPERATURE (F)   62        86      1976
 MINIMUM TEMPERATURE (F)   38        16      1955


SUNRISE AND SUNSET
FEBRUARY 20 2017......SUNRISE   716 AM CST   SUNSET   629 PM CST
FEBRUARY 21 2017......SUNRISE   715 AM CST   SUNSET   630 PM CST


-  INDICATES NEGATIVE NUMBERS.
R  INDICATES RECORD WAS SET OR TIED.
MM INDICATES DATA IS MISSING.
T  INDICATES TRACE AMOUNT.




$$
