000
CDUS44 KSJT 270751
CLIABI


CLIMATE REPORT
NATIONAL WEATHER SERVICE SAN ANGELO TX
251 AM CDT SAT MAY 27 2017


...................................

...THE ABILENE CLIMATE SUMMARY FOR MAY 26 2017...

CLIMATE NORMAL PERIOD 1981 TO 2010
CLIMATE RECORD PERIOD 1886 TO 2017


WEATHER ITEM   OBSERVED TIME   RECORD YEAR NORMAL DEPARTURE LAST
                VALUE   (LST)  VALUE       VALUE  FROM      YEAR
                                                  NORMAL
..................................................................
TEMPERATURE (F)
 YESTERDAY
  MAXIMUM         99R   430 PM  99    1896  87     12       90
  MINIMUM         75    452 AM  48    1901  64     11       65
  AVERAGE         87                        76     11       78

PRECIPITATION (IN)
  YESTERDAY        0.00          2.07 1914   0.13  -0.13     0.25
  MONTH TO DATE    2.73                      2.55   0.18     5.72
  SINCE MAR 1      4.49                      5.93  -1.44    14.27
  SINCE JAN 1      7.87                      8.31  -0.44    14.99

DEGREE DAYS
 HEATING
  YESTERDAY        0                         0      0        0
  MONTH TO DATE   16                        13      3       37
  SINCE MAR 1    245                       422   -177      304
  SINCE JUL 1   1826                      2555   -729     2058

 COOLING
  YESTERDAY       22                        11     11       13
  MONTH TO DATE  146                       209    -63      164
  SINCE MAR 1    334                       337     -3      245
  SINCE JAN 1    365                       342     23      259
..................................................................


WIND (MPH)
  HIGHEST WIND SPEED    25   HIGHEST WIND DIRECTION    SW (210)
  HIGHEST GUST SPEED    32   HIGHEST GUST DIRECTION    SW (210)
  AVERAGE WIND SPEED    12.7


SKY COVER
  POSSIBLE SUNSHINE  MM
  AVERAGE SKY COVER 0.0


WEATHER CONDITIONS
 THE FOLLOWING WEATHER WAS RECORDED YESTERDAY.
  NO SIGNIFICANT WEATHER WAS OBSERVED.


RELATIVE HUMIDITY (PERCENT)
 HIGHEST    79          1100 PM
 LOWEST     13           200 PM
 AVERAGE    46

..........................................................


THE ABILENE CLIMATE NORMALS FOR TODAY
                         NORMAL    RECORD    YEAR
 MAXIMUM TEMPERATURE (F)   87       107      2011
 MINIMUM TEMPERATURE (F)   65        47      1901


SUNRISE AND SUNSET
MAY 27 2017...........SUNRISE   634 AM CDT   SUNSET   838 PM CDT
MAY 28 2017...........SUNRISE   634 AM CDT   SUNSET   839 PM CDT


-  INDICATES NEGATIVE NUMBERS.
R  INDICATES RECORD WAS SET OR TIED.
MM INDICATES DATA IS MISSING.
T  INDICATES TRACE AMOUNT.




$$
