461
CDUS44 KSJT 261318
CLIABI


CLIMATE REPORT
NATIONAL WEATHER SERVICE SAN ANGELO TX
218 AM CDT FRI AUG 26 2016


...................................

...THE ABILENE CLIMATE SUMMARY FOR AUGUST 25 2016...

CLIMATE NORMAL PERIOD 1981 TO 2010
CLIMATE RECORD PERIOD 1886 TO 2016


WEATHER ITEM   OBSERVED TIME   RECORD YEAR NORMAL DEPARTURE LAST
                VALUE   (LST)  VALUE       VALUE  FROM      YEAR
                                                  NORMAL
..................................................................
TEMPERATURE (F)
 YESTERDAY
  MAXIMUM         93    256 PM 105    2011  93      0      102
  MINIMUM         71    638 AM  58    1926  71      0       70
  AVERAGE         82                        82      0       86

PRECIPITATION (IN)
  YESTERDAY        0.00          0.74 1911   0.08  -0.08     0.01
  MONTH TO DATE    4.27                      2.05   2.22     0.62
  SINCE JUN 1      8.04                      7.48   0.56    12.54
  SINCE JAN 1     25.84                     16.42   9.42    25.17

DEGREE DAYS
 HEATING
  YESTERDAY        0                         0      0        0
  MONTH TO DATE    0                         0      0        0
  SINCE JUN 1      0                         1     -1        0
  SINCE JUL 1      0                         0      0        0

 COOLING
  YESTERDAY       17                        17      0       21
  MONTH TO DATE  470                       457     13      519
  SINCE JUN 1   1601                      1453    148     1591
  SINCE JAN 1   1910                      1850     60     1980
..................................................................


WIND (MPH)
  HIGHEST WIND SPEED    20   HIGHEST WIND DIRECTION     S (180)
  HIGHEST GUST SPEED    23   HIGHEST GUST DIRECTION    SE (150)
  AVERAGE WIND SPEED    11.2


SKY COVER
  POSSIBLE SUNSHINE  MM
  AVERAGE SKY COVER 0.0


WEATHER CONDITIONS
 THE FOLLOWING WEATHER WAS RECORDED YESTERDAY.
  NO SIGNIFICANT WEATHER WAS OBSERVED.


RELATIVE HUMIDITY (PERCENT)
 HIGHEST    90           500 AM
 LOWEST     32           500 PM
 AVERAGE    61

..........................................................


THE ABILENE CLIMATE NORMALS FOR TODAY
                         NORMAL    RECORD    YEAR
 MAXIMUM TEMPERATURE (F)   93       104      1952
 MINIMUM TEMPERATURE (F)   70        54      1926


SUNRISE AND SUNSET
AUGUST 26 2016........SUNRISE   710 AM CDT   SUNSET   810 PM CDT
AUGUST 27 2016........SUNRISE   711 AM CDT   SUNSET   809 PM CDT


-  INDICATES NEGATIVE NUMBERS.
R  INDICATES RECORD WAS SET OR TIED.
MM INDICATES DATA IS MISSING.
T  INDICATES TRACE AMOUNT.




$$
