000
CDUS44 KSJT 140752
CLIABI


CLIMATE REPORT
NATIONAL WEATHER SERVICE SAN ANGELO TX
151 AM CST SUN FEB 14 2016


...................................

...THE ABILENE CLIMATE SUMMARY FOR FEBRUARY 13 2016...

CLIMATE NORMAL PERIOD 1981 TO 2010
CLIMATE RECORD PERIOD 1886 TO 2016


WEATHER ITEM   OBSERVED TIME   RECORD YEAR NORMAL DEPARTURE LAST
                VALUE   (LST)  VALUE       VALUE  FROM      YEAR
                                                  NORMAL
..................................................................
TEMPERATURE (F)
 YESTERDAY
  MAXIMUM         75    458 PM  84    1962  60     15       71
                                      1886
  MINIMUM         37    738 AM   3    1905  36      1       37
  AVERAGE         56                        48      8       54

PRECIPITATION (IN)
  YESTERDAY        0.00          0.83 1969   0.05  -0.05     0.00
  MONTH TO DATE    0.00                      0.60  -0.60     0.00
  SINCE DEC 1      2.24                      2.85  -0.61     2.30
  SINCE JAN 1      0.04                      1.62  -1.58     1.77

SNOWFALL (IN)
  YESTERDAY        0.0           1.0  1968   0.0    0.0      0.0
  MONTH TO DATE    0.0                       0.4   -0.4      0.0
  SINCE NOV 1      5.1                       3.7    1.4      0.1
  SINCE JUL 1      5.1                       3.7    1.4      0.1

DEGREE DAYS
 HEATING
  YESTERDAY        9                        17     -8       11
  MONTH TO DATE  200                       235    -35      186
  SINCE DEC 1   1264                      1471   -207     1315
  SINCE JUL 1   1607                      1904   -297     1732

 COOLING
  YESTERDAY        0                         0      0        0
  MONTH TO DATE    0                         0      0        2
  SINCE DEC 1      0                         2     -2        2
  SINCE JAN 1      0                         1     -1        2
..................................................................


WIND (MPH)
  HIGHEST WIND SPEED    24   HIGHEST WIND DIRECTION     S (180)
  HIGHEST GUST SPEED    35   HIGHEST GUST DIRECTION     S (190)
  AVERAGE WIND SPEED    10.5


SKY COVER
  POSSIBLE SUNSHINE  MM
  AVERAGE SKY COVER 0.0


WEATHER CONDITIONS
 THE FOLLOWING WEATHER WAS RECORDED YESTERDAY.
  NO SIGNIFICANT WEATHER WAS OBSERVED.


RELATIVE HUMIDITY (PERCENT)
 HIGHEST    85           800 AM
 LOWEST     29           600 PM
 AVERAGE    57

..........................................................


THE ABILENE CLIMATE NORMALS FOR TODAY
                         NORMAL    RECORD    YEAR
 MAXIMUM TEMPERATURE (F)   60        88      1979
 MINIMUM TEMPERATURE (F)   36         5      1895


SUNRISE AND SUNSET
FEBRUARY 14 2016......SUNRISE   723 AM CST   SUNSET   623 PM CST
FEBRUARY 15 2016......SUNRISE   722 AM CST   SUNSET   624 PM CST


-  INDICATES NEGATIVE NUMBERS.
R  INDICATES RECORD WAS SET OR TIED.
MM INDICATES DATA IS MISSING.
T  INDICATES TRACE AMOUNT.




$$
