000
CDUS44 KSJT 300657
CLIABI


CLIMATE REPORT
NATIONAL WEATHER SERVICE SAN ANGELO TX
156 AM CDT TUE JUN 30 2015


...................................

...THE ABILENE CLIMATE SUMMARY FOR JUNE 29 2015...

CLIMATE NORMAL PERIOD 1981 TO 2010
CLIMATE RECORD PERIOD 1886 TO 2015


WEATHER ITEM   OBSERVED TIME   RECORD YEAR NORMAL DEPARTURE LAST
                VALUE   (LST)  VALUE       VALUE  FROM      YEAR
                                                  NORMAL
..................................................................
TEMPERATURE (F)
 YESTERDAY
  MAXIMUM         96    422 PM 108    1907  93      3       97
  MINIMUM         69    448 AM  59    1985  71     -2       77
  AVERAGE         83                        82      1       87

PRECIPITATION (IN)
  YESTERDAY        0.00          1.72 1895   0.08  -0.08     0.00
  MONTH TO DATE    3.21                      3.48  -0.27     3.75
  SINCE JUN 1      3.21                      3.48  -0.27     3.75
  SINCE JAN 1     15.84                     12.42   3.42     7.74

DEGREE DAYS
 HEATING
  YESTERDAY        0                         0      0        0
  MONTH TO DATE    0                         0      0        0
  SINCE JUN 1      0                         0      0        0
  SINCE JUL 1   2478                      2558    -80     2821

 COOLING
  YESTERDAY       18                        17      1       22
  MONTH TO DATE  450                       418     32      446
  SINCE JUN 1    450                       418     32      446
  SINCE JAN 1    839                       815     24      960
..................................................................


WIND (MPH)
  HIGHEST WIND SPEED    24   HIGHEST WIND DIRECTION    SE (140)
  HIGHEST GUST SPEED    29   HIGHEST GUST DIRECTION     S (160)
  AVERAGE WIND SPEED     8.5


SKY COVER
  POSSIBLE SUNSHINE  MM
  AVERAGE SKY COVER 0.1


WEATHER CONDITIONS
 THE FOLLOWING WEATHER WAS RECORDED YESTERDAY.
  NO SIGNIFICANT WEATHER WAS OBSERVED.


RELATIVE HUMIDITY (PERCENT)
 HIGHEST    90           500 AM
 LOWEST     28           400 PM
 AVERAGE    59

..........................................................


THE ABILENE CLIMATE NORMALS FOR TODAY
                         NORMAL    RECORD    YEAR
 MAXIMUM TEMPERATURE (F)   93       110      1907
 MINIMUM TEMPERATURE (F)   71        63      1985


SUNRISE AND SUNSET
JUNE 30 2015..........SUNRISE   635 AM CDT   SUNSET   850 PM CDT
JULY  1 2015..........SUNRISE   635 AM CDT   SUNSET   850 PM CDT


-  INDICATES NEGATIVE NUMBERS.
R  INDICATES RECORD WAS SET OR TIED.
MM INDICATES DATA IS MISSING.
T  INDICATES TRACE AMOUNT.




$$
