000
CDUS45 KABQ 310829
CLIABQ


CLIMATE REPORT
NATIONAL WEATHER SERVICE ALBUQUERQUE NM
227 AM MDT FRI OCT 31 2014


...................................

...THE ALBUQUERQUE  NM CLIMATE SUMMARY FOR OCTOBER 30 2014...

CLIMATE NORMAL PERIOD 1981 TO 2010
CLIMATE RECORD PERIOD 1897 TO 2014


WEATHER ITEM   OBSERVED TIME   RECORD YEAR NORMAL DEPARTURE LAST
                VALUE   (LST)  VALUE       VALUE  FROM      YEAR
                                                  NORMAL
..................................................................
TEMPERATURE (F)
 YESTERDAY
  MAXIMUM         72    420 PM  82    1950  63      9       61
  MINIMUM         46    646 AM  21    1917  41      5       41
  AVERAGE         59                        52      7       51

PRECIPITATION (IN)
  YESTERDAY        0.00          0.60 1920   0.03  -0.03
  MONTH TO DATE    0.62                      1.00  -0.38
  SINCE SEP 1      1.35                      2.08  -0.73
  SINCE JAN 1      7.41                      8.36  -0.95

SNOWFALL (IN)
  YESTERDAY        0.0
  MONTH TO DATE    0.0
  SINCE SEP 1      0.0
  SINCE JUL 1      0.0
  SNOW DEPTH       0

DEGREE DAYS
 HEATING
  YESTERDAY        6                        13     -7       14
  MONTH TO DATE  100                       228   -128      252
  SINCE SEP 1    109                       254   -145      276
  SINCE JUL 1    109                       254   -145      276

 COOLING
  YESTERDAY        0                         0      0        0
  MONTH TO DATE    3                         7     -4        1
  SINCE SEP 1    214                       162     52      190
  SINCE JAN 1   1444                      1319    125     1565
..................................................................


WIND (MPH)
  HIGHEST WIND SPEED    21   HIGHEST WIND DIRECTION     E (90)
  HIGHEST GUST SPEED    26   HIGHEST GUST DIRECTION     E (90)
  AVERAGE WIND SPEED     9.7


SKY COVER
  POSSIBLE SUNSHINE  MM
  AVERAGE SKY COVER 0.0


WEATHER CONDITIONS
 THE FOLLOWING WEATHER WAS RECORDED YESTERDAY.
  NO SIGNIFICANT WEATHER WAS OBSERVED.


RELATIVE HUMIDITY (PERCENT)
 HIGHEST    25           600 AM
 LOWEST     12           100 PM
 AVERAGE    19

..........................................................


THE ALBUQUERQUE  NM CLIMATE NORMALS FOR TODAY
                         NORMAL    RECORD    YEAR
 MAXIMUM TEMPERATURE (F)   63        79      1950
 MINIMUM TEMPERATURE (F)   40        21      1991


SUNRISE AND SUNSET
OCTOBER 31 2014.......SUNRISE   727 AM MDT   SUNSET   613 PM MDT
NOVEMBER  1 2014......SUNRISE   728 AM MDT   SUNSET   612 PM MDT


-  INDICATES NEGATIVE NUMBERS.
R  INDICATES RECORD WAS SET OR TIED.
MM INDICATES DATA IS MISSING.
T  INDICATES TRACE AMOUNT.

$$
