000
CDUS45 KABQ 280825
CLIABQ


CLIMATE REPORT
NATIONAL WEATHER SERVICE ALBUQUERQUE NM
125 AM MST FRI NOV 28 2014


...................................

...THE ALBUQUERQUE  NM CLIMATE SUMMARY FOR NOVEMBER 27 2014...

CLIMATE NORMAL PERIOD 1981 TO 2010
CLIMATE RECORD PERIOD 1897 TO 2014


WEATHER ITEM   OBSERVED TIME   RECORD YEAR NORMAL DEPARTURE LAST
                VALUE   (LST)  VALUE       VALUE  FROM      YEAR
                                                  NORMAL
..................................................................
TEMPERATURE (F)
 YESTERDAY
  MAXIMUM         61    324 PM  69    1954  51     10       45
                                      1949
  MINIMUM         31    639 AM   1    1976  30      1       25
  AVERAGE         46                        40      6       35

PRECIPITATION (IN)
  YESTERDAY        0.00          0.24 1976   0.02  -0.02
  MONTH TO DATE    0.25                      0.52  -0.27
  SINCE SEP 1      1.61                      2.62  -1.01
  SINCE JAN 1      7.67                      8.90  -1.23

SNOWFALL (IN)
  YESTERDAY        0.0
  MONTH TO DATE    T
  SINCE SEP 1      T
  SINCE JUL 1      T
  SNOW DEPTH       0

DEGREE DAYS
 HEATING
  YESTERDAY       19                        25     -6       30
  MONTH TO DATE  517                       526     -9      521
  SINCE SEP 1    630                       792   -162      818
  SINCE JUL 1    630                       792   -162      818

 COOLING
  YESTERDAY        0                         0      0        0
  MONTH TO DATE    0                         0      0        0
  SINCE SEP 1    214                       165     49      190
  SINCE JAN 1   1444                      1322    122     1565
..................................................................


WIND (MPH)
  HIGHEST WIND SPEED    10   HIGHEST WIND DIRECTION     N (360)
  HIGHEST GUST SPEED    13   HIGHEST GUST DIRECTION     N (10)
  AVERAGE WIND SPEED     3.8


SKY COVER
  POSSIBLE SUNSHINE  MM
  AVERAGE SKY COVER 0.2


WEATHER CONDITIONS
 THE FOLLOWING WEATHER WAS RECORDED YESTERDAY.
  NO SIGNIFICANT WEATHER WAS OBSERVED.


RELATIVE HUMIDITY (PERCENT)
 HIGHEST    61           700 AM
 LOWEST     23           300 PM
 AVERAGE    42

..........................................................


THE ALBUQUERQUE  NM CLIMATE NORMALS FOR TODAY
                         NORMAL    RECORD    YEAR
 MAXIMUM TEMPERATURE (F)   50        72      1949
 MINIMUM TEMPERATURE (F)   30        -6      1976


SUNRISE AND SUNSET
NOVEMBER 28 2014......SUNRISE   654 AM MST   SUNSET   455 PM MST
NOVEMBER 29 2014......SUNRISE   654 AM MST   SUNSET   455 PM MST


-  INDICATES NEGATIVE NUMBERS.
R  INDICATES RECORD WAS SET OR TIED.
MM INDICATES DATA IS MISSING.
T  INDICATES TRACE AMOUNT.




$$
