000
CDUS45 KABQ 300832
CLIABQ


CLIMATE REPORT
NATIONAL WEATHER SERVICE ALBUQUERQUE NM
232 AM MDT THU MAR 30 2017


...................................

...THE ALBUQUERQUE  NM CLIMATE SUMMARY FOR MARCH 29 2017...

CLIMATE NORMAL PERIOD 1981 TO 2010
CLIMATE RECORD PERIOD 1891 TO 2017


WEATHER ITEM   OBSERVED TIME   RECORD YEAR NORMAL DEPARTURE LAST
                VALUE   (LST)  VALUE       VALUE  FROM      YEAR
                                                  NORMAL
..................................................................
TEMPERATURE (F)
 YESTERDAY
  MAXIMUM         62    443 PM  81    1943  64     -2       70
  MINIMUM         42    639 AM  18    1987  38      4       44
  AVERAGE         52                        51      1       57

PRECIPITATION (IN)
  YESTERDAY        0.01          0.90 1973   0.02  -0.01
  MONTH TO DATE    0.20                      0.53  -0.33
  SINCE MAR 1      0.20                      0.53  -0.33
  SINCE JAN 1      1.59                      1.39   0.20

SNOWFALL (IN)
  YESTERDAY        0.0
  MONTH TO DATE    T
  SINCE MAR 1      T
  SINCE JUL 1      2.9
  SNOW DEPTH       0

DEGREE DAYS
 HEATING
  YESTERDAY       13                        14     -1        8
  MONTH TO DATE  286                       497   -211      371
  SINCE MAR 1    286                       497   -211      371
  SINCE JUL 1   2968                      3800   -832     3381

 COOLING
  YESTERDAY        0                         0      0        0
  MONTH TO DATE    1                         0      1        0
  SINCE MAR 1      1                         0      1        0
  SINCE JAN 1      1                         0      1        0
..................................................................


WIND (MPH)
  HIGHEST WIND SPEED    21   HIGHEST WIND DIRECTION     E (80)
  HIGHEST GUST SPEED    25   HIGHEST GUST DIRECTION     E (80)
  AVERAGE WIND SPEED     8.1


SKY COVER
  POSSIBLE SUNSHINE  MM
  AVERAGE SKY COVER 0.7


WEATHER CONDITIONS
 THE FOLLOWING WEATHER WAS RECORDED YESTERDAY.
  LIGHT RAIN


RELATIVE HUMIDITY (PERCENT)
 HIGHEST    89           300 AM
 LOWEST     27           500 PM
 AVERAGE    58

..........................................................


THE ALBUQUERQUE  NM CLIMATE NORMALS FOR TODAY
                         NORMAL    RECORD    YEAR
 MAXIMUM TEMPERATURE (F)   64        82      2010
                                             1974
 MINIMUM TEMPERATURE (F)   38        15      1987


SUNRISE AND SUNSET
MARCH 30 2017.........SUNRISE   656 AM MDT   SUNSET   727 PM MDT
MARCH 31 2017.........SUNRISE   654 AM MDT   SUNSET   727 PM MDT


-  INDICATES NEGATIVE NUMBERS.
R  INDICATES RECORD WAS SET OR TIED.
MM INDICATES DATA IS MISSING.
T  INDICATES TRACE AMOUNT.




$$
