000
CDUS45 KABQ 020838
CLIABQ


CLIMATE REPORT
NATIONAL WEATHER SERVICE ALBUQUERQUE NM
237 AM MDT SAT AUG 2 2014


...................................

...THE ALBUQUERQUE  NM CLIMATE SUMMARY FOR AUGUST 1 2014...

CLIMATE NORMAL PERIOD 1981 TO 2010
CLIMATE RECORD PERIOD 1897 TO 2014


WEATHER ITEM   OBSERVED TIME   RECORD YEAR NORMAL DEPARTURE LAST
                VALUE   (LST)  VALUE       VALUE  FROM      YEAR
                                                  NORMAL
..................................................................
TEMPERATURE (F)
 YESTERDAY
  MAXIMUM         81    514 PM 101    1938  88     -7       85
                                      1934
  MINIMUM         61   1021 PM  47    1911  66     -5       69
  AVERAGE         71                        77     -6       77

PRECIPITATION (IN)
  YESTERDAY        0.91R         0.61 1993   0.06   0.85
  MONTH TO DATE    0.91                      0.06   0.85
  SINCE JUN 1      4.51                      2.22   2.29
  SINCE JAN 1      5.52                      4.76   0.76

SNOWFALL (IN)
  YESTERDAY        0.0
  MONTH TO DATE    0.0
  SINCE JUN 1      0.0
  SINCE JUL 1      0.0
  SNOW DEPTH       0

DEGREE DAYS
 HEATING
  YESTERDAY        0                         0      0        0
  MONTH TO DATE    0                         0      0        0
  SINCE JUN 1      0                         4     -4        0
  SINCE JUL 1      0                         0      0        0

 COOLING
  YESTERDAY        6                        12     -6       12
  MONTH TO DATE    6                        12     -6       12
  SINCE JUN 1    831                       725    106      873
  SINCE JAN 1    943                       823    120      990
..................................................................


WIND (MPH)
  HIGHEST WIND SPEED    32   HIGHEST WIND DIRECTION     E (80)
  HIGHEST GUST SPEED    38   HIGHEST GUST DIRECTION     E (80)
  AVERAGE WIND SPEED     8.6


SKY COVER
  POSSIBLE SUNSHINE  MM
  AVERAGE SKY COVER 0.6


WEATHER CONDITIONS
 THE FOLLOWING WEATHER WAS RECORDED YESTERDAY.
  THUNDERSTORM
  HEAVY RAIN
  RAIN
  LIGHT RAIN
  FOG


RELATIVE HUMIDITY (PERCENT)
 HIGHEST    78           400 AM
 LOWEST     39           200 PM
 AVERAGE    59

..........................................................


THE ALBUQUERQUE  NM CLIMATE NORMALS FOR TODAY
                         NORMAL    RECORD    YEAR
 MAXIMUM TEMPERATURE (F)   88       101      1979
 MINIMUM TEMPERATURE (F)   66        47      1911


SUNRISE AND SUNSET
AUGUST  2 2014........SUNRISE   617 AM MDT   SUNSET   808 PM MDT
AUGUST  3 2014........SUNRISE   617 AM MDT   SUNSET   807 PM MDT


-  INDICATES NEGATIVE NUMBERS.
R  INDICATES RECORD WAS SET OR TIED.
MM INDICATES DATA IS MISSING.
T  INDICATES TRACE AMOUNT.




$$
