000
CDUS45 KABQ 020840
CLIABQ


CLIMATE REPORT
NATIONAL WEATHER SERVICE ALBUQUERQUE NM
138 AM MST MON MAR 2 2015


...................................

...THE ALBUQUERQUE  NM CLIMATE SUMMARY FOR MARCH 1 2015...

CLIMATE NORMAL PERIOD 1981 TO 2010
CLIMATE RECORD PERIOD 1891 TO 2015


WEATHER ITEM   OBSERVED TIME   RECORD YEAR NORMAL DEPARTURE LAST
                VALUE   (LST)  VALUE       VALUE  FROM      YEAR
                                                  NORMAL
..................................................................
TEMPERATURE (F)
 YESTERDAY
  MAXIMUM         63    522 PM  74    1974  57      6       62
  MINIMUM         33    629 AM   9    1922  33      0       38
  AVERAGE         48                        45      3       50

PRECIPITATION (IN)
  YESTERDAY        T             0.38 1957   0.02  -0.02
  MONTH TO DATE    T                         0.02  -0.02
  SINCE MAR 1      T                         0.02  -0.02
  SINCE JAN 1      1.31                      0.88   0.43

SNOWFALL (IN)
  YESTERDAY        0.0
  MONTH TO DATE    0.0
  SINCE MAR 1      0.0
  SINCE JUL 1     15.2
  SNOW DEPTH       0

DEGREE DAYS
 HEATING
  YESTERDAY       17                        20     -3       15
  MONTH TO DATE   17                        20     -3       15
  SINCE MAR 1     17                        20     -3       15
  SINCE JUL 1   2938                      3323   -385     3158

 COOLING
  YESTERDAY        0                         0      0        0
  MONTH TO DATE    0                         0      0        0
  SINCE MAR 1      0                         0      0        0
  SINCE JAN 1      0                         0      0        0
..................................................................


WIND (MPH)
  HIGHEST WIND SPEED    22   HIGHEST WIND DIRECTION     S (180)
  HIGHEST GUST SPEED    27   HIGHEST GUST DIRECTION     S (180)
  AVERAGE WIND SPEED     5.9


SKY COVER
  POSSIBLE SUNSHINE  MM
  AVERAGE SKY COVER 0.7


WEATHER CONDITIONS
 THE FOLLOWING WEATHER WAS RECORDED YESTERDAY.
  LIGHT RAIN
  FOG


RELATIVE HUMIDITY (PERCENT)
 HIGHEST    96           600 AM
 LOWEST     32           500 PM
 AVERAGE    64

..........................................................


THE ALBUQUERQUE  NM CLIMATE NORMALS FOR TODAY
                         NORMAL    RECORD    YEAR
 MAXIMUM TEMPERATURE (F)   57        76      1904
 MINIMUM TEMPERATURE (F)   33         6      1922


SUNRISE AND SUNSET
MARCH  2 2015.........SUNRISE   635 AM MST   SUNSET   603 PM MST
MARCH  3 2015.........SUNRISE   634 AM MST   SUNSET   604 PM MST


-  INDICATES NEGATIVE NUMBERS.
R  INDICATES RECORD WAS SET OR TIED.
MM INDICATES DATA IS MISSING.
T  INDICATES TRACE AMOUNT.




$$
