000
CDUS45 KABQ 280015
CLIABQ


CLIMATE REPORT
NATIONAL WEATHER SERVICE ALBUQUERQUE NM
515 PM MST SAT DEC 27 2014


...................................

...THE ALBUQUERQUE  NM CLIMATE SUMMARY FOR DECEMBER 27 2014...
VALID TODAY AS OF 0500 PM LOCAL TIME.

CLIMATE NORMAL PERIOD 1981 TO 2010
CLIMATE RECORD PERIOD 1897 TO 2014


WEATHER ITEM   OBSERVED TIME   RECORD YEAR NORMAL DEPARTURE LAST
                VALUE   (LST)  VALUE       VALUE  FROM      YEAR
                                                  NORMAL
..................................................................
TEMPERATURE (F)
 TODAY
  MAXIMUM         37    353 PM  65    1980  45     -8       49
                                      1933
  MINIMUM         17    338 AM  -9    1911  26     -9       28
  AVERAGE         27                        35     -8       39

PRECIPITATION (IN)
  TODAY            0.00          0.59 1979   0.01  -0.01
  MONTH TO DATE    1.14                      0.44   0.70
  SINCE DEC 1      1.14                      0.44   0.70
  SINCE JAN 1      8.81                      9.39  -0.58

SNOWFALL (IN)
  TODAY            0.0
  MONTH TO DATE    1.2
  SINCE DEC 1      1.2
  SINCE JUL 1      1.2
  SNOW DEPTH       0

DEGREE DAYS
 HEATING
  TODAY           38                        30      8       26
  MONTH TO DATE  630                       771   -141      785
  SINCE DEC 1    630                       771   -141      785
  SINCE JUL 1   1313                      1638   -325     1675

 COOLING
  TODAY            0                         0      0        0
  MONTH TO DATE    0                         0      0        0
  SINCE DEC 1      0                         0      0        0
  SINCE JAN 1   1444                      1322    122     1565
..................................................................


WIND (MPH)
  HIGHEST WIND SPEED    14   HIGHEST WIND DIRECTION    NW (310)
  HIGHEST GUST SPEED    17   HIGHEST GUST DIRECTION    NW (320)
  AVERAGE WIND SPEED     5.6


SKY COVER
  POSSIBLE SUNSHINE  MM
  AVERAGE SKY COVER 0.1



RELATIVE HUMIDITY (PERCENT)
 HIGHEST    80           200 AM
 LOWEST     32           400 PM
 AVERAGE    56

..........................................................


THE ALBUQUERQUE  NM CLIMATE NORMALS FOR TOMORROW
                         NORMAL    RECORD    YEAR
 MAXIMUM TEMPERATURE (F)   45        66      1980
 MINIMUM TEMPERATURE (F)   26        -5      1911


SUNRISE AND SUNSET
DECEMBER 27 2014......SUNRISE   713 AM MST   SUNSET   502 PM MST
DECEMBER 28 2014......SUNRISE   714 AM MST   SUNSET   503 PM MST


-  INDICATES NEGATIVE NUMBERS.
R  INDICATES RECORD WAS SET OR TIED.
MM INDICATES DATA IS MISSING.
T  INDICATES TRACE AMOUNT.




$$
