000
CDUS45 KABQ 200903
CLIABQ


CLIMATE REPORT
NATIONAL WEATHER SERVICE ALBUQUERQUE NM
302 AM MDT SUN AUG 20 2017


...................................

...THE ALBUQUERQUE  NM CLIMATE SUMMARY FOR AUGUST 19 2017...

CLIMATE NORMAL PERIOD 1981 TO 2010
CLIMATE RECORD PERIOD 1891 TO 2017


WEATHER ITEM   OBSERVED TIME   RECORD YEAR NORMAL DEPARTURE LAST
                VALUE   (LST)  VALUE       VALUE  FROM      YEAR
                                                  NORMAL
..................................................................
TEMPERATURE (F)
 YESTERDAY
  MAXIMUM         91    332 PM  99    1934  87      4       86
  MINIMUM         70    636 AM  51    1918  65      5       61
                                      1897
  AVERAGE         81                        76      5       74

PRECIPITATION (IN)
  YESTERDAY        0.00          0.87 1940   0.05  -0.05
  MONTH TO DATE    0.75                      1.06  -0.31
  SINCE JUN 1      2.08                      3.22  -1.14
  SINCE JAN 1      4.69                      5.76  -1.07

SNOWFALL (IN)
  YESTERDAY        0.0
  MONTH TO DATE    0.0
  SINCE JUN 1      T
  SINCE JUL 1      0.0
  SNOW DEPTH       0

DEGREE DAYS
 HEATING
  YESTERDAY        0                         0      0        0
  MONTH TO DATE    0                         0      0        0
  SINCE JUN 1      0                         4     -4        0
  SINCE JUL 1      0                         0      0        0

 COOLING
  YESTERDAY       16                        11      5        9
  MONTH TO DATE  242                       223     19      227
  SINCE JUN 1   1119                       936    183     1177
  SINCE JAN 1   1198                      1034    164     1248
..................................................................


WIND (MPH)
  HIGHEST WIND SPEED    32   HIGHEST WIND DIRECTION     E (110)
  HIGHEST GUST SPEED    36   HIGHEST GUST DIRECTION     E (90)
  AVERAGE WIND SPEED    10.5


SKY COVER
  POSSIBLE SUNSHINE  MM
  AVERAGE SKY COVER 0.8


WEATHER CONDITIONS
 THE FOLLOWING WEATHER WAS RECORDED YESTERDAY.
  THUNDERSTORM


RELATIVE HUMIDITY (PERCENT)
 HIGHEST    53           500 AM
 LOWEST     17           100 PM
 AVERAGE    35

..........................................................


THE ALBUQUERQUE  NM CLIMATE NORMALS FOR TODAY
                         NORMAL    RECORD    YEAR
 MAXIMUM TEMPERATURE (F)   87        98      1905
 MINIMUM TEMPERATURE (F)   65        51      1914


SUNRISE AND SUNSET
AUGUST 20 2017........SUNRISE   630 AM MDT   SUNSET   748 PM MDT
AUGUST 21 2017........SUNRISE   631 AM MDT   SUNSET   747 PM MDT


-  INDICATES NEGATIVE NUMBERS.
R  INDICATES RECORD WAS SET OR TIED.
MM INDICATES DATA IS MISSING.
T  INDICATES TRACE AMOUNT.




$$
