000
CDUS45 KABQ 030826
CLIABQ


CLIMATE REPORT
NATIONAL WEATHER SERVICE ALBUQUERQUE NM
226 AM MDT THU SEP 3 2015


...................................

...THE ALBUQUERQUE  NM CLIMATE SUMMARY FOR SEPTEMBER 2 2015...

CLIMATE NORMAL PERIOD 1981 TO 2010
CLIMATE RECORD PERIOD 1891 TO 2015


WEATHER ITEM   OBSERVED TIME   RECORD YEAR NORMAL DEPARTURE LAST
                VALUE   (LST)  VALUE       VALUE  FROM      YEAR
                                                  NORMAL
..................................................................
TEMPERATURE (F)
 YESTERDAY
  MAXIMUM         90    313 PM  98    1983  85      5       94
  MINIMUM         67    446 AM  47    1917  63      4       60
  AVERAGE         79                        74      5       77

PRECIPITATION (IN)
  YESTERDAY        0.00          0.43 1965   0.03  -0.03
  MONTH TO DATE    T                         0.07  -0.07
  SINCE SEP 1      T                         0.07  -0.07
  SINCE JAN 1      7.80                      6.35   1.45

SNOWFALL (IN)
  YESTERDAY        0.0
  MONTH TO DATE    0.0
  SINCE SEP 1      0.0
  SINCE JUL 1      0.0
  SNOW DEPTH       0

DEGREE DAYS
 HEATING
  YESTERDAY        0                         0      0        0
  MONTH TO DATE    0                         0      0        0
  SINCE SEP 1      0                         0      0        0
  SINCE JUL 1      0                         0      0        0

 COOLING
  YESTERDAY       14                         9      5       12
  MONTH TO DATE   26                        18      8       25
  SINCE SEP 1     26                        18      8       25
  SINCE JAN 1   1252                      1175     77     1255
..................................................................


WIND (MPH)
  HIGHEST WIND SPEED    32   HIGHEST WIND DIRECTION    SW (220)
  HIGHEST GUST SPEED    43   HIGHEST GUST DIRECTION     W (280)
  AVERAGE WIND SPEED     5.6


SKY COVER
  POSSIBLE SUNSHINE  MM
  AVERAGE SKY COVER 0.7


WEATHER CONDITIONS
 THE FOLLOWING WEATHER WAS RECORDED YESTERDAY.
  THUNDERSTORM


RELATIVE HUMIDITY (PERCENT)
 HIGHEST    47          1000 PM
 LOWEST     22           200 PM
 AVERAGE    35

..........................................................


THE ALBUQUERQUE  NM CLIMATE NORMALS FOR TODAY
                         NORMAL    RECORD    YEAR
 MAXIMUM TEMPERATURE (F)   85        99      1983
 MINIMUM TEMPERATURE (F)   62        47      1961


SUNRISE AND SUNSET
SEPTEMBER  3 2015.....SUNRISE   640 AM MDT   SUNSET   731 PM MDT
SEPTEMBER  4 2015.....SUNRISE   641 AM MDT   SUNSET   729 PM MDT


-  INDICATES NEGATIVE NUMBERS.
R  INDICATES RECORD WAS SET OR TIED.
MM INDICATES DATA IS MISSING.
T  INDICATES TRACE AMOUNT.




$$
