000
CDUS45 KABQ 230842
CLIABQ


CLIMATE REPORT
NATIONAL WEATHER SERVICE ALBUQUERQUE NM
240 AM MDT TUE MAY 23 2017


...................................

...THE ALBUQUERQUE  NM CLIMATE SUMMARY FOR MAY 22 2017...

CLIMATE NORMAL PERIOD 1981 TO 2010
CLIMATE RECORD PERIOD 1891 TO 2017


WEATHER ITEM   OBSERVED TIME   RECORD YEAR NORMAL DEPARTURE LAST
                VALUE   (LST)  VALUE       VALUE  FROM      YEAR
                                                  NORMAL
..................................................................
TEMPERATURE (F)
 YESTERDAY
  MAXIMUM         80    352 PM  96    1984  81     -1       84
  MINIMUM         57    546 AM  35    1962  54      3       53
                                      1915
  AVERAGE         69                        68      1       69

PRECIPITATION (IN)
  YESTERDAY        0.00          0.98 1940   0.01  -0.01
  MONTH TO DATE    0.16                      0.35  -0.19
  SINCE MAR 1      1.14                      1.53  -0.39
  SINCE JAN 1      2.53                      2.39   0.14

SNOWFALL (IN)
  YESTERDAY        0.0
  MONTH TO DATE    0.0
  SINCE MAR 1      0.7
  SINCE JUL 1      3.6
  SNOW DEPTH       0

DEGREE DAYS
 HEATING
  YESTERDAY        0                         1     -1        0
  MONTH TO DATE   72                        63      9       83
  SINCE MAR 1    618                       864   -246      767
  SINCE JUL 1   3300                      4167   -867     3777

 COOLING
  YESTERDAY        4                         4      0        4
  MONTH TO DATE   32                        47    -15       40
  SINCE MAR 1     37                        54    -17       45
  SINCE JAN 1     37                        54    -17       45
..................................................................


WIND (MPH)
  HIGHEST WIND SPEED    29   HIGHEST WIND DIRECTION    NW (310)
  HIGHEST GUST SPEED    38   HIGHEST GUST DIRECTION    NW (300)
  AVERAGE WIND SPEED    13.1


SKY COVER
  POSSIBLE SUNSHINE  MM
  AVERAGE SKY COVER 0.2


WEATHER CONDITIONS
 THE FOLLOWING WEATHER WAS RECORDED YESTERDAY.
  NO SIGNIFICANT WEATHER WAS OBSERVED.


RELATIVE HUMIDITY (PERCENT)
 HIGHEST    30           600 AM
 LOWEST      8           200 PM
 AVERAGE    19

..........................................................


THE ALBUQUERQUE  NM CLIMATE NORMALS FOR TODAY
                         NORMAL    RECORD    YEAR
 MAXIMUM TEMPERATURE (F)   81        97      2000
 MINIMUM TEMPERATURE (F)   55        36      1975


SUNRISE AND SUNSET
MAY 23 2017...........SUNRISE   557 AM MDT   SUNSET   810 PM MDT
MAY 24 2017...........SUNRISE   557 AM MDT   SUNSET   810 PM MDT


-  INDICATES NEGATIVE NUMBERS.
R  INDICATES RECORD WAS SET OR TIED.
MM INDICATES DATA IS MISSING.
T  INDICATES TRACE AMOUNT.




$$
