000
CDUS43 KABR 291031
CLIABR


CLIMATE REPORT
NATIONAL WEATHER SERVICE ABERDEEN SD
530 AM CDT THU SEP 29 2016


...................................

...THE ABERDEEN SD CLIMATE SUMMARY FOR SEPTEMBER 28 2016...

CLIMATE NORMAL PERIOD 1981 TO 2010
CLIMATE RECORD PERIOD 1893 TO 2016


WEATHER ITEM   OBSERVED TIME   RECORD YEAR NORMAL DEPARTURE LAST
                VALUE   (LST)  VALUE       VALUE  FROM      YEAR
                                                  NORMAL
..................................................................
TEMPERATURE (F)
 YESTERDAY
  MAXIMUM         66    424 PM  92    2011  67     -1       72
                                      1897
  MINIMUM         37    542 AM  18    1951  40     -3       46
                                      1895
  AVERAGE         52                        53     -1       59

PRECIPITATION (IN)
  YESTERDAY        0.00          1.07 1988   0.08  -0.08      T
  MONTH TO DATE    1.23                      2.05  -0.82     0.37
  SINCE SEP 1      1.23                      2.05  -0.82     0.37
  SINCE JAN 1     15.29                     18.34  -3.05    17.69

DEGREE DAYS
 HEATING
  YESTERDAY       13                        12      1        6
  MONTH TO DATE  107                       199    -92       82
  SINCE SEP 1    107                       199    -92       82
  SINCE JUL 1    138                       250   -112      124

 COOLING
  YESTERDAY        0                         0      0        0
  MONTH TO DATE   54                        39     15      104
  SINCE SEP 1     54                        39     15      104
  SINCE JAN 1    715                       522    193      667
..................................................................


WIND (MPH)
  HIGHEST WIND SPEED    12   HIGHEST WIND DIRECTION     E (70)
  HIGHEST GUST SPEED    15   HIGHEST GUST DIRECTION     N (360)
  AVERAGE WIND SPEED     6.3


SKY COVER
  POSSIBLE SUNSHINE  MM
  AVERAGE SKY COVER 0.0


WEATHER CONDITIONS
 THE FOLLOWING WEATHER WAS RECORDED YESTERDAY.
  NO SIGNIFICANT WEATHER WAS OBSERVED.


RELATIVE HUMIDITY (PERCENT)
 HIGHEST    92           400 AM
 LOWEST     42           400 PM
 AVERAGE    67

..........................................................


THE ABERDEEN SD CLIMATE NORMALS FOR TODAY
                         NORMAL    RECORD    YEAR
 MAXIMUM TEMPERATURE (F)   66        95      1897
 MINIMUM TEMPERATURE (F)   40        11      1939


SUNRISE AND SUNSET
SEPTEMBER 29 2016.....SUNRISE   730 AM CDT   SUNSET   717 PM CDT
SEPTEMBER 30 2016.....SUNRISE   731 AM CDT   SUNSET   715 PM CDT


-  INDICATES NEGATIVE NUMBERS.
R  INDICATES RECORD WAS SET OR TIED.
MM INDICATES DATA IS MISSING.
T  INDICATES TRACE AMOUNT.




$$
