000
CDUS43 KABR 211034
CLIABR


CLIMATE REPORT
NATIONAL WEATHER SERVICE ABERDEEN SD
434 AM CST WED FEB 21 2018


...................................

...THE ABERDEEN SD CLIMATE SUMMARY FOR FEBRUARY 20 2018...

CLIMATE NORMAL PERIOD 1981 TO 2010
CLIMATE RECORD PERIOD 1893 TO 2018


WEATHER ITEM   OBSERVED TIME   RECORD YEAR NORMAL DEPARTURE LAST
                VALUE   (LST)  VALUE       VALUE  FROM      YEAR
                                                  NORMAL
..................................................................
TEMPERATURE (F)
 YESTERDAY
  MAXIMUM         12    513 PM  61    1930  30    -18       53
  MINIMUM        -14   1133 PM -30    1918   9    -23       29
  AVERAGE         -1                        19    -20       41

PRECIPITATION (IN)
  YESTERDAY        0.05          0.62 1955   0.02   0.03     0.05
  MONTH TO DATE    0.25                      0.35  -0.10     0.11
  SINCE DEC 1      0.64                      1.34  -0.70     2.40
  SINCE JAN 1      0.29                      0.82  -0.53     0.62

SNOWFALL (IN)
  YESTERDAY        1.3          16.0  2011   0.3    0.0      0.0
  MONTH TO DATE    6.0                       4.7    1.3      0.7
  SINCE OCT 1     11.0                      25.7  -14.7     26.9
  SINCE JUL 1     11.0                      25.7  -14.7     26.9
  SNOW DEPTH       4

DEGREE DAYS
 HEATING
  YESTERDAY       66                        46     20       24
  MONTH TO DATE 1157                       979    178      779
  SINCE DEC 1   4149                      4150     -1     3987
  SINCE JUL 1   5926                      6113   -187     5337

 COOLING
  YESTERDAY        0                         0      0        0
  MONTH TO DATE    0                         0      0        0
  SINCE DEC 1      0                         0      0        0
  SINCE JAN 1      0                         0      0        0
..................................................................


WIND (MPH)
  HIGHEST WIND SPEED    22   HIGHEST WIND DIRECTION    NW (310)
  HIGHEST GUST SPEED    27   HIGHEST GUST DIRECTION     N (340)
  AVERAGE WIND SPEED    14.8


SKY COVER
  POSSIBLE SUNSHINE  MM
  AVERAGE SKY COVER 0.5


WEATHER CONDITIONS
 THE FOLLOWING WEATHER WAS RECORDED YESTERDAY.
  LIGHT SNOW
  FOG
  BLOWING SNOW


RELATIVE HUMIDITY (PERCENT)
 HIGHEST    87           600 AM
 LOWEST     61           200 PM
 AVERAGE    74

..........................................................


THE ABERDEEN SD CLIMATE NORMALS FOR TODAY
                         NORMAL    RECORD    YEAR
 MAXIMUM TEMPERATURE (F)   30        64      2017
 MINIMUM TEMPERATURE (F)   10       -30      1918


SUNRISE AND SUNSET
FEBRUARY 21 2018......SUNRISE   726 AM CST   SUNSET   610 PM CST
FEBRUARY 22 2018......SUNRISE   724 AM CST   SUNSET   611 PM CST


-  INDICATES NEGATIVE NUMBERS.
R  INDICATES RECORD WAS SET OR TIED.
MM INDICATES DATA IS MISSING.
T  INDICATES TRACE AMOUNT.




$$
