920
CDUS43 KABR 220925
CLIABR


CLIMATE REPORT
NATIONAL WEATHER SERVICE ABERDEEN SD
425 AM CDT FRI MAY 22 2015


...................................

...THE ABERDEEN SD CLIMATE SUMMARY FOR MAY 21 2015...

CLIMATE NORMAL PERIOD 1981 TO 2010
CLIMATE RECORD PERIOD 1893 TO 2015


WEATHER ITEM   OBSERVED TIME   RECORD YEAR NORMAL DEPARTURE LAST
                VALUE   (LST)  VALUE       VALUE  FROM      YEAR
                                                  NORMAL
..................................................................
TEMPERATURE (F)
 YESTERDAY
  MAXIMUM         76    453 PM  94    1925  70      6       69
  MINIMUM         47   1148 PM  28    1963  46      1       43
  AVERAGE         62                        58      4       56

PRECIPITATION (IN)
  YESTERDAY        0.00          1.48 1898   0.09  -0.09     0.00
  MONTH TO DATE    5.12                      2.15   2.97     1.42
  SINCE MAR 1      5.90                      5.16   0.74     4.23
  SINCE JAN 1      6.95                      6.18   0.77     4.67

DEGREE DAYS
 HEATING
  YESTERDAY        3                         8     -5        9
  MONTH TO DATE  239                       223     16      332
  SINCE MAR 1   1652                      1931   -279     2276
  SINCE JUL 1   7920                      8394   -474     9435

 COOLING
  YESTERDAY        0                         1     -1        0
  MONTH TO DATE    2                        11     -9        1
  SINCE MAR 1      2                        13    -11        1
  SINCE JAN 1      2                        13    -11        1
..................................................................


WIND (MPH)
  HIGHEST WIND SPEED    16   HIGHEST WIND DIRECTION    NW (320)
  HIGHEST GUST SPEED    23   HIGHEST GUST DIRECTION     W (280)
  AVERAGE WIND SPEED    10.1


SKY COVER
  POSSIBLE SUNSHINE  MM
  AVERAGE SKY COVER 0.0


WEATHER CONDITIONS
 THE FOLLOWING WEATHER WAS RECORDED YESTERDAY.
  NO SIGNIFICANT WEATHER WAS OBSERVED.


RELATIVE HUMIDITY (PERCENT)
 HIGHEST    63          1100 PM
 LOWEST     25           400 PM
 AVERAGE    44

..........................................................


THE ABERDEEN SD CLIMATE NORMALS FOR TODAY
                         NORMAL    RECORD    YEAR
 MAXIMUM TEMPERATURE (F)   70        92      1928
 MINIMUM TEMPERATURE (F)   46        22      1963


SUNRISE AND SUNSET
MAY 22 2015...........SUNRISE   556 AM CDT   SUNSET   905 PM CDT
MAY 23 2015...........SUNRISE   555 AM CDT   SUNSET   906 PM CDT


-  INDICATES NEGATIVE NUMBERS.
R  INDICATES RECORD WAS SET OR TIED.
MM INDICATES DATA IS MISSING.
T  INDICATES TRACE AMOUNT.




$$
