000
CDUS43 KABR 290910
CLIABR


CLIMATE REPORT
NATIONAL WEATHER SERVICE ABERDEEN SD
409 AM CDT MON MAY 29 2017


...................................

...THE ABERDEEN SD CLIMATE SUMMARY FOR MAY 28 2017...

CLIMATE NORMAL PERIOD 1981 TO 2010
CLIMATE RECORD PERIOD 1893 TO 2017


WEATHER ITEM   OBSERVED TIME   RECORD YEAR NORMAL DEPARTURE LAST
                VALUE   (LST)  VALUE       VALUE  FROM      YEAR
                                                  NORMAL
..................................................................
TEMPERATURE (F)
 YESTERDAY
  MAXIMUM         76    145 PM 102    1934  72      4       71
  MINIMUM         41    533 AM  30    1965  48     -7       57
  AVERAGE         59                        60     -1       64

PRECIPITATION (IN)
  YESTERDAY        0.03          1.00 1899   0.10  -0.07     0.05
  MONTH TO DATE    0.65                      2.81  -2.16     1.67
  SINCE MAR 1      2.70                      5.82  -3.12     5.79
  SINCE JAN 1      3.38                      6.84  -3.46     6.48

DEGREE DAYS
 HEATING
  YESTERDAY        6                         6      0        1
  MONTH TO DATE  228                       269    -41      205
  SINCE MAR 1   1855                      1977   -122     1527
  SINCE JUL 1   7470                      8440   -970     6764

 COOLING
  YESTERDAY        0                         1     -1        0
  MONTH TO DATE   12                        18     -6       26
  SINCE MAR 1     12                        20     -8       27
  SINCE JAN 1     12                        20     -8       27
..................................................................


WIND (MPH)
  HIGHEST WIND SPEED    38   HIGHEST WIND DIRECTION     N (340)
  HIGHEST GUST SPEED    50   HIGHEST GUST DIRECTION     N (340)
  AVERAGE WIND SPEED    13.3


SKY COVER
  POSSIBLE SUNSHINE  MM
  AVERAGE SKY COVER 0.3


WEATHER CONDITIONS
 THE FOLLOWING WEATHER WAS RECORDED YESTERDAY.
  THUNDERSTORM
  RAIN


RELATIVE HUMIDITY (PERCENT)
 HIGHEST    89           400 AM
 LOWEST     25          1200 PM
 AVERAGE    57

..........................................................


THE ABERDEEN SD CLIMATE NORMALS FOR TODAY
                         NORMAL    RECORD    YEAR
 MAXIMUM TEMPERATURE (F)   72        99      1934
 MINIMUM TEMPERATURE (F)   49        23      1947


SUNRISE AND SUNSET
MAY 29 2017...........SUNRISE   550 AM CDT   SUNSET   913 PM CDT
MAY 30 2017...........SUNRISE   550 AM CDT   SUNSET   914 PM CDT


-  INDICATES NEGATIVE NUMBERS.
R  INDICATES RECORD WAS SET OR TIED.
MM INDICATES DATA IS MISSING.
T  INDICATES TRACE AMOUNT.




$$
