000
CDUS43 KABR 051034
CLIABR


CLIMATE REPORT
NATIONAL WEATHER SERVICE ABERDEEN SD
434 AM CST MON DEC 5 2016


...................................

...THE ABERDEEN SD CLIMATE SUMMARY FOR DECEMBER 4 2016...

CLIMATE NORMAL PERIOD 1981 TO 2010
CLIMATE RECORD PERIOD 1893 TO 2016


WEATHER ITEM   OBSERVED TIME   RECORD YEAR NORMAL DEPARTURE LAST
                VALUE   (LST)  VALUE       VALUE  FROM      YEAR
                                                  NORMAL
..................................................................
TEMPERATURE (F)
 YESTERDAY
  MAXIMUM         41    246 PM  56    1979  29     12       39
  MINIMUM         23   1115 PM -18    1927  10     13        7
  AVERAGE         32                        20     12       23

PRECIPITATION (IN)
  YESTERDAY        T             0.70 1927   0.02  -0.02     0.00
  MONTH TO DATE    T                         0.07  -0.07     0.24
  SINCE DEC 1      T                         0.07  -0.07     0.24
  SINCE JAN 1     18.81                     21.27  -2.46    20.78

SNOWFALL (IN)
  YESTERDAY        T
  MONTH TO DATE    T
  SINCE OCT 1      5.2
  SINCE JUL 1      5.2
  SNOW DEPTH       0

DEGREE DAYS
 HEATING
  YESTERDAY       33                        46    -13       42
  MONTH TO DATE  142                       180    -38      168
  SINCE DEC 1    142                       180    -38      168
  SINCE JUL 1   1492                      2143   -651     1580

 COOLING
  YESTERDAY        0                         0      0        0
  MONTH TO DATE    0                         0      0        0
  SINCE DEC 1      0                         0      0        0
  SINCE JAN 1    722                       525    197      677
..................................................................


WIND (MPH)
  HIGHEST WIND SPEED    21   HIGHEST WIND DIRECTION     W (290)
  HIGHEST GUST SPEED    25   HIGHEST GUST DIRECTION     W (290)
  AVERAGE WIND SPEED     9.1


SKY COVER
  POSSIBLE SUNSHINE  MM
  AVERAGE SKY COVER 0.3


WEATHER CONDITIONS
 THE FOLLOWING WEATHER WAS RECORDED YESTERDAY.
  FREEZING RAIN
  HAIL
  LIGHT SNOW


RELATIVE HUMIDITY (PERCENT)
 HIGHEST    96           900 PM
 LOWEST     64           100 PM
 AVERAGE    80

..........................................................


THE ABERDEEN SD CLIMATE NORMALS FOR TODAY
                         NORMAL    RECORD    YEAR
 MAXIMUM TEMPERATURE (F)   29        57      1939
 MINIMUM TEMPERATURE (F)    9       -25      2005


SUNRISE AND SUNSET
DECEMBER  5 2016......SUNRISE   758 AM CST   SUNSET   451 PM CST
DECEMBER  6 2016......SUNRISE   759 AM CST   SUNSET   451 PM CST


-  INDICATES NEGATIVE NUMBERS.
R  INDICATES RECORD WAS SET OR TIED.
MM INDICATES DATA IS MISSING.
T  INDICATES TRACE AMOUNT.




$$
