000
CDUS43 KABR 252245
CLIABR


CLIMATE REPORT
NATIONAL WEATHER SERVICE ABERDEEN SD
544 PM CDT TUE JUL 25 2017


...................................

...THE ABERDEEN SD CLIMATE SUMMARY FOR JULY 25 2017...
VALID TODAY AS OF 0500 PM LOCAL TIME.

CLIMATE NORMAL PERIOD 1981 TO 2010
CLIMATE RECORD PERIOD 1893 TO 2017


WEATHER ITEM   OBSERVED TIME   RECORD YEAR NORMAL DEPARTURE LAST
                VALUE   (LST)  VALUE       VALUE  FROM      YEAR
                                                  NORMAL
..................................................................
TEMPERATURE (F)
 TODAY
  MAXIMUM         85    317 PM 111    1931  84      1       93
  MINIMUM         66    522 AM  44    1911  59      7       56
  AVERAGE         76                        72      4       75

PRECIPITATION (IN)
  TODAY            T             1.72 1972   0.08  -0.08     0.00
  MONTH TO DATE    2.05                      2.51  -0.46     2.82
  SINCE JUN 1      5.99                      6.21  -0.22     4.23
  SINCE JAN 1      9.37                     13.35  -3.98    11.17

DEGREE DAYS
 COOLING
  TODAY           11                         7      4       10
  MONTH TO DATE  234                       166     68      184
  SINCE JUN 1    367                       258    109      376
  SINCE JAN 1    379                       281     98      409
..................................................................


WIND (MPH)
  HIGHEST WIND SPEED    17   HIGHEST WIND DIRECTION     N (20)
  HIGHEST GUST SPEED    21   HIGHEST GUST DIRECTION    NE (30)
  AVERAGE WIND SPEED     9.1


SKY COVER
  POSSIBLE SUNSHINE  MM
  AVERAGE SKY COVER 0.0


WEATHER CONDITIONS
 THE FOLLOWING WEATHER WAS RECORDED TODAY.
  LIGHT RAIN


RELATIVE HUMIDITY (PERCENT)
 HIGHEST    93           400 AM
 LOWEST     69          1200 PM
 AVERAGE    81

..........................................................


THE ABERDEEN SD CLIMATE NORMALS FOR TOMORROW
                         NORMAL    RECORD    YEAR
 MAXIMUM TEMPERATURE (F)   84       112      1931
 MINIMUM TEMPERATURE (F)   59        42      1962


SUNRISE AND SUNSET
JULY 25 2017..........SUNRISE   610 AM CDT   SUNSET   910 PM CDT
JULY 26 2017..........SUNRISE   611 AM CDT   SUNSET   908 PM CDT


-  INDICATES NEGATIVE NUMBERS.
R  INDICATES RECORD WAS SET OR TIED.
MM INDICATES DATA IS MISSING.
T  INDICATES TRACE AMOUNT.

&&

PEAK WIND WAS 21 MPH FROM THE NORTHEAST AT 1252 PM CDT

$$
