000
CDUS43 KABR 280907
CLIABR


CLIMATE REPORT
NATIONAL WEATHER SERVICE ABERDEEN SD
406 AM CDT SUN AUG 28 2016


...................................

...THE ABERDEEN SD CLIMATE SUMMARY FOR AUGUST 27 2016...

CLIMATE NORMAL PERIOD 1981 TO 2010
CLIMATE RECORD PERIOD 1893 TO 2016


WEATHER ITEM   OBSERVED TIME   RECORD YEAR NORMAL DEPARTURE LAST
                VALUE   (LST)  VALUE       VALUE  FROM      YEAR
                                                  NORMAL
..................................................................
TEMPERATURE (F)
 YESTERDAY
  MAXIMUM         80    431 PM 106    1973  80      0       81
  MINIMUM         57   1208 AM  38    1967  54      3       63
  AVERAGE         69                        67      2       72

PRECIPITATION (IN)
  YESTERDAY        0.00          0.67 1975   0.08  -0.08     0.00
  MONTH TO DATE    2.00                      2.12  -0.12     2.94
  SINCE JUN 1      7.10                      8.84  -1.74     9.10
  SINCE JAN 1     14.04                     15.98  -1.94    17.32

DEGREE DAYS
 HEATING
  YESTERDAY        0                         2     -2        0
  MONTH TO DATE   23                        28     -5       37
  SINCE JUN 1     51                       118    -67       56
  SINCE JUL 1     31                        42    -11       42

 COOLING
  YESTERDAY        4                         4      0        7
  MONTH TO DATE  173                       148     25      135
  SINCE JUN 1    595                       448    147      523
  SINCE JAN 1    628                       471    157      537
..................................................................


WIND (MPH)
  HIGHEST WIND SPEED    17   HIGHEST WIND DIRECTION     S (200)
  HIGHEST GUST SPEED    22   HIGHEST GUST DIRECTION     S (190)
  AVERAGE WIND SPEED    10.4


SKY COVER
  POSSIBLE SUNSHINE  MM
  AVERAGE SKY COVER 0.5


WEATHER CONDITIONS
 THE FOLLOWING WEATHER WAS RECORDED YESTERDAY.
  FOG


RELATIVE HUMIDITY (PERCENT)
 HIGHEST    97           800 AM
 LOWEST     54           300 PM
 AVERAGE    76

..........................................................


THE ABERDEEN SD CLIMATE NORMALS FOR TODAY
                         NORMAL    RECORD    YEAR
 MAXIMUM TEMPERATURE (F)   79       104      1937
 MINIMUM TEMPERATURE (F)   53        31      1893


SUNRISE AND SUNSET
AUGUST 28 2016........SUNRISE   651 AM CDT   SUNSET   818 PM CDT
AUGUST 29 2016........SUNRISE   652 AM CDT   SUNSET   816 PM CDT


-  INDICATES NEGATIVE NUMBERS.
R  INDICATES RECORD WAS SET OR TIED.
MM INDICATES DATA IS MISSING.
T  INDICATES TRACE AMOUNT.




$$
