000
CDUS43 KABR 260907
CLIABR


CLIMATE REPORT
NATIONAL WEATHER SERVICE ABERDEEN SD
406 AM CDT THU MAY 26 2016


...................................

...THE ABERDEEN SD CLIMATE SUMMARY FOR MAY 25 2016...

CLIMATE NORMAL PERIOD 1981 TO 2010
CLIMATE RECORD PERIOD 1893 TO 2016


WEATHER ITEM   OBSERVED TIME   RECORD YEAR NORMAL DEPARTURE LAST
                VALUE   (LST)  VALUE       VALUE  FROM      YEAR
                                                  NORMAL
..................................................................
TEMPERATURE (F)
 YESTERDAY
  MAXIMUM         79    408 PM  93    1941  71      8       69
  MINIMUM         53   1159 PM  29    1924  47      6       52
  AVERAGE         66                        59      7       61

PRECIPITATION (IN)
  YESTERDAY        0.34          3.70 1906   0.09   0.25     0.44
  MONTH TO DATE    1.44                      2.53  -1.09     5.86
  SINCE MAR 1      5.56                      5.54   0.02     6.64
  SINCE JAN 1      6.25                      6.56  -0.31     7.69

DEGREE DAYS
 HEATING
  YESTERDAY        0                         7     -7        4
  MONTH TO DATE  201                       251    -50      265
  SINCE MAR 1   1523                      1959   -436     1678
  SINCE JUL 1   6760                      8422  -1662     7946

 COOLING
  YESTERDAY        1                         1      0        0
  MONTH TO DATE   26                        15     11        2
  SINCE MAR 1     27                        17     10        2
  SINCE JAN 1     27                        17     10        2
..................................................................


WIND (MPH)
  HIGHEST WIND SPEED    32   HIGHEST WIND DIRECTION    SW (210)
  HIGHEST GUST SPEED    38   HIGHEST GUST DIRECTION    SW (210)
  AVERAGE WIND SPEED     8.9


SKY COVER
  POSSIBLE SUNSHINE  MM
  AVERAGE SKY COVER 0.5


WEATHER CONDITIONS
 THE FOLLOWING WEATHER WAS RECORDED YESTERDAY.
  THUNDERSTORM
  RAIN
  LIGHT RAIN
  FOG


RELATIVE HUMIDITY (PERCENT)
 HIGHEST    90           800 AM
 LOWEST     45           700 PM
 AVERAGE    68

..........................................................


THE ABERDEEN SD CLIMATE NORMALS FOR TODAY
                         NORMAL    RECORD    YEAR
 MAXIMUM TEMPERATURE (F)   71        94      1900
 MINIMUM TEMPERATURE (F)   48        30      1992


SUNRISE AND SUNSET
MAY 26 2016...........SUNRISE   552 AM CDT   SUNSET   910 PM CDT
MAY 27 2016...........SUNRISE   552 AM CDT   SUNSET   911 PM CDT


-  INDICATES NEGATIVE NUMBERS.
R  INDICATES RECORD WAS SET OR TIED.
MM INDICATES DATA IS MISSING.
T  INDICATES TRACE AMOUNT.




$$
