000
CDUS43 KABR 190911
CLIABR


CLIMATE REPORT
NATIONAL WEATHER SERVICE ABERDEEN SD
410 AM CDT TUE SEP 19 2017


...................................

...THE ABERDEEN SD CLIMATE SUMMARY FOR SEPTEMBER 18 2017...

CLIMATE NORMAL PERIOD 1981 TO 2010
CLIMATE RECORD PERIOD 1893 TO 2017


WEATHER ITEM   OBSERVED TIME   RECORD YEAR NORMAL DEPARTURE LAST
                VALUE   (LST)  VALUE       VALUE  FROM      YEAR
                                                  NORMAL
..................................................................
TEMPERATURE (F)
 YESTERDAY
  MAXIMUM         80    431 PM  95    2000  71      9       85
  MINIMUM         48    253 AM  22    1896  45      3       53
  AVERAGE         64                        58      6       69

PRECIPITATION (IN)
  YESTERDAY        0.00          1.64 1988   0.07  -0.07     0.00
  MONTH TO DATE    0.15                      1.34  -1.19     1.06
  SINCE SEP 1      0.15                      1.34  -1.19     1.06
  SINCE JAN 1     12.21                     17.63  -5.42    15.12

DEGREE DAYS
 HEATING
  YESTERDAY        1                         8     -7        0
  MONTH TO DATE   65                        97    -32       58
  SINCE SEP 1     65                        97    -32       58
  SINCE JUL 1     84                       148    -64       89

 COOLING
  YESTERDAY        0                         1     -1        4
  MONTH TO DATE   49                        34     15       48
  SINCE SEP 1     49                        34     15       48
  SINCE JAN 1    534                       517     17      709
..................................................................


WIND (MPH)
  HIGHEST WIND SPEED    14   HIGHEST WIND DIRECTION     S (180)
  HIGHEST GUST SPEED    17   HIGHEST GUST DIRECTION     S (190)
  AVERAGE WIND SPEED     7.6


SKY COVER
  POSSIBLE SUNSHINE  MM
  AVERAGE SKY COVER 0.2


WEATHER CONDITIONS
 THE FOLLOWING WEATHER WAS RECORDED YESTERDAY.
  NO SIGNIFICANT WEATHER WAS OBSERVED.


RELATIVE HUMIDITY (PERCENT)
 HIGHEST   100           700 AM
 LOWEST     39           400 PM
 AVERAGE    70

..........................................................


THE ABERDEEN SD CLIMATE NORMALS FOR TODAY
                         NORMAL    RECORD    YEAR
 MAXIMUM TEMPERATURE (F)   71       101      1895
 MINIMUM TEMPERATURE (F)   44        26      1938


SUNRISE AND SUNSET
SEPTEMBER 19 2017.....SUNRISE   717 AM CDT   SUNSET   736 PM CDT
SEPTEMBER 20 2017.....SUNRISE   719 AM CDT   SUNSET   735 PM CDT


-  INDICATES NEGATIVE NUMBERS.
R  INDICATES RECORD WAS SET OR TIED.
MM INDICATES DATA IS MISSING.
T  INDICATES TRACE AMOUNT.




$$
