000
CDUS43 KABR 241027
CLIABR


CLIMATE REPORT
NATIONAL WEATHER SERVICE ABERDEEN SD
527 AM CDT THU JUL 24 2014


...................................

...THE ABERDEEN SD CLIMATE SUMMARY FOR JULY 23 2014...

CLIMATE NORMAL PERIOD 1981 TO 2010
CLIMATE RECORD PERIOD 1893 TO 2014


WEATHER ITEM   OBSERVED TIME   RECORD YEAR NORMAL DEPARTURE LAST
                VALUE   (LST)  VALUE       VALUE  FROM      YEAR
                                                  NORMAL
..................................................................
TEMPERATURE (F)
 YESTERDAY
  MAXIMUM         81    335 PM 109    1941  84     -3       75
  MINIMUM         54    547 AM  41    1904  60     -6       53
  AVERAGE         68                        72     -4       64

PRECIPITATION (IN)
  YESTERDAY        0.00          1.42 1988   0.09  -0.09     0.00
  MONTH TO DATE    0.50                      2.34  -1.84     2.35
  SINCE JUN 1      3.81                      6.04  -2.23     4.55
  SINCE JAN 1      9.24                     13.18  -3.94    13.07

DEGREE DAYS
 HEATING
  YESTERDAY        0                         0      0        1
  MONTH TO DATE   25                         8     17        1
  SINCE JUN 1    108                        84     24       82
  SINCE JUL 1     25                         8     17        1

 COOLING
  YESTERDAY        3                         7     -4        0
  MONTH TO DATE   99                       152    -53      184
  SINCE JUN 1    145                       244    -99      280
  SINCE JAN 1    187                       267    -80      301
..................................................................


WIND (MPH)
  HIGHEST WIND SPEED    14   HIGHEST WIND DIRECTION     E (80)
  HIGHEST GUST SPEED    20   HIGHEST GUST DIRECTION     E (110)
  AVERAGE WIND SPEED     6.3


SKY COVER
  POSSIBLE SUNSHINE  MM
  AVERAGE SKY COVER 0.2


WEATHER CONDITIONS
 THE FOLLOWING WEATHER WAS RECORDED YESTERDAY.
  NO SIGNIFICANT WEATHER WAS OBSERVED.


RELATIVE HUMIDITY (PERCENT)
 HIGHEST   100           500 AM
 LOWEST     42           300 PM
 AVERAGE    71

..........................................................


THE ABERDEEN SD CLIMATE NORMALS FOR TODAY
                         NORMAL    RECORD    YEAR
 MAXIMUM TEMPERATURE (F)   84       108      1931
 MINIMUM TEMPERATURE (F)   60        46      1905
                                             1895


SUNRISE AND SUNSET
JULY 24 2014..........SUNRISE   609 AM CDT   SUNSET   911 PM CDT
JULY 25 2014..........SUNRISE   610 AM CDT   SUNSET   910 PM CDT


-  INDICATES NEGATIVE NUMBERS.
R  INDICATES RECORD WAS SET OR TIED.
MM INDICATES DATA IS MISSING.
T  INDICATES TRACE AMOUNT.




$$
