000
CDUS42 KTAE 231500
CLIABY


CLIMATE REPORT
NATIONAL WEATHER SERVICE
300 PM UTC FRI FEB 23 2018


...................................

...THE ALBANY CLIMATE SUMMARY FOR FEBRUARY 22 2018...

CLIMATE NORMAL PERIOD 1981 TO 2010
CLIMATE RECORD PERIOD 1930 TO 2018


WEATHER ITEM   OBSERVED TIME   RECORD YEAR NORMAL DEPARTURE LAST
                VALUE   (LST)  VALUE       VALUE  FROM      YEAR
                                                  NORMAL
..................................................................
TEMPERATURE (F)
 YESTERDAY
  MAXIMUM         83R   426 PM  83    2005  66     17       73
                                      1991
  MINIMUM         61    620 AM  21    1963  42     19       61
  AVERAGE         72                        54     18       67

PRECIPITATION (IN)
  YESTERDAY        0.00                      0.16  -0.16     0.26
  MONTH TO DATE    4.70                      3.17   1.53     2.52
  SINCE DEC 1     10.69                     11.74  -1.05    21.98
  SINCE JAN 1      7.57                      7.99  -0.42    11.30

SNOWFALL (IN)
  YESTERDAY        0.0
  MONTH TO DATE    0.0
  SINCE DEC 1      0.1
  SINCE JUL 1      0.1

DEGREE DAYS
 HEATING
  YESTERDAY        0                        11    -11        0
  MONTH TO DATE  101                       292   -191      122
  SINCE DEC 1   1024                      1226   -202      645
  SINCE JUL 1   1239                      1496   -257      786

 COOLING
  YESTERDAY        7                         0      7        2
  MONTH TO DATE   54                         0     54        8
  SINCE DEC 1     72                        13     59       51
  SINCE JAN 1     59                         4     55       28
..................................................................


WIND (MPH)
  HIGHEST WIND SPEED    14   HIGHEST WIND DIRECTION     S (160)
  HIGHEST GUST SPEED    19   HIGHEST GUST DIRECTION     S (170)
  AVERAGE WIND SPEED     3.4




RELATIVE HUMIDITY (PERCENT)
 HIGHEST   100
 LOWEST     51
 AVERAGE    76

..........................................................


THE ALBANY CLIMATE NORMALS FOR TODAY
                         NORMAL    RECORD    YEAR
 MAXIMUM TEMPERATURE (F)   67        82      1962
 MINIMUM TEMPERATURE (F)   42        23      1963


SUNRISE AND SUNSET
FEBRUARY 23 2018......SUNRISE   710 AM EST   SUNSET   630 PM EST
FEBRUARY 24 2018......SUNRISE   709 AM EST   SUNSET   631 PM EST


-  INDICATES NEGATIVE NUMBERS.
R  INDICATES RECORD WAS SET OR TIED.
MM INDICATES DATA IS MISSING.
T  INDICATES TRACE AMOUNT.




$$
