000
CDUS42 KTAE 292201
CLIABY


CLIMATE REPORT
NATIONAL WEATHER SERVICE TALLAHASSEE FL
601 PM EDT SUN MAR 29 2015


...................................

...THE ALBANY CLIMATE SUMMARY FOR MARCH 29 2015...
VALID TODAY AS OF 0600 PM LOCAL TIME.

CLIMATE NORMAL PERIOD 1981 TO 2010
CLIMATE RECORD PERIOD 1930 TO 2015


WEATHER ITEM   OBSERVED TIME   RECORD YEAR NORMAL DEPARTURE LAST
                VALUE   (LST)  VALUE       VALUE  FROM      YEAR
                                                  NORMAL
..................................................................
TEMPERATURE (F)
 TODAY
  MAXIMUM         65    334 PM  90    2007  75    -10       77
  MINIMUM         42    654 AM  27    1955  49     -7       54
  AVERAGE         54                        62     -8       66

PRECIPITATION (IN)
  TODAY            0.00                      0.18  -0.18     0.22
  MONTH TO DATE    2.17                      4.67  -2.50     2.80
  SINCE MAR 1      2.17                      4.67  -2.50     2.80
  SINCE JAN 1      9.50                     13.65  -4.15     8.04

..................................................................







THE ALBANY CLIMATE NORMALS FOR TOMORROW
                         NORMAL    RECORD    YEAR
 MAXIMUM TEMPERATURE (F)   75        90      1998
 MINIMUM TEMPERATURE (F)   50        31      1955



-  INDICATES NEGATIVE NUMBERS.
R  INDICATES RECORD WAS SET OR TIED.
MM INDICATES DATA IS MISSING.
T  INDICATES TRACE AMOUNT.




$$
