000
CDUS42 KTAE 212138
CLIABY


CLIMATE REPORT
NATIONAL WEATHER SERVICE TALLAHASSEE FL
537 PM EDT THU AUG 21 2014


...................................

...THE ALBANY CLIMATE SUMMARY FOR AUGUST 21 2014...
VALID TODAY AS OF 0500 PM LOCAL TIME.

CLIMATE NORMAL PERIOD 1981 TO 2010
CLIMATE RECORD PERIOD 1930 TO 2014


WEATHER ITEM   OBSERVED TIME   RECORD YEAR NORMAL DEPARTURE LAST
                VALUE   (LST)  VALUE       VALUE  FROM      YEAR
                                                  NORMAL
..................................................................
TEMPERATURE (F)
 TODAY
  MAXIMUM         97    133 PM 101    1983  92      5       91
  MINIMUM         72    634 AM  60    1991  72      0       71
  AVERAGE         85                        82      3       81

PRECIPITATION (IN)
  TODAY            0.26                      0.17   0.09      T
  MONTH TO DATE    0.26                      3.45  -3.19     8.20
  SINCE JUN 1      5.55                     13.85  -8.30    24.61
  SINCE JAN 1     24.61                     34.21  -9.60    41.13

..................................................................







THE ALBANY CLIMATE NORMALS FOR TOMORROW
                         NORMAL    RECORD    YEAR
 MAXIMUM TEMPERATURE (F)   92       101      1980
 MINIMUM TEMPERATURE (F)   72        60      1991



-  INDICATES NEGATIVE NUMBERS.
R  INDICATES RECORD WAS SET OR TIED.
MM INDICATES DATA IS MISSING.
T  INDICATES TRACE AMOUNT.




$$
