000
CDUS42 KTAE 270633
CLIABY


CLIMATE REPORT
NATIONAL WEATHER SERVICE TALLAHASSEE FL
233 AM EDT TUE SEP 27 2016


...................................

...THE ALBANY CLIMATE SUMMARY FOR SEPTEMBER 26 2016...

CLIMATE NORMAL PERIOD 1981 TO 2010
CLIMATE RECORD PERIOD 1930 TO 2016


WEATHER ITEM   OBSERVED TIME   RECORD YEAR NORMAL DEPARTURE LAST
                VALUE   (LST)  VALUE       VALUE  FROM      YEAR
                                                  NORMAL
..................................................................
TEMPERATURE (F)
 YESTERDAY
  MAXIMUM         93    225 PM  97    1961  86      7       86
  MINIMUM         71    652 AM  44    1990  64      7       65
  AVERAGE         82                        75      7       76

PRECIPITATION (IN)
  YESTERDAY        0.01                      0.10  -0.09     0.00
  MONTH TO DATE    3.29                      3.11   0.18     2.39
  SINCE SEP 1      3.29                      3.11   0.18     2.39
  SINCE JAN 1     37.34                     38.71  -1.37    33.57

SNOWFALL (IN)
  YESTERDAY        0.0

DEGREE DAYS
 HEATING
  YESTERDAY        0                         0      0        0
  MONTH TO DATE    0                         0      0        0
  SINCE SEP 1      0                         0      0        0
  SINCE JUL 1      0                         0      0        0

 COOLING
  YESTERDAY       17                        10      7       11
  MONTH TO DATE  428                       347     81      328
  SINCE SEP 1    428                       347     81      328
  SINCE JAN 1   2665                      2320    345     2581
..................................................................


WIND (MPH)
  HIGHEST WIND SPEED    20   HIGHEST WIND DIRECTION    SE (140)
  HIGHEST GUST SPEED    25   HIGHEST GUST DIRECTION    SE (140)
  AVERAGE WIND SPEED     3.2




RELATIVE HUMIDITY (PERCENT)
 HIGHEST    93
 LOWEST     44
 AVERAGE    69

..........................................................


THE ALBANY CLIMATE NORMALS FOR TODAY
                         NORMAL    RECORD    YEAR
 MAXIMUM TEMPERATURE (F)   86        97      1986
 MINIMUM TEMPERATURE (F)   64        45      1990


SUNRISE AND SUNSET
SEPTEMBER 27 2016.....SUNRISE   728 AM EDT   SUNSET   726 PM EDT
SEPTEMBER 28 2016.....SUNRISE   729 AM EDT   SUNSET   725 PM EDT


-  INDICATES NEGATIVE NUMBERS.
R  INDICATES RECORD WAS SET OR TIED.
MM INDICATES DATA IS MISSING.
T  INDICATES TRACE AMOUNT.




$$
