000
CDUS42 KTAE 210635
CLIABY


CLIMATE REPORT
NATIONAL WEATHER SERVICE TALLAHASSEE FL
233 AM EDT FRI JUL 21 2017

...................................

...THE ALBANY CLIMATE SUMMARY FOR JULY 20 2017...

CLIMATE NORMAL PERIOD 1981 TO 2010
CLIMATE RECORD PERIOD 1930 TO 2017


WEATHER ITEM   OBSERVED TIME   RECORD YEAR NORMAL DEPARTURE LAST
                VALUE   (LST)  VALUE       VALUE  FROM      YEAR
                                                  NORMAL
..................................................................
TEMPERATURE (F)
 YESTERDAY
  MAXIMUM         97    445 PM 101    1942  93      4       98
  MINIMUM         75    606 AM  58    1987  72      3       73
  AVERAGE         86                        83      3       86

PRECIPITATION (IN)
  YESTERDAY        T                         0.18  -0.18     0.28
  MONTH TO DATE    3.30                      3.59  -0.29     0.71
  SINCE JUN 1      9.92                      8.53   1.39     5.12
  SINCE JAN 1     28.92                     28.89   0.03    27.85

SNOWFALL (IN)
  YESTERDAY        0.0

DEGREE DAYS
 HEATING
  YESTERDAY        0                         0      0        0
  MONTH TO DATE    0                         0      0        0
  SINCE JUN 1      0                         0      0        0
  SINCE JUL 1      0                         0      0        0

 COOLING
  YESTERDAY       21                        18      3       21
  MONTH TO DATE  370                       348     22      403
  SINCE JUN 1    809                       813     -4      919
  SINCE JAN 1   1439                      1253    186     1411
..................................................................


WIND (MPH)
  HIGHEST WIND SPEED    15   HIGHEST WIND DIRECTION     S (200)
  HIGHEST GUST SPEED    17   HIGHEST GUST DIRECTION    SW (210)
  AVERAGE WIND SPEED     3.5




RELATIVE HUMIDITY (PERCENT)
 HIGHEST   100
 LOWEST     45
 AVERAGE    73

..........................................................


THE ALBANY CLIMATE NORMALS FOR TODAY
                         NORMAL    RECORD    YEAR
 MAXIMUM TEMPERATURE (F)   93       103      1942
 MINIMUM TEMPERATURE (F)   72        62      2009


SUNRISE AND SUNSET
JULY 21 2017..........SUNRISE   646 AM EDT   SUNSET   840 PM EDT
JULY 22 2017..........SUNRISE   647 AM EDT   SUNSET   839 PM EDT


-  INDICATES NEGATIVE NUMBERS.
R  INDICATES RECORD WAS SET OR TIED.
MM INDICATES DATA IS MISSING.
T  INDICATES TRACE AMOUNT.

$$
