000
CDUS42 KTAE 240630
CLIABY


CLIMATE REPORT
NATIONAL WEATHER SERVICE TALLAHASSEE FL
230 AM EDT SUN SEP 24 2017


...................................

...THE ALBANY CLIMATE SUMMARY FOR SEPTEMBER 23 2017...

CLIMATE NORMAL PERIOD 1981 TO 2010
CLIMATE RECORD PERIOD 1930 TO 2017


WEATHER ITEM   OBSERVED TIME   RECORD YEAR NORMAL DEPARTURE LAST
                VALUE   (LST)  VALUE       VALUE  FROM      YEAR
                                                  NORMAL
..................................................................
TEMPERATURE (F)
 YESTERDAY
  MAXIMUM         91    331 PM 101    1940  87      4       95
  MINIMUM         68    538 AM  45    1983  65      3       70
  AVERAGE         80                        76      4       83

PRECIPITATION (IN)
  YESTERDAY        0.00                      0.10  -0.10     0.00
  MONTH TO DATE    2.89                      2.82   0.07     3.11
  SINCE SEP 1      2.89                      2.82   0.07     3.11
  SINCE JAN 1     35.66                     38.42  -2.76    37.16

SNOWFALL (IN)
  YESTERDAY        0.0

DEGREE DAYS
 HEATING
  YESTERDAY        0                         0      0        0
  MONTH TO DATE    0                         0      0        0
  SINCE SEP 1      0                         0      0        0
  SINCE JUL 1      0                         0      0        0

 COOLING
  YESTERDAY       15                        11      4       18
  MONTH TO DATE  297                       316    -19      376
  SINCE SEP 1    297                       316    -19      376
  SINCE JAN 1   2505                      2289    216     2613
..................................................................


WIND (MPH)
  HIGHEST WIND SPEED    16   HIGHEST WIND DIRECTION    NE (60)
  HIGHEST GUST SPEED    20   HIGHEST GUST DIRECTION    NE (60)
  AVERAGE WIND SPEED     6.1




RELATIVE HUMIDITY (PERCENT)
 HIGHEST    97
 LOWEST     44
 AVERAGE    71

..........................................................


THE ALBANY CLIMATE NORMALS FOR TODAY
                         NORMAL    RECORD    YEAR
 MAXIMUM TEMPERATURE (F)   86        97      1961
 MINIMUM TEMPERATURE (F)   65        47      1982


SUNRISE AND SUNSET
SEPTEMBER 24 2017.....SUNRISE   726 AM EDT   SUNSET   730 PM EDT
SEPTEMBER 25 2017.....SUNRISE   727 AM EDT   SUNSET   729 PM EDT


-  INDICATES NEGATIVE NUMBERS.
R  INDICATES RECORD WAS SET OR TIED.
MM INDICATES DATA IS MISSING.
T  INDICATES TRACE AMOUNT.




$$
