000
CDUS42 KTAE 152133
CLIABY


CLIMATE REPORT
NATIONAL WEATHER SERVICE TALLAHASSEE FL
533 PM EDT MON SEP 15 2014


...................................

...THE ALBANY CLIMATE SUMMARY FOR SEPTEMBER 15 2014...
VALID TODAY AS OF 0500 PM LOCAL TIME.

CLIMATE NORMAL PERIOD 1981 TO 2010
CLIMATE RECORD PERIOD 1930 TO 2014


WEATHER ITEM   OBSERVED TIME   RECORD YEAR NORMAL DEPARTURE LAST
                VALUE   (LST)  VALUE       VALUE  FROM      YEAR
                                                  NORMAL
..................................................................
TEMPERATURE (F)
 TODAY
  MAXIMUM         92    226 PM 100    1991  89      3       93
  MINIMUM         74    539 AM  53    1969  68      6       69
  AVERAGE         83                        78      5       81

PRECIPITATION (IN)
  TODAY            0.00                      0.11  -0.11     0.00
  MONTH TO DATE    6.81                      2.11   4.70     0.21
  SINCE SEP 1      6.81                      2.11   4.70     0.21
  SINCE JAN 1     31.94                     37.71  -5.77    41.57

..................................................................







THE ALBANY CLIMATE NORMALS FOR TOMORROW
                         NORMAL    RECORD    YEAR
 MAXIMUM TEMPERATURE (F)   88       101      1991
 MINIMUM TEMPERATURE (F)   68        52      1967



-  INDICATES NEGATIVE NUMBERS.
R  INDICATES RECORD WAS SET OR TIED.
MM INDICATES DATA IS MISSING.
T  INDICATES TRACE AMOUNT.




$$
