969
CDUS42 KTAE 310633
CLIABY


CLIMATE REPORT
NATIONAL WEATHER SERVICE TALLAHASSEE FL
233 AM EDT TUE MAY 31 2016


...................................

...THE ALBANY CLIMATE SUMMARY FOR MAY 30 2016...

CLIMATE NORMAL PERIOD 1981 TO 2010
CLIMATE RECORD PERIOD 1930 TO 2016


WEATHER ITEM   OBSERVED TIME   RECORD YEAR NORMAL DEPARTURE LAST
                VALUE   (LST)  VALUE       VALUE  FROM      YEAR
                                                  NORMAL
..................................................................
TEMPERATURE (F)
 YESTERDAY
  MAXIMUM         97    424 PM 100    1941  90      7       93
  MINIMUM         68    609 AM  49    1971  67      1       65
  AVERAGE         83                        78      5       79

PRECIPITATION (IN)
  YESTERDAY        0.00                      0.15  -0.15     0.00
  MONTH TO DATE    0.78                      2.55  -1.77     0.29
  SINCE MAR 1     12.42                     11.24   1.18     7.64
  SINCE JAN 1     22.73                     20.22   2.51    14.97

SNOWFALL (IN)
  YESTERDAY        0.0

DEGREE DAYS
 HEATING
  YESTERDAY        0                         0      0        0
  MONTH TO DATE    4                         0      4        2
  SINCE MAR 1    155                       274   -119      125
  SINCE JUL 1   1290                      1834   -544     1849

 COOLING
  YESTERDAY       18                        13      5       14
  MONTH TO DATE  287                       288     -1      340
  SINCE MAR 1    471                       419     52      586
  SINCE JAN 1    474                       428     46      588
..................................................................


WIND (MPH)
  HIGHEST WIND SPEED    15   HIGHEST WIND DIRECTION    NW (330)
  HIGHEST GUST SPEED    19   HIGHEST GUST DIRECTION    NW (330)
  AVERAGE WIND SPEED     3.5




RELATIVE HUMIDITY (PERCENT)
 HIGHEST    87
 LOWEST     28
 AVERAGE    58

..........................................................


THE ALBANY CLIMATE NORMALS FOR TODAY
                         NORMAL    RECORD    YEAR
 MAXIMUM TEMPERATURE (F)   90        99      1945
 MINIMUM TEMPERATURE (F)   67        48      1984


SUNRISE AND SUNSET
MAY 31 2016...........SUNRISE   633 AM EDT   SUNSET   837 PM EDT
JUNE  1 2016..........SUNRISE   632 AM EDT   SUNSET   837 PM EDT


-  INDICATES NEGATIVE NUMBERS.
R  INDICATES RECORD WAS SET OR TIED.
MM INDICATES DATA IS MISSING.
T  INDICATES TRACE AMOUNT.




$$
