000
CDUS42 KTAE 290632
CLIABY


CLIMATE REPORT
NATIONAL WEATHER SERVICE TALLAHASSEE FL
232 AM EDT WED JUL 29 2015


...................................

...THE ALBANY CLIMATE SUMMARY FOR JULY 28 2015...

CLIMATE NORMAL PERIOD 1981 TO 2010
CLIMATE RECORD PERIOD 1930 TO 2015


WEATHER ITEM   OBSERVED TIME   RECORD YEAR NORMAL DEPARTURE LAST
                VALUE   (LST)  VALUE       VALUE  FROM      YEAR
                                                  NORMAL
..................................................................
TEMPERATURE (F)
 YESTERDAY
  MAXIMUM         99    422 PM 101    2010  93      6       97
                                      1968
  MINIMUM         74    553 AM  66    1990  72      2       74
  AVERAGE         87                        82      5       86

PRECIPITATION (IN)
  YESTERDAY        0.00                      0.16  -0.16      T
  MONTH TO DATE    3.55                      4.93  -1.38     0.53
  SINCE JUN 1      8.92                      9.87  -0.95     5.29
  SINCE JAN 1     24.78                     30.23  -5.45    24.35

SNOWFALL (IN)
  YESTERDAY        0.0

DEGREE DAYS
 HEATING
  YESTERDAY        0                         0      0        0
  MONTH TO DATE    0                         0      0        0
  SINCE JUN 1      0                         0      0        0
  SINCE JUL 1      0                         0      0        0

 COOLING
  YESTERDAY       22                        18      4       21
  MONTH TO DATE  525                       492     33      487
  SINCE JUN 1   1007                       957     50      952
  SINCE JAN 1   1611                      1397    214     1346
..................................................................


WIND (MPH)
  HIGHEST WIND SPEED    15   HIGHEST WIND DIRECTION     N (350)
  HIGHEST GUST SPEED    21   HIGHEST GUST DIRECTION     N (350)
  AVERAGE WIND SPEED     2.5




RELATIVE HUMIDITY (PERCENT)
 HIGHEST    94
 LOWEST     38
 AVERAGE    66

..........................................................


THE ALBANY CLIMATE NORMALS FOR TODAY
                         NORMAL    RECORD    YEAR
 MAXIMUM TEMPERATURE (F)   93       102      2010
 MINIMUM TEMPERATURE (F)   72        63      1992


SUNRISE AND SUNSET
JULY 29 2015..........SUNRISE   651 AM EDT   SUNSET   835 PM EDT
JULY 30 2015..........SUNRISE   652 AM EDT   SUNSET   834 PM EDT


-  INDICATES NEGATIVE NUMBERS.
R  INDICATES RECORD WAS SET OR TIED.
MM INDICATES DATA IS MISSING.
T  INDICATES TRACE AMOUNT.




$$
