917
CDUS42 KTAE 030626
CLIABY


CLIMATE REPORT
NATIONAL WEATHER SERVICE TALLAHASSEE FL
220 AM EDT TUE MAY 3 2016

...................................

...THE ALBANY CLIMATE SUMMARY FOR MAY 2 2016...

CLIMATE NORMAL PERIOD 1981 TO 2010
CLIMATE RECORD PERIOD 1930 TO 2016


WEATHER ITEM   OBSERVED TIME   RECORD YEAR NORMAL DEPARTURE LAST
                VALUE   (LST)  VALUE       VALUE  FROM      YEAR
                                                  NORMAL
..................................................................
TEMPERATURE (F)
 YESTERDAY
  MAXIMUM         87    218 PM  93    2002  84      3       79
                                      1948
  MINIMUM         67    544 AM  45    1996  58      9       49
  AVERAGE         77                        71      6       64

PRECIPITATION (IN)
  YESTERDAY        T                         0.07  -0.07     0.00
  MONTH TO DATE    T                         0.14  -0.14     0.00
  SINCE MAR 1     11.64                      8.83   2.81     7.35
  SINCE JAN 1     21.95                     17.81   4.14    14.68

SNOWFALL (IN)
  YESTERDAY        0.0

DEGREE DAYS
 HEATING
  YESTERDAY        0                         0      0        1
  MONTH TO DATE    0                         0      0        2
  SINCE MAR 1    151                       274   -123      125
  SINCE JUL 1   1286                      1834   -548     1849

 COOLING
  YESTERDAY       12                         6      6        0
  MONTH TO DATE   26                        12     14        0
  SINCE MAR 1    210                       143     67      246
  SINCE JAN 1    213                       152     61      248
..................................................................


WIND (MPH)
  HIGHEST WIND SPEED    18   HIGHEST WIND DIRECTION     S (200)
  HIGHEST GUST SPEED    25   HIGHEST GUST DIRECTION     S (190)
  AVERAGE WIND SPEED     4.3




RELATIVE HUMIDITY (PERCENT)
 HIGHEST    90
 LOWEST     51
 AVERAGE    71

..........................................................


THE ALBANY CLIMATE NORMALS FOR TODAY
                         NORMAL    RECORD    YEAR
 MAXIMUM TEMPERATURE (F)   84        96      1990
 MINIMUM TEMPERATURE (F)   58        45      1981


SUNRISE AND SUNSET
MAY  3 2016...........SUNRISE   649 AM EDT   SUNSET   818 PM EDT
MAY  4 2016...........SUNRISE   648 AM EDT   SUNSET   819 PM EDT


-  INDICATES NEGATIVE NUMBERS.
R  INDICATES RECORD WAS SET OR TIED.
MM INDICATES DATA IS MISSING.
T  INDICATES TRACE AMOUNT.

$$
