000
CDUS42 KTAE 222232
CLIABY


CLIMATE REPORT
NATIONAL WEATHER SERVICE TALLAHASSEE FL
531 PM EST WED FEB 22 2017


...................................

...THE ALBANY CLIMATE SUMMARY FOR FEBRUARY 22 2017...
VALID TODAY AS OF 0500 PM LOCAL TIME.

CLIMATE NORMAL PERIOD 1981 TO 2010
CLIMATE RECORD PERIOD 1930 TO 2017


WEATHER ITEM   OBSERVED TIME   RECORD YEAR NORMAL DEPARTURE LAST
                VALUE   (LST)  VALUE       VALUE  FROM      YEAR
                                                  NORMAL
..................................................................
TEMPERATURE (F)
 TODAY
  MAXIMUM         73    147 PM  83    2005  66      7       71
                                      1991
  MINIMUM         61    248 AM  21    1963  42     19       57
  AVERAGE         67                        54     13       64

PRECIPITATION (IN)
  TODAY            0.26                      0.16   0.10      T
  MONTH TO DATE    2.52                      3.17  -0.65     3.12
  SINCE DEC 1     21.98                     11.74  10.24    13.64
  SINCE JAN 1     11.30                      7.99   3.31     6.78

..................................................................







THE ALBANY CLIMATE NORMALS FOR TOMORROW
                         NORMAL    RECORD    YEAR
 MAXIMUM TEMPERATURE (F)   67        82      1962
 MINIMUM TEMPERATURE (F)   42        23      1963



-  INDICATES NEGATIVE NUMBERS.
R  INDICATES RECORD WAS SET OR TIED.
MM INDICATES DATA IS MISSING.
T  INDICATES TRACE AMOUNT.




$$
