000
CDUS44 KFWD 220702
CLIACT


CLIMATE REPORT
NATIONAL WEATHER SERVICE FORT WORTH TX
101 AM CST THU FEB 22 2018


...................................

...THE WACO CLIMATE SUMMARY FOR FEBRUARY 21 2018...

CLIMATE NORMAL PERIOD 1981 TO 2010
CLIMATE RECORD PERIOD 1901 TO 2018


WEATHER ITEM   OBSERVED TIME   RECORD YEAR NORMAL DEPARTURE LAST
                VALUE   (LST)  VALUE       VALUE  FROM      YEAR
                                                  NORMAL
..................................................................
TEMPERATURE (F)
 YESTERDAY
  MAXIMUM         45    508 PM  96    1996  63    -18       76
  MINIMUM         35   1159 PM  22    1939  41     -6       46
  AVERAGE         40                        52    -12       61

PRECIPITATION (IN)
  YESTERDAY        0.94          1.20 1974   0.09   0.85     0.00
  MONTH TO DATE    1.69                      1.90  -0.21     3.05
  SINCE DEC 1      3.78                      6.77  -2.99     7.43
  SINCE JAN 1      2.00                      4.02  -2.02     6.16

SNOWFALL (IN)
  YESTERDAY        0.0           1.0  1964   0.0    0.0      0.0
  MONTH TO DATE    T                         0.3   -0.3      0.0
  SINCE DEC 1      T                         0.6   -0.6       T
  SINCE JUL 1      T                         0.7   -0.7       T
  SNOW DEPTH       0

DEGREE DAYS
 HEATING
  YESTERDAY       25                        13     12        4
  MONTH TO DATE  329                       318     11      126
  SINCE DEC 1   1494                      1398     96      985
  SINCE JUL 1   1735                      1726      9     1128

 COOLING
  YESTERDAY        0                         0      0        0
  MONTH TO DATE   14                         0     14       32
  SINCE DEC 1     23                         8     15       64
  SINCE JAN 1     14                         3     11       41
..................................................................


WIND (MPH)
  HIGHEST WIND SPEED    25   HIGHEST WIND DIRECTION    NW (330)
  HIGHEST GUST SPEED    32   HIGHEST GUST DIRECTION     N (360)
  AVERAGE WIND SPEED    15.9


SKY COVER
  POSSIBLE SUNSHINE  MM
  AVERAGE SKY COVER 1.0


WEATHER CONDITIONS
 THE FOLLOWING WEATHER WAS RECORDED YESTERDAY.
  THUNDERSTORM
  HEAVY RAIN
  RAIN
  LIGHT RAIN
  FOG


RELATIVE HUMIDITY (PERCENT)
 HIGHEST   100          1000 PM
 LOWEST     85           700 AM
 AVERAGE    93

..........................................................


THE WACO CLIMATE NORMALS FOR TODAY
                         NORMAL    RECORD    YEAR
 MAXIMUM TEMPERATURE (F)   63        96      1996
 MINIMUM TEMPERATURE (F)   42        21      1939


SUNRISE AND SUNSET
FEBRUARY 22 2018......SUNRISE   703 AM CST   SUNSET   622 PM CST
FEBRUARY 23 2018......SUNRISE   702 AM CST   SUNSET   622 PM CST


-  INDICATES NEGATIVE NUMBERS.
R  INDICATES RECORD WAS SET OR TIED.
MM INDICATES DATA IS MISSING.
T  INDICATES TRACE AMOUNT.




$$
