000
CDUS44 KFWD 280637
CLIACT


CLIMATE REPORT
NATIONAL WEATHER SERVICE FORT WORTH TX
136 AM CDT SAT MAR 28 2015


...................................

...THE WACO CLIMATE SUMMARY FOR MARCH 27 2015...

CLIMATE NORMAL PERIOD 1981 TO 2010
CLIMATE RECORD PERIOD 1901 TO 2015


WEATHER ITEM   OBSERVED TIME   RECORD YEAR NORMAL DEPARTURE LAST
                VALUE   (LST)  VALUE       VALUE  FROM      YEAR
                                                  NORMAL
..................................................................
TEMPERATURE (F)
 YESTERDAY
  MAXIMUM         75    351 PM  93    1972  73      2       81
                                      1956
  MINIMUM         37    505 AM  27    1955  50    -13       59
                                      1913
  AVERAGE         56                        61     -5       70

PRECIPITATION (IN)
  YESTERDAY        0.00          1.42 1980   0.08  -0.08     0.02
  MONTH TO DATE    2.85                      2.80   0.05     0.62
  SINCE MAR 1      2.85                      2.80   0.05     0.62
  SINCE JAN 1      7.58                      7.55   0.03     1.38

SNOWFALL (IN)
  YESTERDAY        0.0           0.0    MM   0.0    0.0      0.0
  MONTH TO DATE    0.7                       0.1    0.6      0.1
  SINCE MAR 1      0.7                       0.1    0.6      0.1
  SINCE JUL 1      1.4                       1.0    0.4      0.1
  SNOW DEPTH       0

DEGREE DAYS
 HEATING
  YESTERDAY        9                         6      3        0
  MONTH TO DATE  294                       226     68      339
  SINCE MAR 1    294                       226     68      339
  SINCE JUL 1   2248                      2038    210     2482

 COOLING
  YESTERDAY        0                         2     -2        5
  MONTH TO DATE   14                        29    -15        9
  SINCE MAR 1     14                        29    -15        9
  SINCE JAN 1     14                        38    -24        9
..................................................................


WIND (MPH)
  HIGHEST WIND SPEED    17   HIGHEST WIND DIRECTION    NW (310)
  HIGHEST GUST SPEED    23   HIGHEST GUST DIRECTION    NW (310)
  AVERAGE WIND SPEED     8.0


SKY COVER
  POSSIBLE SUNSHINE  MM
  AVERAGE SKY COVER 0.0


WEATHER CONDITIONS
 THE FOLLOWING WEATHER WAS RECORDED YESTERDAY.
  NO SIGNIFICANT WEATHER WAS OBSERVED.


RELATIVE HUMIDITY (PERCENT)
 HIGHEST    92           300 AM
 LOWEST     28          1100 AM
 AVERAGE    60

..........................................................


THE WACO CLIMATE NORMALS FOR TODAY
                         NORMAL    RECORD    YEAR
 MAXIMUM TEMPERATURE (F)   73       100      1971
 MINIMUM TEMPERATURE (F)   50        26      1955


SUNRISE AND SUNSET
MARCH 28 2015.........SUNRISE   723 AM CDT   SUNSET   746 PM CDT
MARCH 29 2015.........SUNRISE   722 AM CDT   SUNSET   746 PM CDT


-  INDICATES NEGATIVE NUMBERS.
R  INDICATES RECORD WAS SET OR TIED.
MM INDICATES DATA IS MISSING.
T  INDICATES TRACE AMOUNT.




$$
