000
CDUS44 KFWD 270638
CLIACT


CLIMATE REPORT
NATIONAL WEATHER SERVICE FORT WORTH TX
138 AM CDT FRI MAY 27 2016


...................................

...THE WACO CLIMATE SUMMARY FOR MAY 26 2016...

CLIMATE NORMAL PERIOD 1981 TO 2010
CLIMATE RECORD PERIOD 1901 TO 2016


WEATHER ITEM   OBSERVED TIME   RECORD YEAR NORMAL DEPARTURE LAST
                VALUE   (LST)  VALUE       VALUE  FROM      YEAR
                                                  NORMAL
..................................................................
TEMPERATURE (F)
 YESTERDAY
  MAXIMUM         78    554 AM  98    1904  87     -9       88
  MINIMUM         68    906 AM  54    1947  67      1       64
  AVERAGE         73                        77     -4       76

PRECIPITATION (IN)
  YESTERDAY        2.17          3.29 2007   0.14   2.03     0.39
  MONTH TO DATE    6.04                      3.57   2.47     8.36
  SINCE MAR 1     17.92                      9.41   8.51    15.70
  SINCE JAN 1     20.37                     14.16   6.21    20.43

DEGREE DAYS
 HEATING
  YESTERDAY        0                         0      0        0
  MONTH TO DATE   11                         4      7        2
  SINCE MAR 1    214                       328   -114      352
  SINCE JUL 1   1691                      2140   -449     2306

 COOLING
  YESTERDAY        8                        12     -4       11
  MONTH TO DATE  185                       234    -49      218
  SINCE MAR 1    321                       379    -58      379
  SINCE JAN 1    329                       388    -59      379
..................................................................


WIND (MPH)
  HIGHEST WIND SPEED    25   HIGHEST WIND DIRECTION    SE (130)
  HIGHEST GUST SPEED    33   HIGHEST GUST DIRECTION    SE (130)
  AVERAGE WIND SPEED    13.9


SKY COVER
  POSSIBLE SUNSHINE  MM
  AVERAGE SKY COVER 0.7


WEATHER CONDITIONS
 THE FOLLOWING WEATHER WAS RECORDED YESTERDAY.
  THUNDERSTORM
  HEAVY RAIN
  RAIN
  LIGHT RAIN
  FOG


RELATIVE HUMIDITY (PERCENT)
 HIGHEST    93           900 AM
 LOWEST     74           700 PM
 AVERAGE    84

..........................................................


THE WACO CLIMATE NORMALS FOR TODAY
                         NORMAL    RECORD    YEAR
 MAXIMUM TEMPERATURE (F)   88       100      1928
 MINIMUM TEMPERATURE (F)   67        55      1961


SUNRISE AND SUNSET
MAY 27 2016...........SUNRISE   626 AM CDT   SUNSET   827 PM CDT
MAY 28 2016...........SUNRISE   626 AM CDT   SUNSET   827 PM CDT


-  INDICATES NEGATIVE NUMBERS.
R  INDICATES RECORD WAS SET OR TIED.
MM INDICATES DATA IS MISSING.
T  INDICATES TRACE AMOUNT.




$$
