000
CDUS44 KFWD 010646
CLIACT

CLIMATE REPORT
NATIONAL WEATHER SERVICE FORT WORTH TX
145 AM CDT MON SEP 1 2014

...................................

...THE WACO CLIMATE SUMMARY FOR AUGUST 31 2014...

CLIMATE NORMAL PERIOD 1981 TO 2010
CLIMATE RECORD PERIOD 1901 TO 2014


WEATHER ITEM   OBSERVED TIME   RECORD YEAR NORMAL DEPARTURE LAST
                VALUE   (LST)  VALUE       VALUE  FROM      YEAR
                                                  NORMAL
..................................................................
TEMPERATURE (F)
 YESTERDAY
  MAXIMUM         97    408 PM 109    1990  95      2      103
  MINIMUM         75    616 AM  58    1915  72      3       77
  AVERAGE         86                        83      3       90

PRECIPITATION (IN)
  YESTERDAY        0.00          1.27 1959   0.09  -0.09     0.00
  MONTH TO DATE    0.98                      2.05  -1.07     0.22
  SINCE JUN 1      9.44                      7.27   2.17     7.34
  SINCE JAN 1     20.58                     22.16  -1.58    21.43

DEGREE DAYS
 HEATING
  YESTERDAY        0                         0      0        0
  MONTH TO DATE    0                         0      0        0
  SINCE JUN 1      0                         0      0        0
  SINCE JUL 1      0                         0      0        0

 COOLING
  YESTERDAY       21                        18      3       25
  MONTH TO DATE  644                       629     15      644
  SINCE JUN 1   1688                      1743    -55     1794
  SINCE JAN 1   2075                      2195   -120     2211
..................................................................

WIND (MPH)
  HIGHEST WIND SPEED    23   HIGHEST WIND DIRECTION     S (170)
  HIGHEST GUST SPEED    27   HIGHEST GUST DIRECTION    SE (150)
  AVERAGE WIND SPEED    14.3


SKY COVER
  POSSIBLE SUNSHINE  MM
  AVERAGE SKY COVER 0.2


WEATHER CONDITIONS
 THE FOLLOWING WEATHER WAS RECORDED YESTERDAY.
  NO SIGNIFICANT WEATHER WAS OBSERVED.


RELATIVE HUMIDITY (PERCENT)
 HIGHEST    87           500 AM
 LOWEST     38           300 PM
 AVERAGE    63

..........................................................

THE WACO CLIMATE NORMALS FOR TODAY
                         NORMAL    RECORD    YEAR
 MAXIMUM TEMPERATURE (F)   94       106      2000
                                             1985
 MINIMUM TEMPERATURE (F)   71        58      1915


SUNRISE AND SUNSET
SEPTEMBER  1 2014.....SUNRISE   705 AM CDT   SUNSET   753 PM CDT
SEPTEMBER  2 2014.....SUNRISE   705 AM CDT   SUNSET   751 PM CDT


-  INDICATES NEGATIVE NUMBERS.
R  INDICATES RECORD WAS SET OR TIED.
MM INDICATES DATA IS MISSING.
T  INDICATES TRACE AMOUNT.

$$
