000
CDUS44 KFWD 120640
CLIACT


CLIMATE REPORT
NATIONAL WEATHER SERVICE FORT WORTH TX
1240 AM CST TUE DEC 12 2017


...................................

...THE WACO CLIMATE SUMMARY FOR DECEMBER 11 2017...

CLIMATE NORMAL PERIOD 1981 TO 2010
CLIMATE RECORD PERIOD 1901 TO 2017


WEATHER ITEM   OBSERVED TIME   RECORD YEAR NORMAL DEPARTURE LAST
                VALUE   (LST)  VALUE       VALUE  FROM      YEAR
                                                  NORMAL
..................................................................
TEMPERATURE (F)
 YESTERDAY
  MAXIMUM         78    133 PM  82    1949  60     18       73
  MINIMUM         29    717 AM  17    2012  38     -9       49
  AVERAGE         54                        49      5       61

PRECIPITATION (IN)
  YESTERDAY        0.00          1.14 1946   0.09  -0.09     0.00
                                      1923
  MONTH TO DATE    0.14                      0.97  -0.83     1.12
  SINCE DEC 1      0.14                      0.97  -0.83     1.12
  SINCE JAN 1     31.80                     32.91  -1.11    38.40

SNOWFALL (IN)
  YESTERDAY        0.0           T    1986   0.0    0.0      0.0
                                      1947
                                      1945
  MONTH TO DATE    T                         0.0    0.0      0.0
  SINCE DEC 1      T                         0.0    0.0      0.0
  SINCE JUL 1      T                         0.1   -0.1      0.0
  SNOW DEPTH       0

DEGREE DAYS
 HEATING
  YESTERDAY       11                        16     -5        4
  MONTH TO DATE  146                       166    -20      187
  SINCE DEC 1    146                       166    -20      187
  SINCE JUL 1    387                       494   -107      330

 COOLING
  YESTERDAY        0                         0      0        0
  MONTH TO DATE    9                         0      9        0
  SINCE DEC 1      9                         0      9        0
  SINCE JAN 1   3065                      2792    273     3041
..................................................................


WIND (MPH)
  HIGHEST WIND SPEED    15   HIGHEST WIND DIRECTION    SW (220)
  HIGHEST GUST SPEED    18   HIGHEST GUST DIRECTION    SW (220)
  AVERAGE WIND SPEED     6.5


SKY COVER
  POSSIBLE SUNSHINE  MM
  AVERAGE SKY COVER 0.0


WEATHER CONDITIONS
 THE FOLLOWING WEATHER WAS RECORDED YESTERDAY.
  NO SIGNIFICANT WEATHER WAS OBSERVED.


RELATIVE HUMIDITY (PERCENT)
 HIGHEST    92           500 AM
 LOWEST     12           300 PM
 AVERAGE    52

..........................................................


THE WACO CLIMATE NORMALS FOR TODAY
                         NORMAL    RECORD    YEAR
 MAXIMUM TEMPERATURE (F)   59        82      1990
                                             1948
 MINIMUM TEMPERATURE (F)   38        18      2012


SUNRISE AND SUNSET
DECEMBER 12 2017......SUNRISE   719 AM CST   SUNSET   526 PM CST
DECEMBER 13 2017......SUNRISE   720 AM CST   SUNSET   527 PM CST


-  INDICATES NEGATIVE NUMBERS.
R  INDICATES RECORD WAS SET OR TIED.
MM INDICATES DATA IS MISSING.
T  INDICATES TRACE AMOUNT.




$$
