000
CDUS44 KFWD 170642
CLIACT

CLIMATE REPORT
NATIONAL WEATHER SERVICE FORT WORTH TX
1241 AM CST WED DEC 17 2014


...................................

...THE WACO CLIMATE SUMMARY FOR DECEMBER 16 2014...

CLIMATE NORMAL PERIOD 1981 TO 2010
CLIMATE RECORD PERIOD 1901 TO 2014


WEATHER ITEM   OBSERVED TIME   RECORD YEAR NORMAL DEPARTURE LAST
                VALUE   (LST)  VALUE       VALUE  FROM      YEAR
                                                  NORMAL
..................................................................
TEMPERATURE (F)
 YESTERDAY
  MAXIMUM         57    406 PM  84    1977  59     -2       67
  MINIMUM         36    200 AM  11    1989  37     -1       31
  AVERAGE         47                        48     -1       49

PRECIPITATION (IN)
  YESTERDAY        0.00          2.82 1906   0.09  -0.09     0.00
  MONTH TO DATE    0.07                      1.42  -1.35     0.34
  SINCE DEC 1      0.07                      1.42  -1.35     0.34
  SINCE JAN 1     29.62                     33.36  -3.74    36.89

SNOWFALL (IN)
  YESTERDAY        0.0           1.0  1932   0.0    0.0      0.0
  MONTH TO DATE    0.0                       0.0    0.0       T
  SINCE DEC 1      0.0                       0.0    0.0       T
  SINCE JUL 1      0.0                       0.1   -0.1       T
  SNOW DEPTH       0

DEGREE DAYS
 HEATING
  YESTERDAY       18                        17      1       16
  MONTH TO DATE  168                       251    -83      355
  SINCE DEC 1    168                       251    -83      355
  SINCE JUL 1    550                       579    -29      769

 COOLING
  YESTERDAY        0                         0      0        0
  MONTH TO DATE    4                         0      4        0
  SINCE DEC 1      4                         0      4        0
  SINCE JAN 1   2754                      2792    -38     2870
..................................................................


WIND (MPH)
  HIGHEST WIND SPEED    22   HIGHEST WIND DIRECTION     N (350)
  HIGHEST GUST SPEED    29   HIGHEST GUST DIRECTION    NW (330)
  AVERAGE WIND SPEED     8.2


SKY COVER
  POSSIBLE SUNSHINE  MM
  AVERAGE SKY COVER 0.1


WEATHER CONDITIONS
 THE FOLLOWING WEATHER WAS RECORDED YESTERDAY.
  NO SIGNIFICANT WEATHER WAS OBSERVED.


RELATIVE HUMIDITY (PERCENT)
 HIGHEST    85          1200 AM
 LOWEST     38           200 PM
 AVERAGE    62

..........................................................


THE WACO CLIMATE NORMALS FOR TODAY
                         NORMAL    RECORD    YEAR
 MAXIMUM TEMPERATURE (F)   58        81      1990
                                             1908
 MINIMUM TEMPERATURE (F)   37        18      1932


SUNRISE AND SUNSET
DECEMBER 17 2014......SUNRISE   722 AM CST   SUNSET   528 PM CST
DECEMBER 18 2014......SUNRISE   723 AM CST   SUNSET   528 PM CST


-  INDICATES NEGATIVE NUMBERS.
R  INDICATES RECORD WAS SET OR TIED.
MM INDICATES DATA IS MISSING.
T  INDICATES TRACE AMOUNT.




$$
