000
CDUS44 KFWD 280639
CLIACT

CLIMATE REPORT
NATIONAL WEATHER SERVICE FORT WORTH TX
1238 AM CST WED JAN 28 2015

...THE WACO CLIMATE SUMMARY FOR JANUARY 27 2015...

CLIMATE NORMAL PERIOD 1981 TO 2010
CLIMATE RECORD PERIOD 1901 TO 2015


WEATHER ITEM   OBSERVED TIME   RECORD YEAR NORMAL DEPARTURE LAST
                VALUE   (LST)  VALUE       VALUE  FROM      YEAR
                                                  NORMAL
..................................................................
TEMPERATURE (F)
 YESTERDAY
  MAXIMUM         79    418 PM  83    1947  59     20       51
  MINIMUM         37    740 AM  14    1940  37      0       31
  AVERAGE         58                        48     10       41

PRECIPITATION (IN)
  YESTERDAY        0.00          1.91 1916   0.08  -0.08      T
  MONTH TO DATE    3.06                      1.81   1.25     0.30
  SINCE DEC 1      3.60                      4.56  -0.96     1.64
  SINCE JAN 1      3.06                      1.81   1.25     0.30

SNOWFALL (IN)
  YESTERDAY        0.0           T    2014   0.1   -0.1       T
                                      1925
                                      1907
  MONTH TO DATE    T                         0.3   -0.3       T
  SINCE DEC 1      T                         0.3   -0.3       T
  SINCE JUL 1      T                         0.4   -0.4       T
  SNOW DEPTH       0

DEGREE DAYS
 HEATING
  YESTERDAY        7                        17    -10       24
  MONTH TO DATE  588                       488    100      515
  SINCE DEC 1   1020                      1012      8     1167
  SINCE JUL 1   1402                      1340     62     1581

 COOLING
  YESTERDAY        0                         0      0        0
  MONTH TO DATE    0                         0      0        0
  SINCE DEC 1      4                         5     -1        0
  SINCE JAN 1      0                         0      0        0
..................................................................


WIND (MPH)
  HIGHEST WIND SPEED    12   HIGHEST WIND DIRECTION    NW (330)
  HIGHEST GUST SPEED    14   HIGHEST GUST DIRECTION    NW (320)
  AVERAGE WIND SPEED     3.6


SKY COVER
  POSSIBLE SUNSHINE  MM
  AVERAGE SKY COVER 0.0


WEATHER CONDITIONS
 THE FOLLOWING WEATHER WAS RECORDED YESTERDAY.
  NO SIGNIFICANT WEATHER WAS OBSERVED.


RELATIVE HUMIDITY (PERCENT)
 HIGHEST    92           600 AM
 LOWEST     26           500 PM
 AVERAGE    59

..........................................................


THE WACO CLIMATE NORMALS FOR TODAY
                         NORMAL    RECORD    YEAR
 MAXIMUM TEMPERATURE (F)   59        81      2013
                                             1970
 MINIMUM TEMPERATURE (F)   37        15      1940


SUNRISE AND SUNSET
JANUARY 28 2015.......SUNRISE   724 AM CST   SUNSET   600 PM CST
JANUARY 29 2015.......SUNRISE   724 AM CST   SUNSET   601 PM CST


-  INDICATES NEGATIVE NUMBERS.
R  INDICATES RECORD WAS SET OR TIED.
MM INDICATES DATA IS MISSING.
T  INDICATES TRACE AMOUNT.




$$
