000
CDUS41 KPHI 252128
CLIACY


CLIMATE REPORT
NATIONAL WEATHER SERVICE MOUNT HOLLY NJ
527 PM EDT MON SEP 25 2017


...................................

...THE ATLANTIC CITY NJ CLIMATE SUMMARY FOR SEPTEMBER 25 2017...
VALID TODAY AS OF 0500 PM LOCAL TIME.

CLIMATE NORMAL PERIOD 1981 TO 2010
CLIMATE RECORD PERIOD 1874 TO 2017


WEATHER ITEM   OBSERVED TIME   RECORD YEAR NORMAL DEPARTURE LAST
                VALUE   (LST)  VALUE       VALUE  FROM      YEAR
                                                  NORMAL
..................................................................
TEMPERATURE (F)
 TODAY
  MAXIMUM         84   1225 PM  91    1970  74     10       73
  MINIMUM         62    559 AM  36    1967  54      8       47
  AVERAGE         73                        64      9       60

PRECIPITATION (IN)
  TODAY            0.00          2.49 1992   0.12  -0.12     0.00
  MONTH TO DATE    4.04                      2.57   1.47     2.74
  SINCE SEP 1      4.04                      2.57   1.47     2.74
  SINCE JAN 1     42.61                     30.79  11.82    35.04

SNOWFALL (IN)
  TODAY            0.0           0.0    MM   0.0    0.0      0.0
  MONTH TO DATE    0.0                       0.0    0.0      0.0
  SINCE SEP 1      0.0                       0.0    0.0      0.0
  SINCE JUL 1      0.0                       0.0    0.0      0.0
  SNOW DEPTH       0

DEGREE DAYS
 HEATING
  TODAY            0                         3     -3        5
  MONTH TO DATE   10                        38    -28       10
  SINCE SEP 1     10                        38    -28       10
  SINCE JUL 1     10                        41    -31       10

 COOLING
  TODAY            8                         2      6        0
  MONTH TO DATE  148                       116     32      203
  SINCE SEP 1    148                       116     32      203
  SINCE JAN 1   1165                      1025    140     1306
..................................................................


WIND (MPH)
  HIGHEST WIND SPEED    13   HIGHEST WIND DIRECTION     E (110)
  HIGHEST GUST SPEED    16   HIGHEST GUST DIRECTION     E (70)
  AVERAGE WIND SPEED     4.6


SKY COVER
  POSSIBLE SUNSHINE  MM
  AVERAGE SKY COVER 0.0


WEATHER CONDITIONS
 THE FOLLOWING WEATHER WAS RECORDED TODAY.
  NO SIGNIFICANT WEATHER WAS OBSERVED.


RELATIVE HUMIDITY (PERCENT)
 HIGHEST    93          1200 AM
 LOWEST     55          1100 AM
 AVERAGE    74

..........................................................


THE ATLANTIC CITY NJ CLIMATE NORMALS FOR TOMORROW
                         NORMAL    RECORD    YEAR
 MAXIMUM TEMPERATURE (F)   73        90      1970
 MINIMUM TEMPERATURE (F)   53        36      1967


SUNRISE AND SUNSET
SEPTEMBER 25 2017.....SUNRISE   649 AM EDT   SUNSET   650 PM EDT
SEPTEMBER 26 2017.....SUNRISE   650 AM EDT   SUNSET   648 PM EDT


-  INDICATES NEGATIVE NUMBERS.
R  INDICATES RECORD WAS SET OR TIED.
MM INDICATES DATA IS MISSING.
T  INDICATES TRACE AMOUNT.




$$
