000
CDUS41 KPHI 190632
CLIACY


CLIMATE REPORT
NATIONAL WEATHER SERVICE MOUNT HOLLY NJ
231 AM EDT SAT APR 19 2014


...................................

...THE ATLANTIC CITY NJ CLIMATE SUMMARY FOR APRIL 18 2014...

CLIMATE NORMAL PERIOD 1981 TO 2010
CLIMATE RECORD PERIOD 1874 TO 2014


WEATHER ITEM   OBSERVED TIME   RECORD YEAR NORMAL DEPARTURE LAST
                VALUE   (LST)  VALUE       VALUE  FROM      YEAR
                                                  NORMAL
..................................................................
TEMPERATURE (F)
 YESTERDAY
  MAXIMUM         49    205 PM  87    2002  63    -14       64
  MINIMUM         38   1159 PM  25    1875  43     -5       43
  AVERAGE         44                        53     -9       54

PRECIPITATION (IN)
  YESTERDAY        0.00          1.69 1924   0.12  -0.12     0.00
  MONTH TO DATE    1.46                      2.33  -0.87     1.43
  SINCE MAR 1      6.46                      6.54  -0.08     6.09
  SINCE JAN 1     15.01                     12.63   2.38    13.55

SNOWFALL (IN)
  YESTERDAY        0.0           T    1983   0.0    0.0      0.0
  MONTH TO DATE    T                         0.2   -0.2      0.0
  SINCE MAR 1     15.6                       1.3   14.3      3.2
  SINCE JUL 1     43.8                      16.4   27.4     14.6
  SNOW DEPTH       0

DEGREE DAYS
 HEATING
  YESTERDAY       21                        13      8       11
  MONTH TO DATE  277                       277      0      248
  SINCE MAR 1   1136                       983    153     1052
  SINCE JUL 1   4999                      4574    425     4470

 COOLING
  YESTERDAY        0                         0      0        0
  MONTH TO DATE    0                         0      0       15
  SINCE MAR 1      0                         0      0       15
  SINCE JAN 1      0                         0      0       15
..................................................................


WIND (MPH)
  HIGHEST WIND SPEED    16   HIGHEST WIND DIRECTION     E (70)
  HIGHEST GUST SPEED    22   HIGHEST GUST DIRECTION    NE (60)
  AVERAGE WIND SPEED     7.5


SKY COVER
  POSSIBLE SUNSHINE  MM
  AVERAGE SKY COVER 0.6


WEATHER CONDITIONS
 THE FOLLOWING WEATHER WAS RECORDED YESTERDAY.
  NO SIGNIFICANT WEATHER WAS OBSERVED.


RELATIVE HUMIDITY (PERCENT)
 HIGHEST    85           700 PM
 LOWEST     60          1100 AM
 AVERAGE    73

..........................................................


THE ATLANTIC CITY NJ CLIMATE NORMALS FOR TODAY
                         NORMAL    RECORD    YEAR
 MAXIMUM TEMPERATURE (F)   63        92      1985
 MINIMUM TEMPERATURE (F)   43        19      1875


SUNRISE AND SUNSET
APRIL 19 2014.........SUNRISE   615 AM EDT   SUNSET   740 PM EDT
APRIL 20 2014.........SUNRISE   614 AM EDT   SUNSET   741 PM EDT


-  INDICATES NEGATIVE NUMBERS.
R  INDICATES RECORD WAS SET OR TIED.
MM INDICATES DATA IS MISSING.
T  INDICATES TRACE AMOUNT.




$$
