000
CDUS41 KPHI 230629
CLIACY


CLIMATE REPORT
NATIONAL WEATHER SERVICE MOUNT HOLLY NJ
229 AM EDT THU MAR 23 2017


...................................

...THE ATLANTIC CITY NJ CLIMATE SUMMARY FOR MARCH 22 2017...

CLIMATE NORMAL PERIOD 1981 TO 2010
CLIMATE RECORD PERIOD 1874 TO 2017


WEATHER ITEM   OBSERVED TIME   RECORD YEAR NORMAL DEPARTURE LAST
                VALUE   (LST)  VALUE       VALUE  FROM      YEAR
                                                  NORMAL
..................................................................
TEMPERATURE (F)
 YESTERDAY
  MAXIMUM         49    212 AM  84    1948  54     -5       54
  MINIMUM         25   1159 PM  11    1988  34     -9       28
  AVERAGE         37                        44     -7       41

PRECIPITATION (IN)
  YESTERDAY        0.00          1.54 1903   0.14  -0.14     0.00
  MONTH TO DATE    3.71                      2.95   0.76     2.37
  SINCE MAR 1      3.71                      2.95   0.76     2.37
  SINCE JAN 1      9.26                      9.04   0.22     9.72

SNOWFALL (IN)
  YESTERDAY        0.0           2.4  1964   0.0    0.0      0.0
  MONTH TO DATE    0.2                       1.0   -0.8      5.1
  SINCE MAR 1      0.2                       1.0   -0.8      5.1
  SINCE JUL 1      7.7                      16.1   -8.4     25.7
  SNOW DEPTH       0

DEGREE DAYS
 HEATING
  YESTERDAY       28                        21      7       24
  MONTH TO DATE  565                       530     35      417
  SINCE MAR 1    565                       530     35      417
  SINCE JUL 1   3561                      4121   -560     3298

 COOLING
  YESTERDAY        0                         0      0        0
  MONTH TO DATE    0                         0      0        3
  SINCE MAR 1      0                         0      0        3
  SINCE JAN 1      0                         0      0        3
..................................................................


WIND (MPH)
  HIGHEST WIND SPEED    37   HIGHEST WIND DIRECTION    NW (310)
  HIGHEST GUST SPEED    44   HIGHEST GUST DIRECTION    NW (310)
  AVERAGE WIND SPEED    17.8


SKY COVER
  POSSIBLE SUNSHINE  MM
  AVERAGE SKY COVER 0.2


WEATHER CONDITIONS
 THE FOLLOWING WEATHER WAS RECORDED YESTERDAY.
  NO SIGNIFICANT WEATHER WAS OBSERVED.


RELATIVE HUMIDITY (PERCENT)
 HIGHEST    71           100 AM
 LOWEST     20           400 PM
 AVERAGE    46

..........................................................


THE ATLANTIC CITY NJ CLIMATE NORMALS FOR TODAY
                         NORMAL    RECORD    YEAR
 MAXIMUM TEMPERATURE (F)   54        79      2012
                                             1907
 MINIMUM TEMPERATURE (F)   35        13      1875


SUNRISE AND SUNSET
MARCH 23 2017.........SUNRISE   657 AM EDT   SUNSET   714 PM EDT
MARCH 24 2017.........SUNRISE   655 AM EDT   SUNSET   715 PM EDT


-  INDICATES NEGATIVE NUMBERS.
R  INDICATES RECORD WAS SET OR TIED.
MM INDICATES DATA IS MISSING.
T  INDICATES TRACE AMOUNT.




$$
