000
CDUS41 KPHI 190628
CLIACY


CLIMATE REPORT
NATIONAL WEATHER SERVICE MOUNT HOLLY NJ
127 AM EST THU JAN 19 2017


...................................

...THE ATLANTIC CITY NJ CLIMATE SUMMARY FOR JANUARY 18 2017...

CLIMATE NORMAL PERIOD 1981 TO 2010
CLIMATE RECORD PERIOD 1874 TO 2017


WEATHER ITEM   OBSERVED TIME   RECORD YEAR NORMAL DEPARTURE LAST
                VALUE   (LST)  VALUE       VALUE  FROM      YEAR
                                                  NORMAL
..................................................................
TEMPERATURE (F)
 YESTERDAY
  MAXIMUM         47    310 PM  67    1990  41      6       30
                                      1986
  MINIMUM         33   1141 PM  -9    1977  24      9       16
  AVERAGE         40                        33      7       23

PRECIPITATION (IN)
  YESTERDAY        0.01          1.40 2015   0.11  -0.10     0.00
  MONTH TO DATE    2.25                      1.91   0.34     1.63
  SINCE DEC 1      5.54                      5.60  -0.06     7.07
  SINCE JAN 1      2.25                      1.91   0.34     1.63

SNOWFALL (IN)
  YESTERDAY        0.0           3.0  1948   0.1   -0.1      0.0
  MONTH TO DATE    7.0                       2.2    4.8      2.8
  SINCE DEC 1      7.0                       5.9    1.1      2.8
  SINCE JUL 1      7.0                       6.1    0.9      2.8
  SNOW DEPTH       0

DEGREE DAYS
 HEATING
  YESTERDAY       25                        32     -7       42
  MONTH TO DATE  511                       574    -63      549
  SINCE DEC 1   1325                      1436   -111      990
  SINCE JUL 1   2072                      2343   -271     1685

 COOLING
  YESTERDAY        0                         0      0        0
  MONTH TO DATE    0                         0      0        0
  SINCE DEC 1      0                         0      0        3
  SINCE JAN 1      0                         0      0        0
..................................................................


WIND (MPH)
  HIGHEST WIND SPEED    16   HIGHEST WIND DIRECTION     N (350)
  HIGHEST GUST SPEED    21   HIGHEST GUST DIRECTION     N (360)
  AVERAGE WIND SPEED     7.5


SKY COVER
  POSSIBLE SUNSHINE  MM
  AVERAGE SKY COVER 0.9


WEATHER CONDITIONS
 THE FOLLOWING WEATHER WAS RECORDED YESTERDAY.
  LIGHT RAIN
  FOG
  FOG W/VISIBILITY <= 1/4 MILE


RELATIVE HUMIDITY (PERCENT)
 HIGHEST    96           800 AM
 LOWEST     76           300 PM
 AVERAGE    86

..........................................................


THE ATLANTIC CITY NJ CLIMATE NORMALS FOR TODAY
                         NORMAL    RECORD    YEAR
 MAXIMUM TEMPERATURE (F)   41        64      1929
 MINIMUM TEMPERATURE (F)   24        -3      1994


SUNRISE AND SUNSET
JANUARY 19 2017.......SUNRISE   715 AM EST   SUNSET   504 PM EST
JANUARY 20 2017.......SUNRISE   714 AM EST   SUNSET   505 PM EST


-  INDICATES NEGATIVE NUMBERS.
R  INDICATES RECORD WAS SET OR TIED.
MM INDICATES DATA IS MISSING.
T  INDICATES TRACE AMOUNT.




$$
