000
CDUS41 KPHI 020637
CLIACY


CLIMATE REPORT
NATIONAL WEATHER SERVICE MOUNT HOLLY NJ
235 AM EDT SUN AUG 2 2015


...................................

...THE ATLANTIC CITY NJ CLIMATE SUMMARY FOR AUGUST 1 2015...

CLIMATE NORMAL PERIOD 1981 TO 2010
CLIMATE RECORD PERIOD 1874 TO 2015


WEATHER ITEM   OBSERVED TIME   RECORD YEAR NORMAL DEPARTURE LAST
                VALUE   (LST)  VALUE       VALUE  FROM      YEAR
                                                  NORMAL
..................................................................
TEMPERATURE (F)
 YESTERDAY
  MAXIMUM         91    313 PM  97    2006  85      6       82
                                      1999
  MINIMUM         71   1210 AM  53    2001  67      4       69
  AVERAGE         81                        76      5       76

PRECIPITATION (IN)
  YESTERDAY        0.00          1.34 1948   0.13  -0.13     0.09
  MONTH TO DATE    0.00                      0.13  -0.13     0.09
  SINCE JUN 1     14.95                      6.96   7.99     6.72
  SINCE JAN 1     31.20                     24.24   6.96    26.90

SNOWFALL (IN)
  YESTERDAY        0.0           0.0  1903   0.0    0.0      0.0
  MONTH TO DATE    0.0                       0.0    0.0      0.0
  SINCE JUN 1      0.0                       0.0    0.0      0.0
  SINCE JUL 1      0.0                       0.0    0.0      0.0
  SNOW DEPTH       0

DEGREE DAYS
 HEATING
  YESTERDAY        0                         0      0        0
  MONTH TO DATE    0                         0      0        0
  SINCE JUN 1     26                        27     -1       10
  SINCE JUL 1      0                         0      0        0

 COOLING
  YESTERDAY       16                        11      5       11
  MONTH TO DATE   16                        11      5       11
  SINCE JUN 1    621                       561     60      498
  SINCE JAN 1    755                       625    130      534
..................................................................


WIND (MPH)
  HIGHEST WIND SPEED    17   HIGHEST WIND DIRECTION     W (290)
  HIGHEST GUST SPEED    24   HIGHEST GUST DIRECTION     W (290)
  AVERAGE WIND SPEED     7.8


SKY COVER
  POSSIBLE SUNSHINE  MM
  AVERAGE SKY COVER 0.2


WEATHER CONDITIONS
 THE FOLLOWING WEATHER WAS RECORDED YESTERDAY.
  NO SIGNIFICANT WEATHER WAS OBSERVED.


RELATIVE HUMIDITY (PERCENT)
 HIGHEST    79           100 AM
 LOWEST     36           500 PM
 AVERAGE    58

..........................................................


THE ATLANTIC CITY NJ CLIMATE NORMALS FOR TODAY
                         NORMAL    RECORD    YEAR
 MAXIMUM TEMPERATURE (F)   85        98      2006
 MINIMUM TEMPERATURE (F)   67        53      1998
                                             1976


SUNRISE AND SUNSET
AUGUST  2 2015........SUNRISE   559 AM EDT   SUNSET   810 PM EDT
AUGUST  3 2015........SUNRISE   600 AM EDT   SUNSET   809 PM EDT


-  INDICATES NEGATIVE NUMBERS.
R  INDICATES RECORD WAS SET OR TIED.
MM INDICATES DATA IS MISSING.
T  INDICATES TRACE AMOUNT.




$$
