000
CDUS41 KPHI 020627
CLIACY


CLIMATE REPORT
NATIONAL WEATHER SERVICE MOUNT HOLLY NJ
226 AM EDT WED SEP 2 2015


...................................

...THE ATLANTIC CITY NJ CLIMATE SUMMARY FOR SEPTEMBER 1 2015...

CLIMATE NORMAL PERIOD 1981 TO 2010
CLIMATE RECORD PERIOD 1874 TO 2015


WEATHER ITEM   OBSERVED TIME   RECORD YEAR NORMAL DEPARTURE LAST
                VALUE   (LST)  VALUE       VALUE  FROM      YEAR
                                                  NORMAL
..................................................................
TEMPERATURE (F)
 YESTERDAY
  MAXIMUM         90   1111 AM  97    2010  81      9       89
  MINIMUM         71   1135 PM  47    1991  62      9       71
  AVERAGE         81                        72      9       80

PRECIPITATION (IN)
  YESTERDAY        0.00          2.18 2006   0.10  -0.10     0.15
  MONTH TO DATE    0.00                      0.10  -0.10     0.15
  SINCE SEP 1      0.00                      0.10  -0.10     0.15
  SINCE JAN 1     32.45                     28.32   4.13    36.87

SNOWFALL (IN)
  YESTERDAY        0.0           0.0  1903   0.0    0.0      0.0
  MONTH TO DATE    0.0                       0.0    0.0      0.0
  SINCE SEP 1      0.0                       0.0    0.0      0.0
  SINCE JUL 1      0.0                       0.0    0.0      0.0
  SNOW DEPTH       0

DEGREE DAYS
 HEATING
  YESTERDAY        0                         0      0        0
  MONTH TO DATE    0                         0      0        0
  SINCE SEP 1      0                         0      0        0
  SINCE JUL 1      0                         3     -3        0

 COOLING
  YESTERDAY       16                         7      9       15
  MONTH TO DATE   16                         7      9       15
  SINCE SEP 1     16                         7      9       15
  SINCE JAN 1   1096                       916    180      727
..................................................................


WIND (MPH)
  HIGHEST WIND SPEED    14   HIGHEST WIND DIRECTION     E (90)
  HIGHEST GUST SPEED    17   HIGHEST GUST DIRECTION     E (110)
  AVERAGE WIND SPEED     6.5


SKY COVER
  POSSIBLE SUNSHINE  MM
  AVERAGE SKY COVER 0.1


WEATHER CONDITIONS
 THE FOLLOWING WEATHER WAS RECORDED YESTERDAY.
  FOG
  HAZE


RELATIVE HUMIDITY (PERCENT)
 HIGHEST    93           400 AM
 LOWEST     50          1100 AM
 AVERAGE    72

..........................................................


THE ATLANTIC CITY NJ CLIMATE NORMALS FOR TODAY
                         NORMAL    RECORD    YEAR
 MAXIMUM TEMPERATURE (F)   81        94      1980
 MINIMUM TEMPERATURE (F)   62        44      1991


SUNRISE AND SUNSET
SEPTEMBER  2 2015.....SUNRISE   627 AM EDT   SUNSET   728 PM EDT
SEPTEMBER  3 2015.....SUNRISE   628 AM EDT   SUNSET   726 PM EDT


-  INDICATES NEGATIVE NUMBERS.
R  INDICATES RECORD WAS SET OR TIED.
MM INDICATES DATA IS MISSING.
T  INDICATES TRACE AMOUNT.




$$
