000
CDUS41 KPHI 200602
CLIACY


CLIMATE REPORT
NATIONAL WEATHER SERVICE MOUNT HOLLY NJ
202 AM EDT THU JUL 20 2017


...................................

...THE ATLANTIC CITY NJ CLIMATE SUMMARY FOR JULY 19 2017...

CLIMATE NORMAL PERIOD 1981 TO 2010
CLIMATE RECORD PERIOD 1874 TO 2017


WEATHER ITEM   OBSERVED TIME   RECORD YEAR NORMAL DEPARTURE LAST
                VALUE   (LST)  VALUE       VALUE  FROM      YEAR
                                                  NORMAL
..................................................................
TEMPERATURE (F)
 YESTERDAY
  MAXIMUM         91   1215 PM  99    1942  86      5       88
  MINIMUM         74    449 AM  56    1989  67      7       67
  AVERAGE         83                        77      6       78

PRECIPITATION (IN)
  YESTERDAY        0.00          2.88 1927   0.12  -0.12     0.00
  MONTH TO DATE    2.45                      2.24   0.21     6.52
  SINCE JUN 1      5.11                      5.35  -0.24     8.83
  SINCE JAN 1     26.77                     22.63   4.14    28.89

SNOWFALL (IN)
  YESTERDAY        0.0           0.0    MM   0.0    0.0     MM
  MONTH TO DATE    0.0                       0.0    0.0      0.0
  SINCE JUN 1      0.0                       0.0    0.0      0.0
  SINCE JUL 1      0.0                       0.0    0.0      0.0
  SNOW DEPTH       0

DEGREE DAYS
 HEATING
  YESTERDAY        0                         0      0        0
  MONTH TO DATE    0                         0      0        0
  SINCE JUN 1     24                        27     -3        4
  SINCE JUL 1      0                         0      0        0

 COOLING
  YESTERDAY       18                        12      6       13
  MONTH TO DATE  268                       211     57      237
  SINCE JUN 1    519                       414    105      429
  SINCE JAN 1    604                       478    126      508
..................................................................


WIND (MPH)
  HIGHEST WIND SPEED    15   HIGHEST WIND DIRECTION     S (200)
  HIGHEST GUST SPEED    20   HIGHEST GUST DIRECTION     S (200)
  AVERAGE WIND SPEED     6.4


SKY COVER
  POSSIBLE SUNSHINE  MM
  AVERAGE SKY COVER 0.1


WEATHER CONDITIONS
 THE FOLLOWING WEATHER WAS RECORDED YESTERDAY.
  FOG


RELATIVE HUMIDITY (PERCENT)
 HIGHEST   100           400 AM
 LOWEST     56          1200 PM
 AVERAGE    78

..........................................................


THE ATLANTIC CITY NJ CLIMATE NORMALS FOR TODAY
                         NORMAL    RECORD    YEAR
 MAXIMUM TEMPERATURE (F)   86        97      1991
                                             1942
 MINIMUM TEMPERATURE (F)   67        52      1890


SUNRISE AND SUNSET
JULY 20 2017..........SUNRISE   548 AM EDT   SUNSET   821 PM EDT
JULY 21 2017..........SUNRISE   549 AM EDT   SUNSET   820 PM EDT


-  INDICATES NEGATIVE NUMBERS.
R  INDICATES RECORD WAS SET OR TIED.
MM INDICATES DATA IS MISSING.
T  INDICATES TRACE AMOUNT.




$$
