000
CDUS41 KPHI 280627
CLIACY


CLIMATE REPORT
NATIONAL WEATHER SERVICE MOUNT HOLLY NJ
227 AM EDT SUN MAY 28 2017


...................................

...THE ATLANTIC CITY NJ CLIMATE SUMMARY FOR MAY 27 2017...

CLIMATE NORMAL PERIOD 1981 TO 2010
CLIMATE RECORD PERIOD 1874 TO 2017


WEATHER ITEM   OBSERVED TIME   RECORD YEAR NORMAL DEPARTURE LAST
                VALUE   (LST)  VALUE       VALUE  FROM      YEAR
                                                  NORMAL
..................................................................
TEMPERATURE (F)
 YESTERDAY
  MAXIMUM         74    102 PM  93    1991  75     -1       86
                                      1941
  MINIMUM         57    510 AM  36    1969  55      2       66
  AVERAGE         66                        64      2       76

PRECIPITATION (IN)
  YESTERDAY        T             1.96 1890   0.11  -0.11     0.00
  MONTH TO DATE    7.11                      2.88   4.23     4.87
  SINCE MAR 1     15.70                     10.72   4.98    10.90
  SINCE JAN 1     21.25                     16.81   4.44    18.25

SNOWFALL (IN)
  YESTERDAY        0.0           T    1989   0.0    0.0      0.0
  MONTH TO DATE    0.0                       0.0    0.0      0.0
  SINCE MAR 1      0.2                       1.4   -1.2      6.9
  SINCE JUL 1      7.7                      16.5   -8.8     27.5
  SNOW DEPTH       0

DEGREE DAYS
 HEATING
  YESTERDAY        0                         3     -3        0
  MONTH TO DATE  144                       164    -20      194
  SINCE MAR 1   1112                      1277   -165     1169
  SINCE JUL 1   4108                      4868   -760     4050

 COOLING
  YESTERDAY        1                         3     -2       11
  MONTH TO DATE   49                        43      6       31
  SINCE MAR 1     81                        52     29       45
  SINCE JAN 1     81                        52     29       45
..................................................................


WIND (MPH)
  HIGHEST WIND SPEED    13   HIGHEST WIND DIRECTION     W (260)
  HIGHEST GUST SPEED    16   HIGHEST GUST DIRECTION     W (260)
  AVERAGE WIND SPEED     5.9


SKY COVER
  POSSIBLE SUNSHINE  MM
  AVERAGE SKY COVER 0.4


WEATHER CONDITIONS
 THE FOLLOWING WEATHER WAS RECORDED YESTERDAY.
  LIGHT RAIN


RELATIVE HUMIDITY (PERCENT)
 HIGHEST    87          1100 PM
 LOWEST     46          1200 PM
 AVERAGE    67

..........................................................


THE ATLANTIC CITY NJ CLIMATE NORMALS FOR TODAY
                         NORMAL    RECORD    YEAR
 MAXIMUM TEMPERATURE (F)   75        93      1991
 MINIMUM TEMPERATURE (F)   55        36      1994


SUNRISE AND SUNSET
MAY 28 2017...........SUNRISE   535 AM EDT   SUNSET   817 PM EDT
MAY 29 2017...........SUNRISE   534 AM EDT   SUNSET   817 PM EDT


-  INDICATES NEGATIVE NUMBERS.
R  INDICATES RECORD WAS SET OR TIED.
MM INDICATES DATA IS MISSING.
T  INDICATES TRACE AMOUNT.




$$
