000
CDUS41 KPHI 220628
CLIACY


CLIMATE REPORT
NATIONAL WEATHER SERVICE MOUNT HOLLY NJ
126 AM EST MON DEC 22 2014


...................................

...THE ATLANTIC CITY NJ CLIMATE SUMMARY FOR DECEMBER 21 2014...

CLIMATE NORMAL PERIOD 1981 TO 2010
CLIMATE RECORD PERIOD 1874 TO 2014


WEATHER ITEM   OBSERVED TIME   RECORD YEAR NORMAL DEPARTURE LAST
                VALUE   (LST)  VALUE       VALUE  FROM      YEAR
                                                  NORMAL
..................................................................
TEMPERATURE (F)
 YESTERDAY
  MAXIMUM         41    306 PM  69    2013  45     -4       69
  MINIMUM         23   1159 PM   1    1942  27     -4       52
  AVERAGE         32                        36     -4       61

PRECIPITATION (IN)
  YESTERDAY        0.00          2.11 1884   0.11  -0.11     0.00
  MONTH TO DATE    4.28                      2.57   1.71     4.27
  SINCE DEC 1      4.28                      2.57   1.71     4.27
  SINCE JAN 1     53.11                     40.63  12.48    44.33

SNOWFALL (IN)
  YESTERDAY        0.0           3.6  1962   0.2   -0.2      0.0
  MONTH TO DATE    0.4                       2.4   -2.0      3.3
  SINCE DEC 1      0.4                       2.4   -2.0      3.3
  SINCE JUL 1      0.4                       2.6   -2.2      3.3
  SNOW DEPTH       0

DEGREE DAYS
 HEATING
  YESTERDAY       33                        29      4        4
  MONTH TO DATE  534                       557    -23      545
  SINCE DEC 1    534                       557    -23      545
  SINCE JUL 1   1441                      1464    -23     1548

 COOLING
  YESTERDAY        0                         0      0        0
  MONTH TO DATE    0                         0      0        0
  SINCE DEC 1      0                         0      0        0
  SINCE JAN 1    857                      1055   -198     1088
..................................................................


WIND (MPH)
  HIGHEST WIND SPEED    14   HIGHEST WIND DIRECTION    NW (330)
  HIGHEST GUST SPEED    18   HIGHEST GUST DIRECTION     N (340)
  AVERAGE WIND SPEED     4.0


SKY COVER
  POSSIBLE SUNSHINE  MM
  AVERAGE SKY COVER 0.4


WEATHER CONDITIONS
 THE FOLLOWING WEATHER WAS RECORDED YESTERDAY.
  NO SIGNIFICANT WEATHER WAS OBSERVED.


RELATIVE HUMIDITY (PERCENT)
 HIGHEST    88          1000 PM
 LOWEST     45           100 PM
 AVERAGE    67

..........................................................


THE ATLANTIC CITY NJ CLIMATE NORMALS FOR TODAY
                         NORMAL    RECORD    YEAR
 MAXIMUM TEMPERATURE (F)   44        71      2013
 MINIMUM TEMPERATURE (F)   27         2      1980


SUNRISE AND SUNSET
DECEMBER 22 2014......SUNRISE   715 AM EST   SUNSET   438 PM EST
DECEMBER 23 2014......SUNRISE   716 AM EST   SUNSET   439 PM EST


-  INDICATES NEGATIVE NUMBERS.
R  INDICATES RECORD WAS SET OR TIED.
MM INDICATES DATA IS MISSING.
T  INDICATES TRACE AMOUNT.




$$
