000
CDUS41 KPHI 050637
CLIACY


CLIMATE REPORT
NATIONAL WEATHER SERVICE MOUNT HOLLY NJ
236 AM EDT THU MAY 5 2016


...................................

...THE ATLANTIC CITY NJ CLIMATE SUMMARY FOR MAY 4 2016...

CLIMATE NORMAL PERIOD 1981 TO 2010
CLIMATE RECORD PERIOD 1874 TO 2016


WEATHER ITEM   OBSERVED TIME   RECORD YEAR NORMAL DEPARTURE LAST
                VALUE   (LST)  VALUE       VALUE  FROM      YEAR
                                                  NORMAL
..................................................................
TEMPERATURE (F)
 YESTERDAY
  MAXIMUM         51    358 PM  91    1965  68    -17       84
  MINIMUM         48   1159 PM  33    1986  47      1       47
                                      1976
                                      1967
  AVERAGE         50                        58     -8       66

PRECIPITATION (IN)
  YESTERDAY        0.83          1.39 1975   0.10   0.73     0.00
  MONTH TO DATE    2.32                      0.39   1.93     0.00
  SINCE MAR 1      8.35                      8.23   0.12     7.48
  SINCE JAN 1     15.70                     14.32   1.38    15.54

SNOWFALL (IN)
  YESTERDAY        0.0           0.0  1903   0.0    0.0      0.0
  MONTH TO DATE    0.0                       0.0    0.0      0.0
  SINCE MAR 1      6.9                       1.4    5.5      7.4
  SINCE JUL 1     27.5                      16.5   11.0     22.4
  SNOW DEPTH       0

DEGREE DAYS
 HEATING
  YESTERDAY       15                         8      7        0
  MONTH TO DATE   48                        35     13       31
  SINCE MAR 1   1023                      1148   -125     1230
  SINCE JUL 1   3904                      4739   -835     5105

 COOLING
  YESTERDAY        0                         1     -1        1
  MONTH TO DATE    0                         4     -4        1
  SINCE MAR 1     14                        13      1        1
  SINCE JAN 1     14                        13      1        1
..................................................................


WIND (MPH)
  HIGHEST WIND SPEED    20   HIGHEST WIND DIRECTION     E (70)
  HIGHEST GUST SPEED    27   HIGHEST GUST DIRECTION    NE (50)
  AVERAGE WIND SPEED    12.2


SKY COVER
  POSSIBLE SUNSHINE  MM
  AVERAGE SKY COVER 1.0


WEATHER CONDITIONS
 THE FOLLOWING WEATHER WAS RECORDED YESTERDAY.
  THUNDERSTORM
  HEAVY RAIN
  RAIN
  LIGHT RAIN
  FOG


RELATIVE HUMIDITY (PERCENT)
 HIGHEST   100          1200 AM
 LOWEST     86           300 PM
 AVERAGE    93

..........................................................


THE ATLANTIC CITY NJ CLIMATE NORMALS FOR TODAY
                         NORMAL    RECORD    YEAR
 MAXIMUM TEMPERATURE (F)   68        87      2000
 MINIMUM TEMPERATURE (F)   48        32      2003
                                             1976


SUNRISE AND SUNSET
MAY  5 2016...........SUNRISE   554 AM EDT   SUNSET   756 PM EDT
MAY  6 2016...........SUNRISE   553 AM EDT   SUNSET   757 PM EDT


-  INDICATES NEGATIVE NUMBERS.
R  INDICATES RECORD WAS SET OR TIED.
MM INDICATES DATA IS MISSING.
T  INDICATES TRACE AMOUNT.




$$
