896
CDAK48 PAFC 201337
CLIADQ

CLIMATE REPORT
NATIONAL WEATHER SERVICE ANCHORAGE, AK
436 AM AKST FRI JAN 20 2017


...................................

...THE KODIAK CLIMATE SUMMARY FOR JANUARY 19 2017...

CLIMATE NORMAL PERIOD 1981 TO 2010
CLIMATE RECORD PERIOD 1913 TO 2017


WEATHER ITEM   OBSERVED TIME   RECORD YEAR NORMAL DEPARTURE LAST
                VALUE   (LST)  VALUE       VALUE  FROM      YEAR
                                                  NORMAL
..................................................................
TEMPERATURE (F)
 YESTERDAY
  MAXIMUM         27    407 PM  49    1937  35     -8       39
  MINIMUM         13   1007 AM   4    1974  26    -13       36
  AVERAGE         20                        30    -10       38

PRECIPITATION (IN)
  YESTERDAY        0.00          1.59 2013   0.28  -0.28     0.18
  MONTH TO DATE    0.53                      5.26  -4.73     4.90
  SINCE DEC 1      4.64                     13.99  -9.35    17.17
  SINCE JAN 1      0.53                      5.26  -4.73     4.90

SNOWFALL (IN)
  YESTERDAY        0.0           6.6  2011   0.4   -0.4      0.0
  MONTH TO DATE    0.6                       7.4   -6.8       T
  SINCE DEC 1      4.2                      21.2  -17.0     14.9
  SINCE JUL 1      6.2                      28.7  -22.5     15.9
  SNOW DEPTH       T

DEGREE DAYS
 HEATING
  YESTERDAY       45                        35     10       27
  MONTH TO DATE  711                       653     58      457
  SINCE DEC 1   1744                      1701     43     1362
  SINCE JUL 1   3946                      4496   -550     3580

 COOLING
  YESTERDAY        0                         0      0        0
  MONTH TO DATE    0                         0      0        0
  SINCE DEC 1      0                         0      0        0
  SINCE JAN 1      0                         0      0        0
..................................................................


WIND (MPH)
  RESULTANT WIND SPEED   6   RESULTANT WIND DIRECTION   W (280)
  HIGHEST WIND SPEED    17   HIGHEST WIND DIRECTION     W (290)
  HIGHEST GUST SPEED    26   HIGHEST GUST DIRECTION     W (280)
  AVERAGE WIND SPEED     5.9



WEATHER CONDITIONS
 THE FOLLOWING WEATHER WAS RECORDED YESTERDAY.
  NO SIGNIFICANT WEATHER WAS OBSERVED.


RELATIVE HUMIDITY (PERCENT)
 HIGHEST    73
 LOWEST     38
 AVERAGE    56

..........................................................


THE KODIAK CLIMATE NORMALS FOR TODAY
                         NORMAL    RECORD    YEAR
 MAXIMUM TEMPERATURE (F)   35        49      1937
 MINIMUM TEMPERATURE (F)   26        -5      1968


SUNRISE AND SUNSET
JANUARY 20 2017.......SUNRISE   934 AM AKST  SUNSET   509 PM AKST
JANUARY 21 2017.......SUNRISE   932 AM AKST  SUNSET   512 PM AKST

CIVIL TWILIGHT
JANUARY 20 2017         START    848 AM GMT     END    556 PM GMT
JANUARY 21 2017         START    846 AM GMT     END    558 PM GMT



-  INDICATES NEGATIVE NUMBERS.
R  INDICATES RECORD WAS SET OR TIED.
MM INDICATES DATA IS MISSING.
T  INDICATES TRACE AMOUNT.




$$
&&
------------------------------------------------------
AMOUNT OF DAYLIGHT TODAY  (HOUR:MIN)........ 7:35
GAIN/LOSS SINCE YESTERDAY (HOUR:MIN:SEC)....+0:03:44

$$
