219
CDAK48 PAFC 210055
CLIADQ


CLIMATE REPORT
NATIONAL WEATHER SERVICE ANCHORAGE, AK
454 PM AKDT FRI OCT 20 2017


...................................

...THE KODIAK CLIMATE SUMMARY FOR OCTOBER 20 2017...
VALID TODAY AS OF 0400 PM LOCAL TIME.

CLIMATE NORMAL PERIOD 1981 TO 2010
CLIMATE RECORD PERIOD 1913 TO 2017


WEATHER ITEM   OBSERVED TIME   RECORD YEAR NORMAL DEPARTURE LAST
                VALUE   (LST)  VALUE       VALUE  FROM      YEAR
                                                  NORMAL
..................................................................
TEMPERATURE (F)
 TODAY
  MAXIMUM         38        MM  54    1936  45     -7       51
  MINIMUM         22        MM  16    1974  33    -11       37
  AVERAGE         30                        39     -9       44

PRECIPITATION (IN)
  TODAY            0.00          2.60 1936   0.27  -0.27     0.10
  MONTH TO DATE    2.47                      5.47  -3.00     8.88
  SINCE SEP 1      9.53                     12.82  -3.29    13.87
  SINCE JAN 1     50.05                     59.61  -9.56    65.17

SNOWFALL (IN)
  TODAY            0.0           1.0  1974   0.0    0.0      0.0
  MONTH TO DATE    0.0                       0.4   -0.4      0.2
  SINCE SEP 1      0.0                       0.4   -0.4      0.2
  SINCE JUL 1      0.0                       0.4   -0.4      0.2
  SNOW DEPTH       0

DEGREE DAYS
 HEATING
  TODAY           35                        26      9       21
  MONTH TO DATE  401                       462    -61      381
  SINCE SEP 1    841                       930    -89      772
  SINCE JUL 1   1446                      1563   -117     1113

 COOLING
  TODAY            0                         0      0        0
  MONTH TO DATE    0                         0      0        0
  SINCE SEP 1      0                         0      0        0
  SINCE JAN 1      0                         1     -1       29
..................................................................


WIND (MPH)
  RESULTANT WIND SPEED   2   RESULTANT WIND DIRECTION  NW (300)
  HIGHEST WIND SPEED     8   HIGHEST WIND DIRECTION     E (80)
  HIGHEST GUST SPEED    MM   HIGHEST GUST DIRECTION    MM
  AVERAGE WIND SPEED     4.5



WEATHER CONDITIONS
 THE FOLLOWING WEATHER WAS RECORDED TODAY.
  NO SIGNIFICANT WEATHER WAS OBSERVED.


RELATIVE HUMIDITY (PERCENT)
 HIGHEST    81
 LOWEST     40
 AVERAGE    61

..........................................................


THE KODIAK CLIMATE NORMALS FOR TOMORROW
                         NORMAL    RECORD    YEAR
 MAXIMUM TEMPERATURE (F)   45        55      1981
 MINIMUM TEMPERATURE (F)   33        16      1966


SUNRISE AND SUNSET
OCTOBER 20 2017.......SUNRISE   857 AM AKDT  SUNSET   651 PM AKDT
OCTOBER 21 2017.......SUNRISE   859 AM AKDT  SUNSET   649 PM AKDT


-  INDICATES NEGATIVE NUMBERS.
R  INDICATES RECORD WAS SET OR TIED.
MM INDICATES DATA IS MISSING.
T  INDICATES TRACE AMOUNT.




$$
