156
CDAK48 PAFC 281254
CLIADQ

CLIMATE REPORT
NATIONAL WEATHER SERVICE ANCHORAGE, AK
453 AM AKDT WED SEP 28 2016


...................................

...THE KODIAK CLIMATE SUMMARY FOR SEPTEMBER 27 2016...

CLIMATE NORMAL PERIOD 1981 TO 2010
CLIMATE RECORD PERIOD 1913 TO 2016


WEATHER ITEM   OBSERVED TIME   RECORD YEAR NORMAL DEPARTURE LAST
                VALUE   (LST)  VALUE       VALUE  FROM      YEAR
                                                  NORMAL
..................................................................
TEMPERATURE (F)
 YESTERDAY
  MAXIMUM         56    429 PM  64    2015  52      4       64
  MINIMUM         34    205 AM  30    1996  40     -6       46
  AVERAGE         45                        46     -1       55

PRECIPITATION (IN)
  YESTERDAY        0.00          2.05 1993   0.29  -0.29     0.01
  MONTH TO DATE    4.99                      6.48  -1.49     1.51
  SINCE SEP 1      4.99                      6.48  -1.49     1.51
  SINCE JAN 1     56.29                     53.27   3.02    48.99

SNOWFALL (IN)
  YESTERDAY        0.0          MM      MM   0.0    0.0     MM
  MONTH TO DATE    0.0                       0.0    0.0      0.0
  SINCE SEP 1      0.0                       0.0    0.0      0.0
  SINCE JUL 1      0.0                       0.0    0.0      0.0
  SNOW DEPTH       0

DEGREE DAYS
 HEATING
  YESTERDAY       20                        19      1       10
  MONTH TO DATE  340                       409    -69      369
  SINCE SEP 1    340                       409    -69      369
  SINCE JUL 1    681                      1042   -361      775

 COOLING
  YESTERDAY        0                         0      0        0
  MONTH TO DATE    0                         0      0        0
  SINCE SEP 1      0                         0      0        0
  SINCE JAN 1     29                         1     28        1
..................................................................


WIND (MPH)
  RESULTANT WIND SPEED   8   RESULTANT WIND DIRECTION   W (290)
  HIGHEST WIND SPEED    16   HIGHEST WIND DIRECTION     W (280)
  HIGHEST GUST SPEED    22   HIGHEST GUST DIRECTION     W (270)
  AVERAGE WIND SPEED     8.5



WEATHER CONDITIONS
 THE FOLLOWING WEATHER WAS RECORDED YESTERDAY.
  NO SIGNIFICANT WEATHER WAS OBSERVED.


RELATIVE HUMIDITY (PERCENT)
 HIGHEST   100
 LOWEST     38
 AVERAGE    69

..........................................................


THE KODIAK CLIMATE NORMALS FOR TODAY
                         NORMAL    RECORD    YEAR
 MAXIMUM TEMPERATURE (F)   52        63      1989
 MINIMUM TEMPERATURE (F)   40        28      1973


SUNRISE AND SUNSET
SEPTEMBER 28 2016.....SUNRISE   809 AM AKDT  SUNSET   750 PM AKDT
SEPTEMBER 29 2016.....SUNRISE   811 AM AKDT  SUNSET   748 PM AKDT

CIVIL TWILIGHT
SEPTEMBER 28 2016       START   718 AM AKDT     END   822 PM AKDT
SEPTEMBER 29 2016       START   721 AM AKDT     END   819 PM AKDT



-  INDICATES NEGATIVE NUMBERS.
R  INDICATES RECORD WAS SET OR TIED.
MM INDICATES DATA IS MISSING.
T  INDICATES TRACE AMOUNT.




$$
&&
------------------------------------------------------
AMOUNT OF DAYLIGHT TODAY  (HOUR:MIN)........11:41
GAIN/LOSS SINCE YESTERDAY (HOUR:MIN:SEC)....-0:05:39

$$
