000
CDAK48 PADQ 271304
CLIADQ


CLIMATE REPORT
NATIONAL WEATHER SERVICE ANCHORAGE, AK
503 AM AKDT THU APR 27 2017


...................................

...THE KODIAK CLIMATE SUMMARY FOR APRIL 26 2017...

CLIMATE NORMAL PERIOD 1981 TO 2010
CLIMATE RECORD PERIOD 1913 TO 2017


WEATHER ITEM   OBSERVED TIME   RECORD YEAR NORMAL DEPARTURE LAST
                VALUE   (LST)  VALUE       VALUE  FROM      YEAR
                                                  NORMAL
..................................................................
TEMPERATURE (F)
 YESTERDAY
  MAXIMUM         51    401 PM  60    1990  46      5       48
  MINIMUM         34   1159 PM  24    1967  35     -1       31
  AVERAGE         43                        40      3       40

PRECIPITATION (IN)
  YESTERDAY        0.00          1.54 1994   0.19  -0.19      T
  MONTH TO DATE    6.96                      5.06   1.90     6.99
  SINCE MAR 1      7.66                     10.59  -2.93    14.33
  SINCE JAN 1     13.20                     25.02 -11.82    36.93

SNOWFALL (IN)
  YESTERDAY        0.0          MM      MM   0.1   -0.1      0.0
  MONTH TO DATE    1.1                       7.6   -6.5      0.0
  SINCE MAR 1      2.6                      18.9  -16.3      3.6
  SINCE JUL 1     28.4                      68.3  -39.9     20.6
  SNOW DEPTH       0

DEGREE DAYS
 HEATING
  YESTERDAY       22                        25     -3       25
  MONTH TO DATE  646                       724    -78      478
  SINCE MAR 1   1759                      1722     37     1045
  SINCE JUL 1   7100                      7594   -494     5553

 COOLING
  YESTERDAY        0                         0      0        0
  MONTH TO DATE    0                         0      0        0
  SINCE MAR 1      0                         0      0        0
  SINCE JAN 1      0                         0      0        0
..................................................................


WIND (MPH)
  RESULTANT WIND SPEED   6   RESULTANT WIND DIRECTION  NW (300)
  HIGHEST WIND SPEED    20   HIGHEST WIND DIRECTION     W (290)
  HIGHEST GUST SPEED    25   HIGHEST GUST DIRECTION     W (270)
  AVERAGE WIND SPEED     7.9



WEATHER CONDITIONS
 THE FOLLOWING WEATHER WAS RECORDED YESTERDAY.
  NO SIGNIFICANT WEATHER WAS OBSERVED.


RELATIVE HUMIDITY (PERCENT)
 HIGHEST    93
 LOWEST     56
 AVERAGE    75

..........................................................


THE KODIAK CLIMATE NORMALS FOR TODAY
                         NORMAL    RECORD    YEAR
 MAXIMUM TEMPERATURE (F)   46        61      1990
 MINIMUM TEMPERATURE (F)   35        23      1975


SUNRISE AND SUNSET
APRIL 27 2017.........SUNRISE   627 AM AKDT  SUNSET   949 PM AKDT
APRIL 28 2017.........SUNRISE   625 AM AKDT  SUNSET   952 PM AKDT


-  INDICATES NEGATIVE NUMBERS.
R  INDICATES RECORD WAS SET OR TIED.
MM INDICATES DATA IS MISSING.
T  INDICATES TRACE AMOUNT.




$$
