000
CDAK48 PADQ 271117
CLIADQ

CLIMATE REPORT
NATIONAL WEATHER SERVICE KODIAK, AK
317 AM AKDT WED JUL 27 2016

...................................
...THE KODIAK AP CLIMATE SUMMARY FOR JULY 26 2016...

CLIMATE NORMAL PERIOD  1981 TO  2010
CLIMATE RECORD PERIOD  1913 TO  2016

WEATHER ITEM   OBSERVED TIME    RECORD YEAR NORMAL DEPARTURE LAST
               VALUE    (LST)   VALUE       VALUE  FROM      YEAR
                                                   NORMAL
...................................................................
TEMPERATURE
YESTERDAY
 MAXIMUM            57  0621 PM    77  1936     61      -4     61
 MINIMUM            53  0611 AM    41  1996     50       3     54
 AVERAGE            55                          56      -1     58

PRECIPITATION
(INCHES)
 YESTERDAY        0.11           1.92  1977   0.15   -0.04   0.00
 MONTH TO DATE    1.71                        4.20   -2.49   3.16
 SINCE JUN 1      5.19                       10.11   -4.92   6.24
 SINCE JAN 1     47.97                       41.50    6.47  45.36

SNOWFALL
(INCHES)
 YESTERDAY         0.0            0.0  2016    0.0     0.0    0.0
 MONTH TO DATE     0.0                         0.0     0.0    0.0
 SINCE JUN 1       0.0                         0.0     0.0    0.0
 SINCE JUL 1       0.0                         0.0     0.0    0.0
 SNOW DEPTH (IN)     0                                          0

DEGREE DAYS
 HEATING
  YESTERDAY         10                           9       1      7
  MONTH TO DATE    132                         281    -149    193
  SINCE JUN 1      458                         742    -284    504
  SINCE JUL 1      132                         281    -149    193

 COOLING
  YESTERDAY          0                           0       0      0
  MONTH TO DATE     20                           0      20      0
  SINCE JUN 1       20                           0      20      1
  SINCE JAN 1       20                           0      20      1
...................................................................

WIND (MPH)
 HIGHEST WIND SPEED    16     HIGHEST WIND DIRECTION     80
 HIGHEST GUST SPEED    19     HIGHEST GUST DIRECTION     80
 AVERAGE WIND SPEED   7.1

SKY COVER
  POSSIBLE SUNSHINE    MM          AVERAGE SKY COVER     MM

WEATHER CONDITIONS
 THE FOLLOWING WEATHER WAS RECORDED YESTERDAY.
  FOG
RAIN


RELATIVE HUMIDITY
 HIGHEST RH     MM PERCENT       MM
 LOWEST  RH     MM PERCENT       MM
 AVERAGE RH     MM PERCENT       MM
...................................................................

THE KODIAK CLIMATE NORMALS FOR TODAY
                           NORMAL    RECORD   YEAR
 MAXIMUM TEMPERATURE (F)     61        81     1987
 MINIMUM TEMPERATURE (F)     50        43     1939

SUNRISE AND SUNSET
 JUL 27 2016..........SUNRISE  5:57 AM      SUNSET 10:36 PM
 JUL 28 2016..........SUNRISE  5:59 AM      SUNSET 10:34 PM

-  INDICATES NEGATIVE NUMBERS.
R  INDICATES RECORD HAS BEEN SET OR TIED.
MM INDICATES DATA IS MISSING.
T  INDICATES TRACE OF PRECIPITATION.

&&
-------------------------------------------------------------------

AMOUNT OF DAYLIGHT TODAY  (HOUR:MIN)........16 HOURS 39 MINUTES
GAIN/LOSS SINCE YESTERDAY (HOUR:MIN:SEC)....-0:04:01

$$
JTS JUL 16
