272
CDAK48 PAFC 221325
CLIADQ

CLIMATE REPORT
NATIONAL WEATHER SERVICE ANCHORAGE, AK
424 AM AKST WED FEB 22 2017


...................................

...THE KODIAK CLIMATE SUMMARY FOR FEBRUARY 21 2017...

CLIMATE NORMAL PERIOD 1981 TO 2010
CLIMATE RECORD PERIOD 1913 TO 2017


WEATHER ITEM   OBSERVED TIME   RECORD YEAR NORMAL DEPARTURE LAST
                VALUE   (LST)  VALUE       VALUE  FROM      YEAR
                                                  NORMAL
..................................................................
TEMPERATURE (F)
 YESTERDAY
  MAXIMUM         37   1058 PM  52    1944  36      1       40
  MINIMUM          9    720 AM   3    2002  26    -17       33
  AVERAGE         23                        31     -8       37

PRECIPITATION (IN)
  YESTERDAY        0.04          2.85 1977   0.20  -0.16     0.23
  MONTH TO DATE    2.54                      4.68  -2.14     7.97
  SINCE DEC 1      9.60                     21.70 -12.10    30.07
  SINCE JAN 1      5.49                     12.97  -7.48    17.80

SNOWFALL (IN)
  YESTERDAY        0.1           7.6  1999   0.6   -0.5      1.0
  MONTH TO DATE    7.5                      11.4   -3.9      1.0
  SINCE DEC 1     18.5                      38.2  -19.7     16.0
  SINCE JUL 1     20.5                      45.7  -25.2     17.0
  SNOW DEPTH       3

DEGREE DAYS
 HEATING
  YESTERDAY       42                        34      8       28
  MONTH TO DATE  719                       723     -4      434
  SINCE DEC 1   2884                      2842     42     2091
  SINCE JUL 1   5086                      5637   -551     4309

 COOLING
  YESTERDAY        0                         0      0        0
  MONTH TO DATE    0                         0      0        0
  SINCE DEC 1      0                         0      0        0
  SINCE JAN 1      0                         0      0        0
..................................................................


WIND (MPH)
  RESULTANT WIND SPEED   3   RESULTANT WIND DIRECTION   W (250)
  HIGHEST WIND SPEED    17   HIGHEST WIND DIRECTION     W (270)
  HIGHEST GUST SPEED    22   HIGHEST GUST DIRECTION     W (270)
  AVERAGE WIND SPEED     6.3



WEATHER CONDITIONS
 THE FOLLOWING WEATHER WAS RECORDED YESTERDAY.
  LIGHT RAIN
  LIGHT SNOW
  FOG


RELATIVE HUMIDITY (PERCENT)
 HIGHEST    92
 LOWEST     45
 AVERAGE    69

..........................................................


THE KODIAK CLIMATE NORMALS FOR TODAY
                         NORMAL    RECORD    YEAR
 MAXIMUM TEMPERATURE (F)   36        46      1944
 MINIMUM TEMPERATURE (F)   26        -1      1995


SUNRISE AND SUNSET
FEBRUARY 22 2017......SUNRISE   821 AM AKST  SUNSET   627 PM AKST
FEBRUARY 23 2017......SUNRISE   819 AM AKST  SUNSET   629 PM AKST

CIVIL TWILIGHT
FEBRUARY 22 2017        START    742 AM GMT     END    707 PM GMT
FEBRUARY 23 2017        START    739 AM GMT     END    709 PM GMT



-  INDICATES NEGATIVE NUMBERS.
R  INDICATES RECORD WAS SET OR TIED.
MM INDICATES DATA IS MISSING.
T  INDICATES TRACE AMOUNT.




$$
&&
------------------------------------------------------
AMOUNT OF DAYLIGHT TODAY  (HOUR:MIN)........10:05
GAIN/LOSS SINCE YESTERDAY (HOUR:MIN:SEC)....+0:04:55
