000
CDAK48 PADQ 022327
CLIADQ

CLIMATE REPORT
NATIONAL WEATHER SERVICE KODIAK, AK
327 PM AKDT TUE SEP 2 2014

...................................
...THE KODIAK AP CLIMATE SUMMARY FOR SEPTEMBER 2 2014...
VALID TODAY AS OF 2:00 PM LOCAL TIME

CLIMATE NORMAL PERIOD  1981 TO  2010
CLIMATE RECORD PERIOD  1949 TO  2014

WEATHER ITEM   OBSERVED TIME    RECORD YEAR NORMAL DEPARTURE LAST
               VALUE    (LST)   VALUE       VALUE  FROM      YEAR
                                                   NORMAL
...................................................................
TEMPERATURE
TODAY
 MAXIMUM            62  1130 AM    70  1996     59       3     61
 MINIMUM            46  0637 AM    35  2005     47      -1     54
 AVERAGE            54                          53       1     58

PRECIPITATION
(INCHES)
 TODAY            0.00           2.21  2011   0.19   -0.19   0.44
 MONTH TO DATE    0.00                        0.37   -0.37   0.46
 SINCE SEP 1      0.00                        0.37   -0.37   0.46
 SINCE JAN 1     49.23                       47.16    2.07  40.37

SNOWFALL
(INCHES)
 TODAY             0.0            0.0  2014    0.0     0.0    0.0
 MONTH TO DATE     0.0                         0.0     0.0    0.0
 SINCE SEP 1       0.0                         0.0     0.0    0.0
 SINCE JUL 1       0.0                         0.0     0.0    0.0
 SNOW DEPTH (IN)     0                                          0

DEGREE DAYS
 HEATING
  TODAY             11                          12      -1      7
  MONTH TO DATE     22                          24      -2     14
  SINCE SEP 1       22                          24      -2     14
  SINCE JUL 1      523                         654    -131    493

 COOLING
  TODAY              0                           0       0      0
  MONTH TO DATE      0                           0       0      0
  SINCE SEP 1        0                           0       0      0
  SINCE JAN 1        4                           0       4      6
...................................................................

WIND (MPH)
 HIGHEST WIND SPEED    10     HIGHEST WIND DIRECTION     50
 HIGHEST GUST SPEED    14     HIGHEST GUST DIRECTION    340
 AVERAGE WIND SPEED    MM

SKY COVER
  POSSIBLE SUNSHINE  MM            AVERAGE SKY COVER MM

WEATHER CONDITIONS
 THE FOLLOWING WEATHER WAS RECORDED TODAY.
NO SIGNIFICANT WEATHER WAS OBSERVED.

RELATIVE HUMIDITY
 HIGHEST RH     MM PERCENT       MM
 LOWEST  RH     MM PERCENT       MM
 AVERAGE RH     MM PERCENT       MM
...................................................................

THE KODIAK CLIMATE NORMALS FOR TOMORROW
                        NORMAL    RECORD   YEAR
 MAXIMUM TEMPERATURE      59        67     2002
 MINIMUM TEMPERATURE      47        38     1995

SUNRISE AND SUNSET
 SEP 2 2014..........SUNRISE  7:14 AM      SUNSET  9:05 PM
 SEP 3 2014..........SUNRISE  7:16 AM      SUNSET  9:02 PM

-  INDICATES NEGATIVE NUMBERS.
R  INDICATES RECORD HAS BEEN SET OR TIED.
MM INDICATES DATA IS MISSING.
T  INDICATES TRACE OF PRECIPITATION.

&&
-------------------------------------------------------------------

AMOUNT OF DAYLIGHT TODAY  (HOUR:MIN)........13 HOURS 51 MINUTES
GAIN/LOSS SINCE YESTERDAY (HOUR:MIN:SEC)....-0:04:52

$$
*** SEP 14
