000
CDUS44 KLCH 250832
CLIAEX


CLIMATE REPORT
NATIONAL WEATHER SERVICE LAKE CHARLES, LA
230 AM CST THU DEC 25 2014


...................................

...THE ALEXANDRIA CLIMATE SUMMARY FOR DECEMBER 24 2014...

CLIMATE NORMAL PERIOD 1981 TO 2010
CLIMATE RECORD PERIOD 1892 TO 2014


WEATHER ITEM   OBSERVED TIME   RECORD YEAR NORMAL DEPARTURE LAST
                VALUE   (LST)  VALUE       VALUE  FROM      YEAR
                                                  NORMAL
..................................................................
TEMPERATURE (F)
 YESTERDAY
  MAXIMUM         51   1242 PM  78    1933  59     -8       52
                                      1901
  MINIMUM         34   1136 PM   8    1989  40     -6       27
  AVERAGE         43                        50     -7       40

PRECIPITATION (IN)
  YESTERDAY        0.00          2.94 1997   0.16  -0.16     0.00
  MONTH TO DATE    1.53                      5.09  -3.56     2.60
  SINCE DEC 1      1.53                      5.09  -3.56     2.60
  SINCE JAN 1     42.00                     54.89 -12.89    55.09

SNOWFALL (IN)
  YESTERDAY        0.0           0.0    MM  MM     MM        0.0
  MONTH TO DATE    0.0                      MM     MM        0.0
  SINCE DEC 1      0.0                      MM     MM        0.0
  SINCE JUL 1      0.0                      MM     MM        0.0
  SNOW DEPTH       0

DEGREE DAYS
 HEATING
  YESTERDAY       22                        16      6       25
  MONTH TO DATE  272                       353    -81      366
  SINCE DEC 1    272                       353    -81      366
  SINCE JUL 1    665                       678    -13      742
..................................................................


WIND (MPH)
  HIGHEST WIND SPEED    18   HIGHEST WIND DIRECTION    NW (310)
  HIGHEST GUST SPEED    24   HIGHEST GUST DIRECTION    NW (300)
  AVERAGE WIND SPEED     8.4


SKY COVER
  POSSIBLE SUNSHINE  MM
  AVERAGE SKY COVER 0.4


WEATHER CONDITIONS
 THE FOLLOWING WEATHER WAS RECORDED YESTERDAY.
  NO SIGNIFICANT WEATHER WAS OBSERVED.


RELATIVE HUMIDITY (PERCENT)
 HIGHEST    92          1100 PM
 LOWEST     60          1000 AM
 AVERAGE    76

..........................................................


THE ALEXANDRIA CLIMATE NORMALS FOR TODAY
                         NORMAL    RECORD    YEAR
 MAXIMUM TEMPERATURE (F)   59        81      1942
 MINIMUM TEMPERATURE (F)   40         9      1983


SUNRISE AND SUNSET
DECEMBER 25 2014......SUNRISE   707 AM CST   SUNSET   514 PM CST
DECEMBER 26 2014......SUNRISE   707 AM CST   SUNSET   514 PM CST


-  INDICATES NEGATIVE NUMBERS.
R  INDICATES RECORD WAS SET OR TIED.
MM INDICATES DATA IS MISSING.
T  INDICATES TRACE AMOUNT.




$$
