000
CDUS44 KLCH 052245
CLIAEX


CLIMATE REPORT
NATIONAL WEATHER SERVICE LAKE CHARLES, LA
445 PM CST FRI FEB 5 2016


...................................

...THE ALEXANDRIA CLIMATE SUMMARY FOR FEBRUARY 5 2016...
VALID TODAY AS OF 0400 PM LOCAL TIME.

CLIMATE NORMAL PERIOD 1981 TO 2010
CLIMATE RECORD PERIOD 1892 TO 2016


WEATHER ITEM   OBSERVED TIME   RECORD YEAR NORMAL DEPARTURE LAST
                VALUE   (LST)  VALUE       VALUE  FROM      YEAR
                                                  NORMAL
..................................................................
TEMPERATURE (F)
 TODAY
  MAXIMUM         56    301 PM  84    1957  61     -5       51
  MINIMUM         29    740 AM  16    1996  39    -10       36
  AVERAGE         43                        50     -7       44

PRECIPITATION (IN)
  TODAY            0.00          3.63 1955   0.15  -0.15     0.00
  MONTH TO DATE    0.42                      0.77  -0.35     0.07
  SINCE DEC 1     12.26                     12.11   0.15     6.17
  SINCE JAN 1      4.20                      5.99  -1.79     3.78

SNOWFALL (IN)
  TODAY            0.0           0.0    MM  MM     MM        0.0
  MONTH TO DATE    0.0                      MM     MM        0.0
  SINCE DEC 1      0.0                      MM     MM        0.0
  SINCE JUL 1      0.0                      MM     MM        0.0
  SNOW DEPTH       0

DEGREE DAYS
 HEATING
  TODAY           22                        15      7       21
  MONTH TO DATE   61                        77    -16       95
  SINCE DEC 1    814                      1043   -229     1056
  SINCE JUL 1    965                      1368   -403     1449
..................................................................


WIND (MPH)
  HIGHEST WIND SPEED     9   HIGHEST WIND DIRECTION    SE (130)
  HIGHEST GUST SPEED    13   HIGHEST GUST DIRECTION    SE (150)
  AVERAGE WIND SPEED     2.2


SKY COVER
  POSSIBLE SUNSHINE  MM
  AVERAGE SKY COVER 0.0


WEATHER CONDITIONS
 THE FOLLOWING WEATHER WAS RECORDED TODAY.
  NO SIGNIFICANT WEATHER WAS OBSERVED.


RELATIVE HUMIDITY (PERCENT)
 HIGHEST    92           300 AM
 LOWEST     24           300 PM
 AVERAGE    58

..........................................................


THE ALEXANDRIA CLIMATE NORMALS FOR TOMORROW
                         NORMAL    RECORD    YEAR
 MAXIMUM TEMPERATURE (F)   61        80      1950
                                             1911
 MINIMUM TEMPERATURE (F)   39        19      1996


SUNRISE AND SUNSET
FEBRUARY  5 2016......SUNRISE   700 AM CST   SUNSET   548 PM CST
FEBRUARY  6 2016......SUNRISE   659 AM CST   SUNSET   549 PM CST


-  INDICATES NEGATIVE NUMBERS.
R  INDICATES RECORD WAS SET OR TIED.
MM INDICATES DATA IS MISSING.
T  INDICATES TRACE AMOUNT.




$$
