000
CDUS44 KLCH 250912
CLIAEX


CLIMATE REPORT
NATIONAL WEATHER SERVICE LAKE CHARLES, LA
412 AM CDT WED MAY 25 2016


...................................

...THE ALEXANDRIA CLIMATE SUMMARY FOR MAY 24 2016...

CLIMATE NORMAL PERIOD 1981 TO 2010
CLIMATE RECORD PERIOD 1892 TO 2016


WEATHER ITEM   OBSERVED TIME   RECORD YEAR NORMAL DEPARTURE LAST
                VALUE   (LST)  VALUE       VALUE  FROM      YEAR
                                                  NORMAL
..................................................................
TEMPERATURE (F)
 YESTERDAY
  MAXIMUM         90    344 PM  96    2005  87      3       86
  MINIMUM         67    514 AM  51    1967  66      1       70
                                      1917
                                      1893
  AVERAGE         79                        76      3       78

PRECIPITATION (IN)
  YESTERDAY        0.00          1.94 1922   0.19  -0.19     0.24
  MONTH TO DATE    1.75                      3.62  -1.87     3.87
  SINCE MAR 1     13.95                     13.22   0.73    16.97
  SINCE JAN 1     20.43                     22.90  -2.47    22.07

DEGREE DAYS
 COOLING
  YESTERDAY       14                        11      3       13
  MONTH TO DATE  171                       209    -38      240
  SINCE MAR 1    359                       351      8      436
  SINCE JAN 1    367                       368     -1      437
..................................................................


WIND (MPH)
  HIGHEST WIND SPEED    15   HIGHEST WIND DIRECTION     S (170)
  HIGHEST GUST SPEED    20   HIGHEST GUST DIRECTION     S (190)
  AVERAGE WIND SPEED     7.8


SKY COVER
  POSSIBLE SUNSHINE  MM
  AVERAGE SKY COVER 0.2


WEATHER CONDITIONS
 THE FOLLOWING WEATHER WAS RECORDED YESTERDAY.
  FOG


RELATIVE HUMIDITY (PERCENT)
 HIGHEST   100           300 AM
 LOWEST     50           300 PM
 AVERAGE    75

..........................................................


THE ALEXANDRIA CLIMATE NORMALS FOR TODAY
                         NORMAL    RECORD    YEAR
 MAXIMUM TEMPERATURE (F)   87        96      1898
                                             1896
 MINIMUM TEMPERATURE (F)   66        52      1913


SUNRISE AND SUNSET
MAY 25 2016...........SUNRISE   609 AM CDT   SUNSET   806 PM CDT
MAY 26 2016...........SUNRISE   608 AM CDT   SUNSET   807 PM CDT


-  INDICATES NEGATIVE NUMBERS.
R  INDICATES RECORD WAS SET OR TIED.
MM INDICATES DATA IS MISSING.
T  INDICATES TRACE AMOUNT.




$$
