000
CDUS44 KLCH 060858
CLIAEX


CLIMATE REPORT
NATIONAL WEATHER SERVICE LAKE CHARLES, LA
358 AM CDT MON JUL 6 2015


...................................

...THE ALEXANDRIA CLIMATE SUMMARY FOR JULY 5 2015...

CLIMATE NORMAL PERIOD 1981 TO 2010
CLIMATE RECORD PERIOD 1892 TO 2015


WEATHER ITEM   OBSERVED TIME   RECORD YEAR NORMAL DEPARTURE LAST
                VALUE   (LST)  VALUE       VALUE  FROM      YEAR
                                                  NORMAL
..................................................................
TEMPERATURE (F)
 YESTERDAY
  MAXIMUM         90   1237 PM 101    1969  92     -2       90
                                      1921
  MINIMUM         70   1159 PM  60    1968  72     -2       62
  AVERAGE         80                        82     -2       76

PRECIPITATION (IN)
  YESTERDAY        0.07          2.50 1915   0.15  -0.08     0.00
  MONTH TO DATE    2.08                      0.83   1.25      T
  SINCE JUN 1      6.88                      5.93   0.95     2.88
  SINCE JAN 1     32.13                     29.93   2.20    21.10

DEGREE DAYS
 COOLING
  YESTERDAY       15                        17     -2       11
  MONTH TO DATE   79                        85     -6       77
  SINCE JUN 1    564                       538     26      550
  SINCE JAN 1   1086                       992     94      961
..................................................................


WIND (MPH)
  HIGHEST WIND SPEED    26   HIGHEST WIND DIRECTION     S (190)
  HIGHEST GUST SPEED    36   HIGHEST GUST DIRECTION     S (200)
  AVERAGE WIND SPEED     5.2


SKY COVER
  POSSIBLE SUNSHINE  MM
  AVERAGE SKY COVER 0.2


WEATHER CONDITIONS
 THE FOLLOWING WEATHER WAS RECORDED YESTERDAY.
  THUNDERSTORM
  LIGHT RAIN
  FOG


RELATIVE HUMIDITY (PERCENT)
 HIGHEST   100           200 AM
 LOWEST     68          1100 AM
 AVERAGE    84

..........................................................


THE ALEXANDRIA CLIMATE NORMALS FOR TODAY
                         NORMAL    RECORD    YEAR
 MAXIMUM TEMPERATURE (F)   92       101      1921
 MINIMUM TEMPERATURE (F)   73        62      1972


SUNRISE AND SUNSET
JULY  6 2015..........SUNRISE   612 AM CDT   SUNSET   818 PM CDT
JULY  7 2015..........SUNRISE   612 AM CDT   SUNSET   818 PM CDT


-  INDICATES NEGATIVE NUMBERS.
R  INDICATES RECORD WAS SET OR TIED.
MM INDICATES DATA IS MISSING.
T  INDICATES TRACE AMOUNT.




$$
