000
CDUS44 KLCH 230809
CLIAEX


CLIMATE REPORT
NATIONAL WEATHER SERVICE LAKE CHARLES, LA
308 AM CDT SAT JUL 23 2016


...................................

...THE ALEXANDRIA CLIMATE SUMMARY FOR JULY 22 2016...

CLIMATE NORMAL PERIOD 1981 TO 2010
CLIMATE RECORD PERIOD 1892 TO 2016


WEATHER ITEM   OBSERVED TIME   RECORD YEAR NORMAL DEPARTURE LAST
                VALUE   (LST)  VALUE       VALUE  FROM      YEAR
                                                  NORMAL
..................................................................
TEMPERATURE (F)
 YESTERDAY
  MAXIMUM         99    215 PM 104    1907  92      7       97
  MINIMUM         75    530 AM  64    1915  73      2       77
  AVERAGE         87                        82      5       87

PRECIPITATION (IN)
  YESTERDAY        T             3.28 2009   0.09  -0.09      T
  MONTH TO DATE    0.99                      2.88  -1.89     2.08
  SINCE JUN 1      3.95                      7.98  -4.03     6.88
  SINCE JAN 1     26.30                     31.98  -5.68    32.13

DEGREE DAYS
 COOLING
  YESTERDAY       22                        18      4       22
  MONTH TO DATE  405                       378     27      413
  SINCE JUN 1    887                       831     56      898
  SINCE JAN 1   1354                      1285     69     1420
..................................................................


WIND (MPH)
  HIGHEST WIND SPEED    18   HIGHEST WIND DIRECTION    SE (130)
  HIGHEST GUST SPEED    23   HIGHEST GUST DIRECTION    SE (130)
  AVERAGE WIND SPEED     3.6


SKY COVER
  POSSIBLE SUNSHINE  MM
  AVERAGE SKY COVER 0.1


WEATHER CONDITIONS
 THE FOLLOWING WEATHER WAS RECORDED YESTERDAY.
  THUNDERSTORM
  LIGHT RAIN
  FOG


RELATIVE HUMIDITY (PERCENT)
 HIGHEST   100           500 AM
 LOWEST     45           200 PM
 AVERAGE    73

..........................................................


THE ALEXANDRIA CLIMATE NORMALS FOR TODAY
                         NORMAL    RECORD    YEAR
 MAXIMUM TEMPERATURE (F)   92       105      1924
 MINIMUM TEMPERATURE (F)   73        60      1894


SUNRISE AND SUNSET
JULY 23 2016..........SUNRISE   621 AM CDT   SUNSET   812 PM CDT
JULY 24 2016..........SUNRISE   622 AM CDT   SUNSET   811 PM CDT


-  INDICATES NEGATIVE NUMBERS.
R  INDICATES RECORD WAS SET OR TIED.
MM INDICATES DATA IS MISSING.
T  INDICATES TRACE AMOUNT.




$$
