000
CDUS44 KLCH 230823
CLIAEX


CLIMATE REPORT
NATIONAL WEATHER SERVICE LAKE CHARLES, LA
223 AM CST THU NOV 23 2017


...................................

...THE ALEXANDRIA CLIMATE SUMMARY FOR NOVEMBER 22 2017...

CLIMATE NORMAL PERIOD 1981 TO 2010
CLIMATE RECORD PERIOD 1892 TO 2017


WEATHER ITEM   OBSERVED TIME   RECORD YEAR NORMAL DEPARTURE LAST
                VALUE   (LST)  VALUE       VALUE  FROM      YEAR
                                                  NORMAL
..................................................................
TEMPERATURE (F)
 YESTERDAY
  MAXIMUM         63    222 PM  88    1900  67     -4       77
  MINIMUM         39   1159 PM  25    1898  44     -5       45
  AVERAGE         51                        55     -4       61

PRECIPITATION (IN)
  YESTERDAY        0.00          1.85 1941   0.22  -0.22     0.00
  MONTH TO DATE    1.85                      3.53  -1.68     0.53
  SINCE SEP 1      2.41                     11.61  -9.20     4.22
  SINCE JAN 1     45.64                     47.84  -2.20    44.96

SNOWFALL (IN)
  YESTERDAY        0.0           0.0    MM  MM     MM        0.0
  MONTH TO DATE    0.0                      MM     MM        0.0
  SINCE SEP 1      0.0                      MM     MM        0.0
  SINCE JUL 1      0.0                      MM     MM        0.0
  SNOW DEPTH       0

DEGREE DAYS
 HEATING
  YESTERDAY       14                        10      4        4
  MONTH TO DATE  114                       159    -45       92
  SINCE SEP 1    187                       232    -45      111
  SINCE JUL 1    187                       232    -45      111
..................................................................


WIND (MPH)
  HIGHEST WIND SPEED    16   HIGHEST WIND DIRECTION     N (350)
  HIGHEST GUST SPEED    22   HIGHEST GUST DIRECTION     N (360)
  AVERAGE WIND SPEED     8.3


SKY COVER
  POSSIBLE SUNSHINE  MM
  AVERAGE SKY COVER 0.1


WEATHER CONDITIONS
 THE FOLLOWING WEATHER WAS RECORDED YESTERDAY.
  NO SIGNIFICANT WEATHER WAS OBSERVED.


RELATIVE HUMIDITY (PERCENT)
 HIGHEST   100          1200 AM
 LOWEST     36           200 PM
 AVERAGE    68

..........................................................


THE ALEXANDRIA CLIMATE NORMALS FOR TODAY
                         NORMAL    RECORD    YEAR
 MAXIMUM TEMPERATURE (F)   66        86      1900
 MINIMUM TEMPERATURE (F)   44        28      1975
                                             1898


SUNRISE AND SUNSET
NOVEMBER 23 2017......SUNRISE   645 AM CST   SUNSET   508 PM CST
NOVEMBER 24 2017......SUNRISE   646 AM CST   SUNSET   508 PM CST


-  INDICATES NEGATIVE NUMBERS.
R  INDICATES RECORD WAS SET OR TIED.
MM INDICATES DATA IS MISSING.
T  INDICATES TRACE AMOUNT.




$$
