000
CDUS44 KLCH 012207
CLIAEX


CLIMATE REPORT
NATIONAL WEATHER SERVICE LAKE CHARLES, LA
507 PM CDT SUN MAY 1 2016


...................................

...THE ALEXANDRIA CLIMATE SUMMARY FOR MAY 1 2016...
VALID TODAY AS OF 0500 PM LOCAL TIME.

CLIMATE NORMAL PERIOD 1981 TO 2010
CLIMATE RECORD PERIOD 1892 TO 2016


WEATHER ITEM   OBSERVED TIME   RECORD YEAR NORMAL DEPARTURE LAST
                VALUE   (LST)  VALUE       VALUE  FROM      YEAR
                                                  NORMAL
..................................................................
TEMPERATURE (F)
 TODAY
  MAXIMUM         84   1228 PM  94    1901  82      2       85
  MINIMUM         71    720 AM  42    1925  59     12       54
                                      1908
  AVERAGE         78                        71      7       70

PRECIPITATION (IN)
  TODAY            0.02          5.16 1937   0.13  -0.11      T
  MONTH TO DATE    0.02                      0.13  -0.11      T
  SINCE MAR 1     12.22                      9.73   2.49    13.10
  SINCE JAN 1     18.70                     19.41  -0.71    18.20

SNOWFALL (IN)
  TODAY            0.0           0.0    MM  MM     MM        0.0
  MONTH TO DATE    0.0                      MM     MM        0.0
  SINCE MAR 1      0.0                      MM     MM        0.3
  SINCE JUL 1      0.0                      MM     MM        0.3
  SNOW DEPTH       0

DEGREE DAYS
 HEATING
  TODAY            0                         0      0        0
  MONTH TO DATE    0                         0      0        0
  SINCE MAR 1    125                       282   -157      206
  SINCE JUL 1   1325                      1947   -622     2057

 COOLING
  TODAY           13                         6      7        5
  MONTH TO DATE   13                         6      7        5
  SINCE MAR 1    201                       148     53      201
  SINCE JAN 1    209                       165     44      202
..................................................................


WIND (MPH)
  HIGHEST WIND SPEED    17   HIGHEST WIND DIRECTION    SE (150)
  HIGHEST GUST SPEED    23   HIGHEST GUST DIRECTION    SE (150)
  AVERAGE WIND SPEED     7.2


SKY COVER
  POSSIBLE SUNSHINE  MM
  AVERAGE SKY COVER 0.6


WEATHER CONDITIONS
 THE FOLLOWING WEATHER WAS RECORDED TODAY.
  LIGHT RAIN
  FOG


RELATIVE HUMIDITY (PERCENT)
 HIGHEST    93           100 AM
 LOWEST     55           300 PM
 AVERAGE    74

..........................................................


THE ALEXANDRIA CLIMATE NORMALS FOR TOMORROW
                         NORMAL    RECORD    YEAR
 MAXIMUM TEMPERATURE (F)   82        92      1947
                                             1943
                                             1902
 MINIMUM TEMPERATURE (F)   60        39      1909


SUNRISE AND SUNSET
MAY  1 2016...........SUNRISE   625 AM CDT   SUNSET   750 PM CDT
MAY  2 2016...........SUNRISE   624 AM CDT   SUNSET   751 PM CDT


-  INDICATES NEGATIVE NUMBERS.
R  INDICATES RECORD WAS SET OR TIED.
MM INDICATES DATA IS MISSING.
T  INDICATES TRACE AMOUNT.




$$
