000
CDUS44 KLCH 161005
CLIAEX


CLIMATE REPORT
NATIONAL WEATHER SERVICE LAKE CHARLES, LA
505 AM CDT WED APR 16 2014


...................................

...THE ALEXANDRIA CLIMATE SUMMARY FOR APRIL 15 2014...

CLIMATE NORMAL PERIOD 1981 TO 2010
CLIMATE RECORD PERIOD 1892 TO 2014


WEATHER ITEM   OBSERVED TIME   RECORD YEAR NORMAL DEPARTURE LAST
                VALUE   (LST)  VALUE       VALUE  FROM      YEAR
                                                  NORMAL
..................................................................
TEMPERATURE (F)
 YESTERDAY
  MAXIMUM         61    344 PM  91    1925  78    -17       88
  MINIMUM         39    602 AM  37    2008  54    -15       60
                                      1909
  AVERAGE         50                        66    -16       74

PRECIPITATION (IN)
  YESTERDAY        0.00          6.40 1927   0.12  -0.12     0.00
  MONTH TO DATE    2.89                      2.62   0.27     2.16
  SINCE MAR 1      6.80                      7.67  -0.87     3.55
  SINCE JAN 1     13.18                     17.35  -4.17    20.00

SNOWFALL (IN)
  YESTERDAY        0.0           0.0    MM  MM     MM        0.0
  MONTH TO DATE    0.0                      MM     MM        0.0
  SINCE MAR 1      0.2                      MM     MM        0.0
  SINCE JUL 1      5.0                      MM     MM        0.0
  SNOW DEPTH       0

DEGREE DAYS
 HEATING
  YESTERDAY       15                         2     13        0
  MONTH TO DATE   56                        50      6       61
  SINCE MAR 1    373                       265    108      367
  SINCE JUL 1   2389                      1930    459     1800

 COOLING
  YESTERDAY        0                         3     -3        9
  MONTH TO DATE   37                        41     -4       31
  SINCE MAR 1     50                        77    -27       47
  SINCE JAN 1     61                        94    -33       65
..................................................................


WIND (MPH)
  HIGHEST WIND SPEED    22   HIGHEST WIND DIRECTION     N (20)
  HIGHEST GUST SPEED    35   HIGHEST GUST DIRECTION     N (10)
  AVERAGE WIND SPEED    11.2


SKY COVER
  POSSIBLE SUNSHINE  MM
  AVERAGE SKY COVER 0.2


WEATHER CONDITIONS
 THE FOLLOWING WEATHER WAS RECORDED YESTERDAY.
  NO SIGNIFICANT WEATHER WAS OBSERVED.


RELATIVE HUMIDITY (PERCENT)
 HIGHEST    79           600 AM
 LOWEST     29           300 PM
 AVERAGE    54

..........................................................


THE ALEXANDRIA CLIMATE NORMALS FOR TODAY
                         NORMAL    RECORD    YEAR
 MAXIMUM TEMPERATURE (F)   78        92      1925
                                             1920
 MINIMUM TEMPERATURE (F)   54        38      1961


SUNRISE AND SUNSET
APRIL 16 2014.........SUNRISE   641 AM CDT   SUNSET   739 PM CDT
APRIL 17 2014.........SUNRISE   640 AM CDT   SUNSET   740 PM CDT


-  INDICATES NEGATIVE NUMBERS.
R  INDICATES RECORD WAS SET OR TIED.
MM INDICATES DATA IS MISSING.
T  INDICATES TRACE AMOUNT.




$$
