000
CDUS44 KLCH 302209
CLIAEX


CLIMATE REPORT
NATIONAL WEATHER SERVICE LAKE CHARLES, LA
509 PM CDT WED JUL 30 2014


...................................

...THE ALEXANDRIA CLIMATE SUMMARY FOR JULY 30 2014...
VALID TODAY AS OF 0500 PM LOCAL TIME.

CLIMATE NORMAL PERIOD 1981 TO 2010
CLIMATE RECORD PERIOD 1892 TO 2014


WEATHER ITEM   OBSERVED TIME   RECORD YEAR NORMAL DEPARTURE LAST
                VALUE   (LST)  VALUE       VALUE  FROM      YEAR
                                                  NORMAL
..................................................................
TEMPERATURE (F)
 TODAY
  MAXIMUM         91    314 PM 104    1930  93     -2       95
  MINIMUM         66    602 AM  63    1897  73     -7       70
  AVERAGE         79                        83     -4       83

PRECIPITATION (IN)
  TODAY            0.00          2.00 1913   0.08  -0.08     0.00
  MONTH TO DATE    5.15                      3.55   1.60     3.46
  SINCE JUN 1      8.03                      8.65  -0.62     7.65
  SINCE JAN 1     26.25                     32.65  -6.40    32.91

DEGREE DAYS
 COOLING
  TODAY           14                        18     -4       18
  MONTH TO DATE  483                       522    -39      506
  SINCE JUN 1    956                       975    -19      987
  SINCE JAN 1   1367                      1429    -62     1380
..................................................................


WIND (MPH)
  HIGHEST WIND SPEED     9   HIGHEST WIND DIRECTION     E (90)
  HIGHEST GUST SPEED    13   HIGHEST GUST DIRECTION     E (90)
  AVERAGE WIND SPEED     4.2


SKY COVER
  POSSIBLE SUNSHINE  MM
  AVERAGE SKY COVER 0.0


WEATHER CONDITIONS
 THE FOLLOWING WEATHER WAS RECORDED TODAY.
  NO SIGNIFICANT WEATHER WAS OBSERVED.


RELATIVE HUMIDITY (PERCENT)
 HIGHEST    93           500 AM
 LOWEST     34           200 PM
 AVERAGE    64

..........................................................


THE ALEXANDRIA CLIMATE NORMALS FOR TOMORROW
                         NORMAL    RECORD    YEAR
 MAXIMUM TEMPERATURE (F)   93       103      1998
                                             1930
 MINIMUM TEMPERATURE (F)   73        63      1897


SUNRISE AND SUNSET
JULY 30 2014..........SUNRISE   626 AM CDT   SUNSET   807 PM CDT
JULY 31 2014..........SUNRISE   626 AM CDT   SUNSET   807 PM CDT


-  INDICATES NEGATIVE NUMBERS.
R  INDICATES RECORD WAS SET OR TIED.
MM INDICATES DATA IS MISSING.
T  INDICATES TRACE AMOUNT.




$$
