000
CDUS44 KLCH 252249
CLIAEX


CLIMATE REPORT
NATIONAL WEATHER SERVICE LAKE CHARLES, LA
549 PM CDT MON MAY 25 2015


...................................

...THE ALEXANDRIA CLIMATE SUMMARY FOR MAY 25 2015...
VALID TODAY AS OF 0500 PM LOCAL TIME.

CLIMATE NORMAL PERIOD 1981 TO 2010
CLIMATE RECORD PERIOD 1892 TO 2015


WEATHER ITEM   OBSERVED TIME   RECORD YEAR NORMAL DEPARTURE LAST
                VALUE   (LST)  VALUE       VALUE  FROM      YEAR
                                                  NORMAL
..................................................................
TEMPERATURE (F)
 TODAY
  MAXIMUM         88    120 PM  96    1898  87      1       90
                                      1896
  MINIMUM         69    242 AM  52    1913  66      3       66
  AVERAGE         79                        76      3       78

PRECIPITATION (IN)
  TODAY            0.13          1.97 1971   0.18  -0.05     0.00
  MONTH TO DATE    3.76                      3.80  -0.04     1.34
  SINCE MAR 1     16.86                     13.40   3.46     9.04
  SINCE JAN 1     21.96                     23.08  -1.12    15.42

DEGREE DAYS
 COOLING
  TODAY           14                        12      2       13
  MONTH TO DATE  241                       221     20      204
  SINCE MAR 1    437                       363     74      329
  SINCE JAN 1    438                       380     58      340
..................................................................


WIND (MPH)
  HIGHEST WIND SPEED    32   HIGHEST WIND DIRECTION    SE (120)
  HIGHEST GUST SPEED    45   HIGHEST GUST DIRECTION    SE (120)
  AVERAGE WIND SPEED     7.8


SKY COVER
  POSSIBLE SUNSHINE  MM
  AVERAGE SKY COVER 0.7


WEATHER CONDITIONS
 THE FOLLOWING WEATHER WAS RECORDED TODAY.
  THUNDERSTORM
  LIGHT RAIN
  FOG


RELATIVE HUMIDITY (PERCENT)
 HIGHEST   100          1200 AM
 LOWEST     59           100 PM
 AVERAGE    80

..........................................................


THE ALEXANDRIA CLIMATE NORMALS FOR TOMORROW
                         NORMAL    RECORD    YEAR
 MAXIMUM TEMPERATURE (F)   87        96      1912
                                             1902
 MINIMUM TEMPERATURE (F)   66        49      1979


SUNRISE AND SUNSET
MAY 25 2015...........SUNRISE   609 AM CDT   SUNSET   806 PM CDT
MAY 26 2015...........SUNRISE   609 AM CDT   SUNSET   806 PM CDT


-  INDICATES NEGATIVE NUMBERS.
R  INDICATES RECORD WAS SET OR TIED.
MM INDICATES DATA IS MISSING.
T  INDICATES TRACE AMOUNT.




$$
