000
CDUS44 KLCH 212225
CLIAEX


CLIMATE REPORT
NATIONAL WEATHER SERVICE LAKE CHARLES, LA
425 PM CST TUE FEB 21 2017


...................................

...THE ALEXANDRIA CLIMATE SUMMARY FOR FEBRUARY 21 2017...
VALID TODAY AS OF 0400 PM LOCAL TIME.

CLIMATE NORMAL PERIOD 1981 TO 2010
CLIMATE RECORD PERIOD 1892 TO 2017


WEATHER ITEM   OBSERVED TIME   RECORD YEAR NORMAL DEPARTURE LAST
                VALUE   (LST)  VALUE       VALUE  FROM      YEAR
                                                  NORMAL
..................................................................
TEMPERATURE (F)
 TODAY
  MAXIMUM         72    255 PM  83    1986  65      7       73
  MINIMUM         58    749 AM  28    1978  42     16       62
                                      1964
                                      1901
  AVERAGE         65                        53     12       68

PRECIPITATION (IN)
  TODAY            0.05          3.97 1989   0.17  -0.12     0.15
  MONTH TO DATE    1.78                      3.35  -1.57     2.05
  SINCE DEC 1     16.60                     14.69   1.91    13.89
  SINCE JAN 1      7.55                      8.57  -1.02     5.83

SNOWFALL (IN)
  TODAY            0.0           0.0    MM  MM     MM        0.0
  MONTH TO DATE    0.0                      MM     MM        0.0
  SINCE DEC 1      0.5                      MM     MM        0.0
  SINCE JUL 1      0.5                      MM     MM        0.0
  SNOW DEPTH       0

DEGREE DAYS
 HEATING
  TODAY            0                        12    -12        0
  MONTH TO DATE  115                       296   -181      213
  SINCE DEC 1    780                      1262   -482      966
  SINCE JUL 1    955                      1587   -632     1117
..................................................................


WIND (MPH)
  HIGHEST WIND SPEED    15   HIGHEST WIND DIRECTION     W (260)
  HIGHEST GUST SPEED    18   HIGHEST GUST DIRECTION     W (250)
  AVERAGE WIND SPEED     5.5


SKY COVER
  POSSIBLE SUNSHINE  MM
  AVERAGE SKY COVER 0.7


WEATHER CONDITIONS
 THE FOLLOWING WEATHER WAS RECORDED TODAY.
  HEAVY RAIN
  RAIN
  LIGHT RAIN
  FOG


RELATIVE HUMIDITY (PERCENT)
 HIGHEST   100           700 AM
 LOWEST     53           300 PM
 AVERAGE    77

..........................................................


THE ALEXANDRIA CLIMATE NORMALS FOR TOMORROW
                         NORMAL    RECORD    YEAR
 MAXIMUM TEMPERATURE (F)   65        82      1993
                                             1909
 MINIMUM TEMPERATURE (F)   43        21      1978
                                             1968


SUNRISE AND SUNSET
FEBRUARY 21 2017......SUNRISE   645 AM CST   SUNSET   603 PM CST
FEBRUARY 22 2017......SUNRISE   644 AM CST   SUNSET   603 PM CST


-  INDICATES NEGATIVE NUMBERS.
R  INDICATES RECORD WAS SET OR TIED.
MM INDICATES DATA IS MISSING.
T  INDICATES TRACE AMOUNT.




$$
