000
CDUS42 KCAE 202225
CLIAGS


CLIMATE REPORT
NATIONAL WEATHER SERVICE COLUMBIA SC
523 PM EST TUE FEB 20 2018


...................................

...THE AUGUSTA BUSH FIELD GA CLIMATE SUMMARY FOR FEBRUARY 20 2018...
VALID TODAY AS OF 0500 PM LOCAL TIME.

CLIMATE NORMAL PERIOD 1981 TO 2010
CLIMATE RECORD PERIOD 1873 TO 2018


WEATHER ITEM   OBSERVED TIME   RECORD YEAR NORMAL DEPARTURE LAST
                VALUE   (LST)  VALUE       VALUE  FROM      YEAR
                                                  NORMAL
..................................................................
TEMPERATURE (F)
 TODAY
  MAXIMUM         83R   250 PM  82    2014  63     20       78
                                      1991
  MINIMUM         54    239 AM  13    2015  37     17       42
  AVERAGE         69                        50     19       60

PRECIPITATION (IN)
  TODAY            0.00          1.25 1953   0.15  -0.15     0.00
  MONTH TO DATE    1.45                      2.75  -1.30     1.90
  SINCE DEC 1      7.65                     10.05  -2.40    16.44
  SINCE JAN 1      3.54                      6.66  -3.12    12.03

SNOWFALL (IN)
  TODAY            0.0          MM      MM   0.0             0.0
  MONTH TO DATE    0.0                       0.3             0.0
  SINCE DEC 1      T                         0.8              T
  SINCE JUL 1      T                         0.8              T

DEGREE DAYS
 HEATING
  TODAY            0                        15    -15        5
  MONTH TO DATE  158                       335   -177      170
  SINCE DEC 1   1301                      1498   -197      836
  SINCE JUL 1   1666                      1920   -254     1107

 COOLING
  TODAY            4                         0      4        0
  MONTH TO DATE   20                         0     20        6
  SINCE DEC 1     22                         4     18       27
  SINCE JAN 1     22                         1     21       20
..................................................................


WIND (MPH)
  HIGHEST WIND SPEED    15   HIGHEST WIND DIRECTION     S (170)
  HIGHEST GUST SPEED    18   HIGHEST GUST DIRECTION    SE (150)
  AVERAGE WIND SPEED     3.5


SKY COVER
  AVERAGE SKY COVER 0.9


WEATHER CONDITIONS
 THE FOLLOWING WEATHER WAS RECORDED TODAY.
  FOG
  FOG W/VISIBILITY <= 1/4 MILE


RELATIVE HUMIDITY (PERCENT)
 HIGHEST   100          1200 AM
 LOWEST     43           300 PM
 AVERAGE    72

..........................................................


THE AUGUSTA BUSH FIELD GA CLIMATE NORMALS FOR TOMORROW
                         NORMAL    RECORD    YEAR
 MAXIMUM TEMPERATURE (F)   64        80      2011
                                             1997
 MINIMUM TEMPERATURE (F)   37        15      1896


SUNRISE AND SUNSET
FEBRUARY 20 2018......SUNRISE   706 AM EST   SUNSET   617 PM EST
FEBRUARY 21 2018......SUNRISE   705 AM EST   SUNSET   618 PM EST


-  INDICATES NEGATIVE NUMBERS.
R  INDICATES RECORD WAS SET OR TIED.
MM INDICATES DATA IS MISSING.
T  INDICATES TRACE AMOUNT.




$$
