051
CDUS42 KCAE 280535
CLIAGS


CLIMATE REPORT
NATIONAL WEATHER SERVICE COLUMBIA SC
134 AM EDT FRI APR 28 2017


...................................

...THE AUGUSTA REGIONAL BUSH FIELD GA CLIMATE SUMMARY FOR APRIL 27 2017...

CLIMATE NORMAL PERIOD 1981 TO 2010
CLIMATE RECORD PERIOD 1873 TO 2017


WEATHER ITEM   OBSERVED TIME   RECORD YEAR NORMAL DEPARTURE LAST
                VALUE   (LST)  VALUE       VALUE  FROM      YEAR
                                                  NORMAL
..................................................................
TEMPERATURE (F)
 YESTERDAY
  MAXIMUM         83    223 PM  96    1986  80      3       88
  MINIMUM         56    545 AM  38    2000  51      5       60
                                      1977
                                      1972
  AVERAGE         70                        66      4       74

PRECIPITATION (IN)
  YESTERDAY        T             2.71 1961   0.08  -0.08      T
  MONTH TO DATE    2.58                      2.59  -0.01     4.41
  SINCE MAR 1      4.35                      6.77  -2.42     7.59
  SINCE JAN 1     16.59                     14.60   1.99    13.01

SNOWFALL (IN)
  YESTERDAY        0.0          MM      MM   0.0             0.0
  MONTH TO DATE    0.0                       0.0             0.0
  SINCE MAR 1      0.0                       0.0             0.0
  SINCE JUL 1      T                         0.9             0.5

DEGREE DAYS
 HEATING
  YESTERDAY        0                         2     -2        0
  MONTH TO DATE   31                       117    -86       93
  SINCE MAR 1    269                       413   -144      266
  SINCE JUL 1   1404                      2445  -1041     1843

 COOLING
  YESTERDAY        5                         3      2        9
  MONTH TO DATE  124                        45     79       33
  SINCE MAR 1    177                        60    117       84
  SINCE JAN 1    207                        63    144       87
..................................................................


WIND (MPH)
  HIGHEST WIND SPEED    16   HIGHEST WIND DIRECTION     S (180)
  HIGHEST GUST SPEED    22   HIGHEST GUST DIRECTION     S (180)
  AVERAGE WIND SPEED     4.6


SKY COVER
  AVERAGE SKY COVER 0.6


WEATHER CONDITIONS
 THE FOLLOWING WEATHER WAS RECORDED YESTERDAY.
  THUNDERSTORM
  LIGHT RAIN
  FOG
  HAZE


RELATIVE HUMIDITY (PERCENT)
 HIGHEST   100           400 AM
 LOWEST     58           100 PM
 AVERAGE    79

..........................................................


THE AUGUSTA REGIONAL BUSH FIELD GA CLIMATE NORMALS FOR TODAY
                         NORMAL    RECORD    YEAR
 MAXIMUM TEMPERATURE (F)   80        91      2012
                                             1986
                                             1985
 MINIMUM TEMPERATURE (F)   51        37      2005


SUNRISE AND SUNSET
APRIL 28 2017.........SUNRISE   643 AM EDT   SUNSET   809 PM EDT
APRIL 29 2017.........SUNRISE   642 AM EDT   SUNSET   809 PM EDT


-  INDICATES NEGATIVE NUMBERS.
R  INDICATES RECORD WAS SET OR TIED.
MM INDICATES DATA IS MISSING.
T  INDICATES TRACE AMOUNT.




$$
