000
CDUS42 KCAE 290543
CLIAGS


CLIMATE REPORT
NATIONAL WEATHER SERVICE COLUMBIA SC
1243 AM EST THU JAN 29 2015


...................................

...THE AUGUSTA REGIONAL BUSH FIELD GA CLIMATE SUMMARY FOR JANUARY 28 2015...

CLIMATE NORMAL PERIOD 1981 TO 2010
CLIMATE RECORD PERIOD 1873 TO 2015


WEATHER ITEM   OBSERVED TIME   RECORD YEAR NORMAL DEPARTURE LAST
                VALUE   (LST)  VALUE       VALUE  FROM      YEAR
                                                  NORMAL
..................................................................
TEMPERATURE (F)
 YESTERDAY
  MAXIMUM         53    453 PM  80    1944  59     -6       47
  MINIMUM         22    729 AM  10    1986  33    -11       27
  AVERAGE         38                        46     -8       37

PRECIPITATION (IN)
  YESTERDAY        0.00          1.59 1962   0.13  -0.13     0.24
  MONTH TO DATE    2.10                      3.52  -1.42     2.47
  SINCE DEC 1      6.31                      6.91  -0.60     9.37
  SINCE JAN 1      2.10                      3.52  -1.42     2.47

SNOWFALL (IN)
  YESTERDAY        0.0          MM      MM   0.1             1.8
  MONTH TO DATE    0.0                       0.4             1.8
  SINCE DEC 1      0.0                       0.5             1.8
  SINCE JUL 1      0.0                       0.5             1.8

DEGREE DAYS
 HEATING
  YESTERDAY       27                        19      8       28
  MONTH TO DATE  576                       553     23      679
  SINCE DEC 1   1037                      1106    -69     1137
  SINCE JUL 1   1601                      1528     73     1596

 COOLING
  YESTERDAY        0                         0      0        0
  MONTH TO DATE    0                         0      0        0
  SINCE DEC 1      0                         3     -3       11
  SINCE JAN 1      0                         0      0        0
..................................................................


WIND (MPH)
  HIGHEST WIND SPEED    15   HIGHEST WIND DIRECTION    NE (40)
  HIGHEST GUST SPEED    18   HIGHEST GUST DIRECTION    NE (40)
  AVERAGE WIND SPEED     2.9


SKY COVER
  AVERAGE SKY COVER 0.0


WEATHER CONDITIONS
 THE FOLLOWING WEATHER WAS RECORDED YESTERDAY.
  FOG


RELATIVE HUMIDITY (PERCENT)
 HIGHEST    96           700 AM
 LOWEST     19           200 PM
 AVERAGE    58

..........................................................


THE AUGUSTA REGIONAL BUSH FIELD GA CLIMATE NORMALS FOR TODAY
                         NORMAL    RECORD    YEAR
 MAXIMUM TEMPERATURE (F)   59        80      2013
                                             2002
                                             1957
 MINIMUM TEMPERATURE (F)   33        14      1897


SUNRISE AND SUNSET
JANUARY 29 2015.......SUNRISE   726 AM EST   SUNSET   556 PM EST
JANUARY 30 2015.......SUNRISE   725 AM EST   SUNSET   557 PM EST


-  INDICATES NEGATIVE NUMBERS.
R  INDICATES RECORD WAS SET OR TIED.
MM INDICATES DATA IS MISSING.
T  INDICATES TRACE AMOUNT.




$$
