000
CDUS42 KCAE 162218
CLIAGS


CLIMATE REPORT
NATIONAL WEATHER SERVICE COLUMBIA SC
517 PM EST MON JAN 16 2017


...................................

...THE AUGUSTA BUSH FIELD GA CLIMATE SUMMARY FOR JANUARY 16 2017...
VALID TODAY AS OF 0500 PM LOCAL TIME.

CLIMATE NORMAL PERIOD 1981 TO 2010
CLIMATE RECORD PERIOD 1873 TO 2017


WEATHER ITEM   OBSERVED TIME   RECORD YEAR NORMAL DEPARTURE LAST
                VALUE   (LST)  VALUE       VALUE  FROM      YEAR
                                                  NORMAL
..................................................................
TEMPERATURE (F)
 TODAY
  MAXIMUM         76    239 PM  80    2013  58     18       64
  MINIMUM         46    604 AM  12    1893  33     13       42
  AVERAGE         61                        45     16       53

PRECIPITATION (IN)
  TODAY            0.00          2.93 1925   0.13  -0.13     0.00
  MONTH TO DATE    6.43                      1.98   4.45     0.84
  SINCE DEC 1     10.84                      5.37   5.47     7.76
  SINCE JAN 1      6.43                      1.98   4.45     0.84

SNOWFALL (IN)
  TODAY            0.0          MM      MM   0.1             0.0
  MONTH TO DATE    T                         0.3             0.0
  SINCE DEC 1      T                         0.4             0.0
  SINCE JUL 1      T                         0.4             0.0

DEGREE DAYS
 HEATING
  TODAY            4                        20    -16       12
  MONTH TO DATE  181                       320   -139      309
  SINCE DEC 1    547                       873   -326      526
  SINCE JUL 1    818                      1295   -477      813

 COOLING
  TODAY            0                         0      0        0
  MONTH TO DATE    3                         0      3        0
  SINCE DEC 1     10                         3      7       47
  SINCE JAN 1      3                         0      3        0
..................................................................


WIND (MPH)
  HIGHEST WIND SPEED    14   HIGHEST WIND DIRECTION     E (80)
  HIGHEST GUST SPEED    17   HIGHEST GUST DIRECTION     E (80)
  AVERAGE WIND SPEED     3.5


SKY COVER
  AVERAGE SKY COVER 0.5


WEATHER CONDITIONS
 THE FOLLOWING WEATHER WAS RECORDED TODAY.
  FOG
  FOG W/VISIBILITY <= 1/4 MILE


RELATIVE HUMIDITY (PERCENT)
 HIGHEST    93           100 AM
 LOWEST     50           100 PM
 AVERAGE    72

..........................................................


THE AUGUSTA BUSH FIELD GA CLIMATE NORMALS FOR TOMORROW
                         NORMAL    RECORD    YEAR
 MAXIMUM TEMPERATURE (F)   58        80      1943
 MINIMUM TEMPERATURE (F)   33        11      1977


SUNRISE AND SUNSET
JANUARY 16 2017.......SUNRISE   731 AM EST   SUNSET   544 PM EST
JANUARY 17 2017.......SUNRISE   731 AM EST   SUNSET   545 PM EST


-  INDICATES NEGATIVE NUMBERS.
R  INDICATES RECORD WAS SET OR TIED.
MM INDICATES DATA IS MISSING.
T  INDICATES TRACE AMOUNT.




$$
