000
CDUS42 KCAE 210533
CLIAGS


CLIMATE REPORT
NATIONAL WEATHER SERVICE COLUMBIA SC
133 AM EDT SAT OCT 21 2017


...................................

...THE AUGUSTA REGIONAL BUSH FIELD GA CLIMATE SUMMARY FOR OCTOBER 20 2017...

CLIMATE NORMAL PERIOD 1981 TO 2010
CLIMATE RECORD PERIOD 1873 TO 2017


WEATHER ITEM   OBSERVED TIME   RECORD YEAR NORMAL DEPARTURE LAST
                VALUE   (LST)  VALUE       VALUE  FROM      YEAR
                                                  NORMAL
..................................................................
TEMPERATURE (F)
 YESTERDAY
  MAXIMUM         84    241 PM  89    1984  76      8       88
  MINIMUM         43    657 AM  30    1981  49     -6       59
  AVERAGE         64                        63      1       74

PRECIPITATION (IN)
  YESTERDAY        0.00          2.33 1970   0.11  -0.11     0.00
  MONTH TO DATE    0.63                      2.30  -1.67     2.09
  SINCE SEP 1      4.91                      5.52  -0.61     6.67
  SINCE JAN 1     39.29                     36.39   2.90    33.24

SNOWFALL (IN)
  YESTERDAY        0.0          MM      MM   0.0             0.0
  MONTH TO DATE    0.0                       0.0             0.0
  SINCE SEP 1      0.0                       0.0             0.0
  SINCE JUL 1      0.0                       0.0             0.0

DEGREE DAYS
 HEATING
  YESTERDAY        1                         4     -3        0
  MONTH TO DATE   16                        48    -32        8
  SINCE SEP 1     16                        55    -39        8
  SINCE JUL 1     16                        55    -39        8

 COOLING
  YESTERDAY        0                         2     -2        9
  MONTH TO DATE  179                        71    108      106
  SINCE SEP 1    538                       367    171      490
  SINCE JAN 1   2666                      2055    611     2461
..................................................................


WIND (MPH)
  HIGHEST WIND SPEED     8   HIGHEST WIND DIRECTION     N (10)
  HIGHEST GUST SPEED    11   HIGHEST GUST DIRECTION     N (10)
  AVERAGE WIND SPEED     1.7


SKY COVER
  AVERAGE SKY COVER 0.0


WEATHER CONDITIONS
 THE FOLLOWING WEATHER WAS RECORDED YESTERDAY.
  FOG


RELATIVE HUMIDITY (PERCENT)
 HIGHEST   100           700 AM
 LOWEST     22           300 PM
 AVERAGE    61

..........................................................


THE AUGUSTA REGIONAL BUSH FIELD GA CLIMATE NORMALS FOR TODAY
                         NORMAL    RECORD    YEAR
 MAXIMUM TEMPERATURE (F)   76        91      1984
                                             1943
 MINIMUM TEMPERATURE (F)   49        32      1974


SUNRISE AND SUNSET
OCTOBER 21 2017.......SUNRISE   737 AM EDT   SUNSET   647 PM EDT
OCTOBER 22 2017.......SUNRISE   738 AM EDT   SUNSET   646 PM EDT


-  INDICATES NEGATIVE NUMBERS.
R  INDICATES RECORD WAS SET OR TIED.
MM INDICATES DATA IS MISSING.
T  INDICATES TRACE AMOUNT.




$$
