000
CDUS42 KFFC 290823
CLIAHN


CLIMATE REPORT
NATIONAL WEATHER SERVICE PEACHTREE CITY GA
423 AM EDT TUE JUL 29 2014


...................................

...THE ATHENS CLIMATE SUMMARY FOR JULY 28 2014...

CLIMATE NORMAL PERIOD 1981 TO 2010
CLIMATE RECORD PERIOD 1898 TO 2014


WEATHER ITEM   OBSERVED TIME   RECORD YEAR NORMAL DEPARTURE LAST
                VALUE   (LST)  VALUE       VALUE  FROM      YEAR
                                                  NORMAL
..................................................................
TEMPERATURE (F)
 YESTERDAY
  MAXIMUM         92    317 PM 103    1952  91      1       88
  MINIMUM         71   1159 PM  59    1911  70      1       67
  AVERAGE         82                        81      1       78

PRECIPITATION (IN)
  YESTERDAY        0.00          3.85 1926   0.14  -0.14     0.34
  MONTH TO DATE    4.20                      4.05   0.15     9.14
  SINCE JUN 1      7.94                      8.23  -0.29    17.35
  SINCE JAN 1     27.58                     27.34   0.24    40.43

DEGREE DAYS
 COOLING
  YESTERDAY       17                        16      1       13
  MONTH TO DATE  421                       441    -20      369
  SINCE JUN 1    839                       819     20      736
  SINCE JAN 1   1109                      1059     50      915
..................................................................


WIND (MPH)
  RESULTANT WIND SPEED   6   RESULTANT WIND DIRECTION  NW (300)
  HIGHEST WIND SPEED    17   HIGHEST WIND DIRECTION     W (290)
  HIGHEST GUST SPEED    25   HIGHEST GUST DIRECTION    NW (310)
  AVERAGE WIND SPEED     7.5


SKY COVER
  POSSIBLE SUNSHINE  MM
  AVERAGE SKY COVER 0.1


WEATHER CONDITIONS
 THE FOLLOWING WEATHER WAS RECORDED YESTERDAY.
  HAZE


RELATIVE HUMIDITY (PERCENT)
 HIGHEST    79           100 AM
 LOWEST     36           200 PM
 AVERAGE    58

..........................................................


THE ATHENS CLIMATE NORMALS FOR TODAY
                         NORMAL    RECORD    YEAR
 MAXIMUM TEMPERATURE (F)   91       103      1952
 MINIMUM TEMPERATURE (F)   70        60      1911


SUNRISE AND SUNSET
JULY 29 2014..........SUNRISE   643 AM EDT   SUNSET   836 PM EDT
JULY 30 2014..........SUNRISE   643 AM EDT   SUNSET   836 PM EDT


-  INDICATES NEGATIVE NUMBERS.
R  INDICATES RECORD WAS SET OR TIED.
MM INDICATES DATA IS MISSING.
T  INDICATES TRACE AMOUNT.




$$
