000
CDUS42 KFFC 240819
CLIAHN


CLIMATE REPORT
NATIONAL WEATHER SERVICE PEACHTREE CITY GA
419 AM EDT FRI OCT 24 2014


...................................

...THE ATHENS CLIMATE SUMMARY FOR OCTOBER 23 2014...

CLIMATE NORMAL PERIOD 1981 TO 2010
CLIMATE RECORD PERIOD 1898 TO 2014


WEATHER ITEM   OBSERVED TIME   RECORD YEAR NORMAL DEPARTURE LAST
                VALUE   (LST)  VALUE       VALUE  FROM      YEAR
                                                  NORMAL
..................................................................
TEMPERATURE (F)
 YESTERDAY
  MAXIMUM         72    409 PM  88    1927  72      0       63
  MINIMUM         39    720 AM  31    1987  49    -10       42
  AVERAGE         56                        61     -5       53

PRECIPITATION (IN)
  YESTERDAY        0.00          3.12 1890   0.10  -0.10     0.00
  MONTH TO DATE    3.41                      2.74   0.67     1.25
  SINCE SEP 1      8.23                      6.68   1.55     3.67
  SINCE JAN 1     37.72                     37.97  -0.25    49.83

SNOWFALL (IN)
  YESTERDAY        0.0           0.0  2002   0.0    0.0      0.0
                                      2001
                                      2000
  MONTH TO DATE    0.0                       0.0    0.0      0.0
  SINCE SEP 1      0.0                       0.0    0.0      0.0
  SINCE JUL 1      0.0                       0.0    0.0      0.0
  SNOW DEPTH       0

DEGREE DAYS
 HEATING
  YESTERDAY        9                         5      4       12
  MONTH TO DATE   72                        74     -2       39
  SINCE SEP 1     74                        84    -10       41
  SINCE JUL 1     74                        84    -10       44

 COOLING
  YESTERDAY        0                         1     -1        0
  MONTH TO DATE   79                        54     25       61
  SINCE SEP 1    389                       314     75      316
  SINCE JAN 1   1974                      1869    105     1643
..................................................................


WIND (MPH)
  RESULTANT WIND SPEED   0   RESULTANT WIND DIRECTION   N (360)
  HIGHEST WIND SPEED     7   HIGHEST WIND DIRECTION    NW (330)
  HIGHEST GUST SPEED    12   HIGHEST GUST DIRECTION     S (180)
  AVERAGE WIND SPEED     1.3


SKY COVER
  POSSIBLE SUNSHINE  MM
  AVERAGE SKY COVER 0.0


WEATHER CONDITIONS
 THE FOLLOWING WEATHER WAS RECORDED YESTERDAY.
  NO SIGNIFICANT WEATHER WAS OBSERVED.


RELATIVE HUMIDITY (PERCENT)
 HIGHEST    93           300 AM
 LOWEST     29           400 PM
 AVERAGE    61

..........................................................


THE ATHENS CLIMATE NORMALS FOR TODAY
                         NORMAL    RECORD    YEAR
 MAXIMUM TEMPERATURE (F)   72        90      1927
 MINIMUM TEMPERATURE (F)   49        29      1917


SUNRISE AND SUNSET
OCTOBER 24 2014.......SUNRISE   746 AM EDT   SUNSET   649 PM EDT
OCTOBER 25 2014.......SUNRISE   747 AM EDT   SUNSET   648 PM EDT


-  INDICATES NEGATIVE NUMBERS.
R  INDICATES RECORD WAS SET OR TIED.
MM INDICATES DATA IS MISSING.
T  INDICATES TRACE AMOUNT.




$$
