000
CDUS42 KFFC 260819
CLIAHN


CLIMATE REPORT
NATIONAL WEATHER SERVICE PEACHTREE CITY GA
419 AM EDT TUE MAY 26 2015


...................................

...THE ATHENS CLIMATE SUMMARY FOR MAY 25 2015...

CLIMATE NORMAL PERIOD 1981 TO 2010
CLIMATE RECORD PERIOD 1898 TO 2015


WEATHER ITEM   OBSERVED TIME   RECORD YEAR NORMAL DEPARTURE LAST
                VALUE   (LST)  VALUE       VALUE  FROM      YEAR
                                                  NORMAL
..................................................................
TEMPERATURE (F)
 YESTERDAY
  MAXIMUM         86    315 PM 100    1926  84      2       88
  MINIMUM         59    521 AM  46    2013  61     -2       63
                                      1979
  AVERAGE         73                        73      0       76

PRECIPITATION (IN)
  YESTERDAY        0.01          1.49 2000   0.09  -0.08     0.13
  MONTH TO DATE    0.06                      2.41  -2.35     3.23
  SINCE MAR 1     10.86                      9.99   0.87    10.77
  SINCE JAN 1     17.83                     18.52  -0.69    19.41

DEGREE DAYS
 COOLING
  YESTERDAY        8                         8      0       11
  MONTH TO DATE  181                       130     51      153
  SINCE MAR 1    260                       187     73      204
  SINCE JAN 1    260                       188     72      205
..................................................................


WIND (MPH)
  RESULTANT WIND SPEED   4   RESULTANT WIND DIRECTION   E (100)
  HIGHEST WIND SPEED    12   HIGHEST WIND DIRECTION     E (90)
  HIGHEST GUST SPEED    15   HIGHEST GUST DIRECTION     E (80)
  AVERAGE WIND SPEED     4.1


SKY COVER
  POSSIBLE SUNSHINE  MM
  AVERAGE SKY COVER 0.6


WEATHER CONDITIONS
 THE FOLLOWING WEATHER WAS RECORDED YESTERDAY.
  LIGHT RAIN
  FOG


RELATIVE HUMIDITY (PERCENT)
 HIGHEST    97           600 AM
 LOWEST     48           300 PM
 AVERAGE    73

..........................................................


THE ATHENS CLIMATE NORMALS FOR TODAY
                         NORMAL    RECORD    YEAR
 MAXIMUM TEMPERATURE (F)   84        99      1911
 MINIMUM TEMPERATURE (F)   61        41      1979


SUNRISE AND SUNSET
MAY 26 2015...........SUNRISE   626 AM EDT   SUNSET   835 PM EDT
MAY 27 2015...........SUNRISE   625 AM EDT   SUNSET   836 PM EDT


-  INDICATES NEGATIVE NUMBERS.
R  INDICATES RECORD WAS SET OR TIED.
MM INDICATES DATA IS MISSING.
T  INDICATES TRACE AMOUNT.




$$
