000
CDUS42 KFFC 132142
CLIAHN


CLIMATE REPORT
NATIONAL WEATHER SERVICE PEACHTREE CITY GA
442 PM EST WED DEC 13 2017


...................................

...THE ATHENS CLIMATE SUMMARY FOR DECEMBER 13 2017...
VALID TODAY AS OF 0400 PM LOCAL TIME.

CLIMATE NORMAL PERIOD 1981 TO 2010
CLIMATE RECORD PERIOD 1898 TO 2017


WEATHER ITEM   OBSERVED TIME   RECORD YEAR NORMAL DEPARTURE LAST
                VALUE   (LST)  VALUE       VALUE  FROM      YEAR
                                                  NORMAL
..................................................................
TEMPERATURE (F)
 TODAY
  MAXIMUM         50    347 PM  76    2007  56     -6       50
                                      1956
  MINIMUM         27    728 AM   2    1962  35     -8       45
  AVERAGE         39                        46     -7       48

PRECIPITATION (IN)
  TODAY            0.00          1.78 1935   0.12  -0.12     0.09
  MONTH TO DATE    0.95                      1.62  -0.67     1.96
  SINCE DEC 1      0.95                      1.62  -0.67     1.96
  SINCE JAN 1     54.06                     44.22   9.84    36.42

SNOWFALL (IN)
  TODAY            0.0           0.0  2001   0.0    0.0      0.0
  MONTH TO DATE    T                         0.0    0.0      0.0
  SINCE DEC 1      T                         0.0    0.0      0.0
  SINCE JUL 1      T                         0.0    0.0      0.0
  SNOW DEPTH       0

DEGREE DAYS
 HEATING
  TODAY           26                        19      7       17
  MONTH TO DATE  227                       233     -6      256
  SINCE DEC 1    227                       233     -6      256
  SINCE JUL 1    685                       713    -28      542

 COOLING
  TODAY            0                         0      0        0
  MONTH TO DATE    0                         0      0        0
  SINCE DEC 1      0                         0      0        0
  SINCE JAN 1   2019                      1886    133     2444
..................................................................


WIND (MPH)
  HIGHEST WIND SPEED    14   HIGHEST WIND DIRECTION    NW (300)
  HIGHEST GUST SPEED    21   HIGHEST GUST DIRECTION     W (290)
  AVERAGE WIND SPEED     7.2


SKY COVER
  AVERAGE SKY COVER 0.0


WEATHER CONDITIONS
 THE FOLLOWING WEATHER WAS RECORDED TODAY.
  NO SIGNIFICANT WEATHER WAS OBSERVED.


RELATIVE HUMIDITY (PERCENT)
 HIGHEST    50           600 AM
 LOWEST     20           200 PM
 AVERAGE    35

..........................................................


THE ATHENS CLIMATE NORMALS FOR TOMORROW
                         NORMAL    RECORD    YEAR
 MAXIMUM TEMPERATURE (F)   56        76      1984
 MINIMUM TEMPERATURE (F)   35        14      2010


SUNRISE AND SUNSET
DECEMBER 13 2017......SUNRISE   730 AM EST   SUNSET   525 PM EST
DECEMBER 14 2017......SUNRISE   731 AM EST   SUNSET   526 PM EST


-  INDICATES NEGATIVE NUMBERS.
R  INDICATES RECORD WAS SET OR TIED.
MM INDICATES DATA IS MISSING.
T  INDICATES TRACE AMOUNT.




$$
