000
CDUS42 KFFC 300820
CLIAHN


CLIMATE REPORT
NATIONAL WEATHER SERVICE PEACHTREE CITY GA
419 AM EDT SAT AUG 30 2014


...................................

...THE ATHENS CLIMATE SUMMARY FOR AUGUST 29 2014...

CLIMATE NORMAL PERIOD 1981 TO 2010
CLIMATE RECORD PERIOD 1898 TO 2014


WEATHER ITEM   OBSERVED TIME   RECORD YEAR NORMAL DEPARTURE LAST
                VALUE   (LST)  VALUE       VALUE  FROM      YEAR
                                                  NORMAL
..................................................................
TEMPERATURE (F)
 YESTERDAY
  MAXIMUM         97    427 PM 101    1924  89      8       93
  MINIMUM         65    638 AM  53    1927  68     -3       70
  AVERAGE         81                        78      3       82

PRECIPITATION (IN)
  YESTERDAY        0.00          1.20 1964   0.10  -0.10     0.00
  MONTH TO DATE    1.42                      3.33  -1.91     4.52
  SINCE JUN 1      9.38                     11.98  -2.60    21.92
  SINCE JAN 1     29.02                     31.09  -2.07    45.00

DEGREE DAYS
 COOLING
  YESTERDAY       16                        13      3       17
  MONTH TO DATE  415                       425    -10      348
  SINCE JUN 1   1282                      1287     -5     1118
  SINCE JAN 1   1552                      1527     25     1297
..................................................................


WIND (MPH)
  RESULTANT WIND SPEED   1   RESULTANT WIND DIRECTION  SE (130)
  HIGHEST WIND SPEED     8   HIGHEST WIND DIRECTION     S (190)
  HIGHEST GUST SPEED    12   HIGHEST GUST DIRECTION     S (180)
  AVERAGE WIND SPEED     1.2


SKY COVER
  POSSIBLE SUNSHINE  MM
  AVERAGE SKY COVER 0.1


WEATHER CONDITIONS
 THE FOLLOWING WEATHER WAS RECORDED YESTERDAY.
  NO SIGNIFICANT WEATHER WAS OBSERVED.


RELATIVE HUMIDITY (PERCENT)
 HIGHEST    81           300 AM
 LOWEST     18           500 PM
 AVERAGE    50

..........................................................


THE ATHENS CLIMATE NORMALS FOR TODAY
                         NORMAL    RECORD    YEAR
 MAXIMUM TEMPERATURE (F)   88       100      1932
 MINIMUM TEMPERATURE (F)   68        56      1986
                                             1968


SUNRISE AND SUNSET
AUGUST 30 2014........SUNRISE   705 AM EDT   SUNSET   802 PM EDT
AUGUST 31 2014........SUNRISE   706 AM EDT   SUNSET   800 PM EDT


-  INDICATES NEGATIVE NUMBERS.
R  INDICATES RECORD WAS SET OR TIED.
MM INDICATES DATA IS MISSING.
T  INDICATES TRACE AMOUNT.




$$
