000
CDUS42 KFFC 240820
CLIAHN


CLIMATE REPORT
NATIONAL WEATHER SERVICE PEACHTREE CITY GA
420 AM EDT SAT JUN 24 2017


...................................

...THE ATHENS CLIMATE SUMMARY FOR JUNE 23 2017...

CLIMATE NORMAL PERIOD 1981 TO 2010
CLIMATE RECORD PERIOD 1898 TO 2017


WEATHER ITEM   OBSERVED TIME   RECORD YEAR NORMAL DEPARTURE LAST
                VALUE   (LST)  VALUE       VALUE  FROM      YEAR
                                                  NORMAL
..................................................................
TEMPERATURE (F)
 YESTERDAY
  MAXIMUM         90        MM 101    1988  90      0       98
                                      1944
                                      1931
  MINIMUM         72   1200 AM  53    1947  68      4       71
  AVERAGE         81                        79      2       85

PRECIPITATION (IN)
  YESTERDAY        0.01          1.85 1980   0.15  -0.14     0.00
  MONTH TO DATE    5.09                      3.14   1.95     1.66
  SINCE JUN 1      5.09                      3.14   1.95     1.66
  SINCE JAN 1     30.20                     22.25   7.95    16.84

DEGREE DAYS
 COOLING
  YESTERDAY       16                        14      2       20
  MONTH TO DATE  268                       276     -8      349
  SINCE JUN 1    268                       276     -8      349
  SINCE JAN 1    633                       516    117      650
..................................................................


WIND (MPH)
  RESULTANT WIND SPEED   4   RESULTANT WIND DIRECTION   S (180)
  HIGHEST WIND SPEED     9   HIGHEST WIND DIRECTION    SW (210)
  HIGHEST GUST SPEED    20   HIGHEST GUST DIRECTION     E (99)
  AVERAGE WIND SPEED     6.0


SKY COVER
  POSSIBLE SUNSHINE  MM
  AVERAGE SKY COVER 0.3


WEATHER CONDITIONS
 THE FOLLOWING WEATHER WAS RECORDED YESTERDAY.
  LIGHT RAIN
  HAZE


RELATIVE HUMIDITY (PERCENT)
 HIGHEST   100          1200 AM
 LOWEST     59           400 PM
 AVERAGE    80

..........................................................


THE ATHENS CLIMATE NORMALS FOR TODAY
                         NORMAL    RECORD    YEAR
 MAXIMUM TEMPERATURE (F)   90       105      1930
 MINIMUM TEMPERATURE (F)   68        53      1947


SUNRISE AND SUNSET
JUNE 24 2017..........SUNRISE   623 AM EDT   SUNSET   848 PM EDT
JUNE 25 2017..........SUNRISE   624 AM EDT   SUNSET   848 PM EDT


-  INDICATES NEGATIVE NUMBERS.
R  INDICATES RECORD WAS SET OR TIED.
MM INDICATES DATA IS MISSING.
T  INDICATES TRACE AMOUNT.




$$
