000
CDUS42 KFFC 240921
CLIAHN


CLIMATE REPORT
NATIONAL WEATHER SERVICE PEACHTREE CITY GA
421 AM EST FRI FEB 24 2017


...................................

...THE ATHENS CLIMATE SUMMARY FOR FEBRUARY 23 2017...

CLIMATE NORMAL PERIOD 1981 TO 2010
CLIMATE RECORD PERIOD 1898 TO 2017


WEATHER ITEM   OBSERVED TIME   RECORD YEAR NORMAL DEPARTURE LAST
                VALUE   (LST)  VALUE       VALUE  FROM      YEAR
                                                  NORMAL
..................................................................
TEMPERATURE (F)
 YESTERDAY
  MAXIMUM         79R   331 PM  79    2012  60     19       57
                                      1980
  MINIMUM         51    633 AM  18    1939  38     13       49
  AVERAGE         65                        49     16       53

PRECIPITATION (IN)
  YESTERDAY        0.00          1.05 1928   0.17  -0.17     0.84
  MONTH TO DATE    1.15                      3.69  -2.54     4.13
  SINCE DEC 1     10.08                     11.47  -1.39    20.18
  SINCE JAN 1      7.66                      7.74  -0.08     7.81

SNOWFALL (IN)
  YESTERDAY        0.0           0.0  2002   0.0    0.0      0.0
  MONTH TO DATE    0.0                       0.5   -0.5       T
  SINCE DEC 1      0.0                       2.0   -2.0      0.1
  SINCE JUL 1      0.0                       2.0   -2.0      0.1
  SNOW DEPTH       0

DEGREE DAYS
 HEATING
  YESTERDAY        0                        16    -16       12
  MONTH TO DATE  237                       421   -184      413
  SINCE DEC 1   1198                      1698   -500     1398
  SINCE JUL 1   1484                      2178   -694     1758
..................................................................


WIND (MPH)
  RESULTANT WIND SPEED   5   RESULTANT WIND DIRECTION   E (90)
  HIGHEST WIND SPEED    10   HIGHEST WIND DIRECTION     E (100)
  HIGHEST GUST SPEED    15   HIGHEST GUST DIRECTION    SE (120)
  AVERAGE WIND SPEED     5.7


SKY COVER
  POSSIBLE SUNSHINE  MM
  AVERAGE SKY COVER 0.1


WEATHER CONDITIONS
 THE FOLLOWING WEATHER WAS RECORDED YESTERDAY.
  FOG


RELATIVE HUMIDITY (PERCENT)
 HIGHEST   100           500 AM
 LOWEST     32           300 PM
 AVERAGE    66

..........................................................


THE ATHENS CLIMATE NORMALS FOR TODAY
                         NORMAL    RECORD    YEAR
 MAXIMUM TEMPERATURE (F)   60        81      1930
 MINIMUM TEMPERATURE (F)   38        19      1989
                                             1967
                                             1947


SUNRISE AND SUNSET
FEBRUARY 24 2017......SUNRISE   708 AM EST   SUNSET   626 PM EST
FEBRUARY 25 2017......SUNRISE   706 AM EST   SUNSET   627 PM EST


-  INDICATES NEGATIVE NUMBERS.
R  INDICATES RECORD WAS SET OR TIED.
MM INDICATES DATA IS MISSING.
T  INDICATES TRACE AMOUNT.




$$
