000
CDUS45 KCYS 240728
CLIAIA


CLIMATE REPORT
NATIONAL WEATHER SERVICE CHEYENNE WY
1227 AM MST MON NOV 24 2014


...................................

...THE ALLIANCE NE AIRPORT CLIMATE SUMMARY FOR NOVEMBER 23 2014...

CLIMATE NORMAL PERIOD 1981 TO 2010
CLIMATE RECORD PERIOD 1896 TO 2014


WEATHER ITEM   OBSERVED TIME   RECORD YEAR NORMAL DEPARTURE LAST
                VALUE   (LST)  VALUE       VALUE  FROM      YEAR
                                                  NORMAL
..................................................................
TEMPERATURE (F)
 YESTERDAY
  MAXIMUM         43    136 PM  70    1915  45     -2       31
                                      1904
  MINIMUM         23   1128 PM -11    1941  14      9       -1
  AVERAGE         33                        30      3       15

PRECIPITATION (IN)
  YESTERDAY        0.00          0.11 1971   0.01  -0.01     0.00
  MONTH TO DATE    0.34                      0.35  -0.01     0.73
  SINCE JAN 1     18.09                     15.24   2.85    13.93

DEGREE DAYS
 HEATING
  YESTERDAY       32                        35     -3       50
  MONTH TO DATE  808                       697    111      701
  SINCE SEP 1   1438                      1502    -64     1479
  SINCE JUL 1   1475                      1539    -64     1487

 COOLING
  YESTERDAY        0                         0      0        0
  MONTH TO DATE    0                         0      0        0
  SINCE SEP 1     37                        41     -4      136
  SINCE JAN 1    499                       564    -65      795
..................................................................


WIND (MPH)
  HIGHEST WIND SPEED    38   HIGHEST WIND DIRECTION     N (340)
  HIGHEST GUST SPEED    49   HIGHEST GUST DIRECTION    NW (320)
  AVERAGE WIND SPEED    21.2


SKY COVER
  AVERAGE SKY COVER 0.3


WEATHER CONDITIONS
 THE FOLLOWING WEATHER WAS RECORDED YESTERDAY.
  NO SIGNIFICANT WEATHER WAS OBSERVED.


RELATIVE HUMIDITY (PERCENT)
 HIGHEST    75          1000 PM
 LOWEST     29           100 PM
 AVERAGE    52

..........................................................


THE ALLIANCE NE AIRPORT CLIMATE NORMALS FOR TODAY
                         NORMAL    RECORD    YEAR
 MAXIMUM TEMPERATURE (F)   45        70      2011
                                             1998
 MINIMUM TEMPERATURE (F)   14        -8      1950


SUNRISE AND SUNSET
NOVEMBER 24 2014......SUNRISE   652 AM MST   SUNSET   423 PM MST
NOVEMBER 25 2014......SUNRISE   653 AM MST   SUNSET   423 PM MST


-  INDICATES NEGATIVE NUMBERS.
R  INDICATES RECORD WAS SET OR TIED.
MM INDICATES DATA IS MISSING.
T  INDICATES TRACE AMOUNT.




$$
