000
CDUS45 KCYS 260739
CLIAIA


CLIMATE REPORT
NATIONAL WEATHER SERVICE CHEYENNE WY
1238 AM MST MON JAN 26 2015


...................................

...THE ALLIANCE NE AIRPORT CLIMATE SUMMARY FOR JANUARY 25 2015...

CLIMATE NORMAL PERIOD 1981 TO 2010
CLIMATE RECORD PERIOD 1896 TO 2015


WEATHER ITEM   OBSERVED TIME   RECORD YEAR NORMAL DEPARTURE LAST
                VALUE   (LST)  VALUE       VALUE  FROM      YEAR
                                                  NORMAL
..................................................................
TEMPERATURE (F)
 YESTERDAY
  MAXIMUM         48    337 PM  63    2006  38     10       58
  MINIMUM         29    740 AM -24    1950  11     18       35
  AVERAGE         39                        25     14       47

PRECIPITATION (IN)
  YESTERDAY        0.00          0.30 1902   0.00   0.00     0.00
  MONTH TO DATE    0.02                      0.13  -0.11     0.13
  SINCE JAN 1      0.02                      0.13  -0.11     0.13

DEGREE DAYS
 HEATING
  YESTERDAY       26                        40    -14       18
  MONTH TO DATE 1094                      1022     72      863
  SINCE DEC 1   2353                      2305     48     2222
  SINCE JUL 1   4061                      4104    -43     3952

 COOLING
  YESTERDAY        0                         0      0        0
  MONTH TO DATE    0                         0      0        0
  SINCE DEC 1      0                         0      0        0
  SINCE JAN 1      0                         0      0        0
..................................................................


WIND (MPH)
  HIGHEST WIND SPEED    25   HIGHEST WIND DIRECTION    NW (310)
  HIGHEST GUST SPEED    31   HIGHEST GUST DIRECTION    NW (310)
  AVERAGE WIND SPEED    14.7


SKY COVER
  AVERAGE SKY COVER 0.4


WEATHER CONDITIONS
 THE FOLLOWING WEATHER WAS RECORDED YESTERDAY.
  NO SIGNIFICANT WEATHER WAS OBSERVED.


RELATIVE HUMIDITY (PERCENT)
 HIGHEST    85           700 AM
 LOWEST     60           400 PM
 AVERAGE    73

..........................................................


THE ALLIANCE NE AIRPORT CLIMATE NORMALS FOR TODAY
                         NORMAL    RECORD    YEAR
 MAXIMUM TEMPERATURE (F)   38        65      2002
 MINIMUM TEMPERATURE (F)   11       -25      2009
                                             1950


SUNRISE AND SUNSET
JANUARY 26 2015.......SUNRISE   710 AM MST   SUNSET   458 PM MST
JANUARY 27 2015.......SUNRISE   709 AM MST   SUNSET   459 PM MST


-  INDICATES NEGATIVE NUMBERS.
R  INDICATES RECORD WAS SET OR TIED.
MM INDICATES DATA IS MISSING.
T  INDICATES TRACE AMOUNT.




$$
