000
CDUS45 KCYS 220726
CLIAIA


CLIMATE REPORT
NATIONAL WEATHER SERVICE CHEYENNE WY
126 AM MDT MON SEP 22 2014


...................................

...THE ALLIANCE NE AIRPORT CLIMATE SUMMARY FOR SEPTEMBER 21 2014...

CLIMATE NORMAL PERIOD 1981 TO 2010
CLIMATE RECORD PERIOD 1896 TO 2014


WEATHER ITEM   OBSERVED TIME   RECORD YEAR NORMAL DEPARTURE LAST
                VALUE   (LST)  VALUE       VALUE  FROM      YEAR
                                                  NORMAL
..................................................................
TEMPERATURE (F)
 YESTERDAY
  MAXIMUM         76    217 PM  94    2005  74      2       90
  MINIMUM         39    508 AM  22    1913  40     -1       36
  AVERAGE         58                        57      1       63

PRECIPITATION (IN)
  YESTERDAY        0.00          1.70 1902   0.04  -0.04     0.00
  MONTH TO DATE    0.30                      1.02  -0.72     0.77
  SINCE JAN 1     15.24                     13.43   1.81     9.83

DEGREE DAYS
 HEATING
  YESTERDAY        7                         9     -2        2
  MONTH TO DATE  136                       110     26       44
  SINCE SEP 1    136                       110     26       44
  SINCE JUL 1    173                       147     26       52

 COOLING
  YESTERDAY        0                         1     -1        0
  MONTH TO DATE   29                        37     -8      132
  SINCE SEP 1     29                        37     -8      132
  SINCE JAN 1    491                       560    -69      791
..................................................................


WIND (MPH)
  HIGHEST WIND SPEED    12   HIGHEST WIND DIRECTION     S (160)
  HIGHEST GUST SPEED    16   HIGHEST GUST DIRECTION     S (160)
  AVERAGE WIND SPEED     6.0


SKY COVER
  AVERAGE SKY COVER 0.5


WEATHER CONDITIONS
 THE FOLLOWING WEATHER WAS RECORDED YESTERDAY.
  NO SIGNIFICANT WEATHER WAS OBSERVED.


RELATIVE HUMIDITY (PERCENT)
 HIGHEST    92           100 AM
 LOWEST     27          1200 PM
 AVERAGE    60

..........................................................


THE ALLIANCE NE AIRPORT CLIMATE NORMALS FOR TODAY
                         NORMAL    RECORD    YEAR
 MAXIMUM TEMPERATURE (F)   73        93      1939
 MINIMUM TEMPERATURE (F)   40        26      2011
                                             2002
                                             1995


SUNRISE AND SUNSET
SEPTEMBER 22 2014.....SUNRISE   639 AM MDT   SUNSET   648 PM MDT
SEPTEMBER 23 2014.....SUNRISE   640 AM MDT   SUNSET   647 PM MDT


-  INDICATES NEGATIVE NUMBERS.
R  INDICATES RECORD WAS SET OR TIED.
MM INDICATES DATA IS MISSING.
T  INDICATES TRACE AMOUNT.




$$
