000
CDUS45 KCYS 232139
CLIAIA


CLIMATE REPORT
NATIONAL WEATHER SERVICE CHEYENNE WY
338 PM MDT TUE AUG 23 2016


...................................

...THE ALLIANCE NE AIRPORT CLIMATE SUMMARY FOR AUGUST 23 2016...
VALID AS OF 0300 PM LOCAL TIME.

CLIMATE NORMAL PERIOD 1981 TO 2010
CLIMATE RECORD PERIOD 1896 TO 2016


WEATHER ITEM   OBSERVED TIME   RECORD YEAR NORMAL DEPARTURE LAST
                VALUE   (LST)  VALUE       VALUE  FROM      YEAR
                                                  NORMAL
..................................................................
TEMPERATURE (F)
 TODAY
  MAXIMUM         87    144 PM 103    2006  85      2       75
  MINIMUM         56    533 AM  39    2015  53      3       39
                                      1917
  AVERAGE         72                        69      3       57

PRECIPITATION (IN)
  TODAY            0.00          0.97 1944   0.05  -0.05     0.00
  MONTH TO DATE    1.61                      1.26   0.35     0.83
  SINCE JAN 1     13.74                     11.97   1.77    18.57

DEGREE DAYS
 HEATING
  TODAY            0                         1     -1        8
  MONTH TO DATE   18                        12      6       37
  SINCE JUN 1     44                       117    -73       61
  SINCE JUL 1     21                        24     -3       52

 COOLING
  TODAY            7                         5      2        0
  MONTH TO DATE  136                       157    -21      148
  SINCE JUN 1    543                       479     64      426
  SINCE JAN 1    543                       489     54      426
..................................................................


WIND (MPH)
  HIGHEST WIND SPEED    23   HIGHEST WIND DIRECTION    NW (320)
  HIGHEST GUST SPEED    31   HIGHEST GUST DIRECTION    NW (310)
  AVERAGE WIND SPEED    13.0


SKY COVER
  AVERAGE SKY COVER 0.0


WEATHER CONDITIONS
 THE FOLLOWING WEATHER WAS RECORDED TODAY.
  NO SIGNIFICANT WEATHER WAS OBSERVED.


RELATIVE HUMIDITY (PERCENT)
 HIGHEST    93           400 AM
 LOWEST     16           200 PM
 AVERAGE    55

..........................................................


THE ALLIANCE NE AIRPORT CLIMATE NORMALS FOR TOMORROW
                         NORMAL    RECORD    YEAR
 MAXIMUM TEMPERATURE (F)   85       102      1936
 MINIMUM TEMPERATURE (F)   53        38      1917


SUNRISE AND SUNSET
AUGUST 23 2016........SUNRISE   608 AM MDT   SUNSET   739 PM MDT
AUGUST 24 2016........SUNRISE   609 AM MDT   SUNSET   737 PM MDT


-  INDICATES NEGATIVE NUMBERS.
R  INDICATES RECORD WAS SET OR TIED.
MM INDICATES DATA IS MISSING.
T  INDICATES TRACE AMOUNT.




$$
